{"id":698963,"date":"2025-08-27T14:48:18","date_gmt":"2025-08-27T11:48:18","guid":{"rendered":"https:\/\/roveyayinevi.com.tr\/index.php\/urun\/son-degisikliklerle-okul-oncesi-egitimi-programi-ve-etkinlik-kitabi\/"},"modified":"2026-04-16T02:08:22","modified_gmt":"2026-04-15T23:08:22","slug":"son-degisikliklerle-okul-oncesi-egitimi-programi-ve-etkinlik-kitabi","status":"publish","type":"product","link":"https:\/\/roveyayinevi.com.tr\/index.php\/urun\/son-degisikliklerle-okul-oncesi-egitimi-programi-ve-etkinlik-kitabi\/","title":{"rendered":"Son De\u011fi\u015fikliklerle Okul \u00d6ncesi E\u011fitimi Program\u0131 ve Etkinlik Kitab\u0131"},"content":{"rendered":"<p>Okul \u00d6ncesi E\u011fitimi Program\u0131\u201d 2013 y\u0131l\u0131nda geli\u015ftirme \u00e7al\u0131\u015fmalar\u0131 tamamlanarak 2013-2014 \u00f6\u011fretim y\u0131l\u0131ndan itibaren uygulamaya konulmu\u015ftur. Programla birlikte, \u201cOkul \u00d6ncesi E\u011fitim Etkinlikleri Kitab\u0131\u201d da yay\u0131nlanm\u0131\u015f ve \u00f6\u011fretmenlerin hizmetine sunulmu\u015ftur. Milli E\u011fitim Bakanl\u0131\u011f\u0131, aile bireylerinin \u00f6zellikle de anne babalar\u0131n \u00e7ocuk yeti\u015ftirme becerilerinin geli\u015ftirilmesi ve desteklenmesi amac\u0131yla \u201cOkul \u00d6ncesi E\u011fitim Program\u0131 \u0130le B\u00fct\u00fcnle\u015ftirilmi\u015f Aile Destek E\u011fitim Rehberi\u201d (OBADER), \u00e7ocuklara rehberlik edecek t\u00fcm ilgililerin \u00e7abalar\u0131n\u0131 organize etmek amac\u0131yla da \u201cOkul \u00d6ncesi E\u011fitimde Rehberlik Program\u0131\u201d yay\u0131nlam\u0131\u015ft\u0131r.<\/p>\n","protected":false},"excerpt":{"rendered":"<p>Okul \u00d6ncesi E\u011fitimi Program\u0131\u201d 2013 y\u0131l\u0131nda geli\u015ftirme \u00e7al\u0131\u015fmalar\u0131 tamamlanarak 2013-2014 \u00f6\u011fretim y\u0131l\u0131ndan itibaren uygulamaya konulmu\u015ftur. Programla birlikte, \u201cOkul \u00d6ncesi E\u011fitim Etkinlikleri Kitab\u0131\u201d da yay\u0131nlanm\u0131\u015f ve \u00f6\u011fretmenlerin<span class=\"excerpt-hellip\"> [\u2026]<\/span><\/p>\n","protected":false},"featured_media":0,"template":"","meta":{"_monsterinsights_skip_tracking":false,"_monsterinsights_sitenote_active":false,"_monsterinsights_sitenote_note":"","_monsterinsights_sitenote_category":0},"product_brand":[],"product_cat":[12274,12518],"product_tag":[],"class_list":{"0":"post-698963","1":"product","2":"type-product","3":"status-publish","5":"product_cat-cocuk-ve-genclik-kitaplari","6":"product_cat-okul-oncesi-kitaplar","7":"pa_cilt-ciltsiz","8":"pa_tur-kitap","9":"pa_yayinevi-ani-yayincilik","10":"pa_yazar-nebiha-celik-ozer-dascan","12":"first","13":"instock","14":"sale","15":"shipping-taxable","16":"purchasable","17":"product-type-simple"},"_links":{"self":[{"href":"https:\/\/roveyayinevi.com.tr\/index.php\/wp-json\/wp\/v2\/product\/698963","targetHints":{"allow":["GET"]}}],"collection":[{"href":"https:\/\/roveyayinevi.com.tr\/index.php\/wp-json\/wp\/v2\/product"}],"about":[{"href":"https:\/\/roveyayinevi.com.tr\/index.php\/wp-json\/wp\/v2\/types\/product"}],"wp:attachment":[{"href":"https:\/\/roveyayinevi.com.tr\/index.php\/wp-json\/wp\/v2\/media?parent=698963"}],"wp:term":[{"taxonomy":"product_brand","embeddable":true,"href":"https:\/\/roveyayinevi.com.tr\/index.php\/wp-json\/wp\/v2\/product_brand?post=698963"},{"taxonomy":"product_cat","embeddable":true,"href":"https:\/\/roveyayinevi.com.tr\/index.php\/wp-json\/wp\/v2\/product_cat?post=698963"},{"taxonomy":"product_tag","embeddable":true,"href":"https:\/\/roveyayinevi.com.tr\/index.php\/wp-json\/wp\/v2\/product_tag?post=698963"}],"curies":[{"name":"wp","href":"https:\/\/api.w.org\/{rel}","templated":true}]}}