{"id":698960,"date":"2025-08-27T14:48:17","date_gmt":"2025-08-27T11:48:17","guid":{"rendered":"https:\/\/roveyayinevi.com.tr\/index.php\/urun\/ben-ve-sen\/"},"modified":"2026-04-16T02:08:22","modified_gmt":"2026-04-15T23:08:22","slug":"ben-ve-sen","status":"publish","type":"product","link":"https:\/\/roveyayinevi.com.tr\/index.php\/urun\/ben-ve-sen\/","title":{"rendered":"Ben ve Sen"},"content":{"rendered":"<p>Farkl\u0131 \u00fclkelerden iki \u00e7ocuk ve bir \u00f6yk\u00fc \u00f6devi\u2026\u0130talyan \u00e7ocuk ve gen\u00e7lik edebiyat\u0131n\u0131n sevilen yazar\u0131 Giusi Quarenghi (C\u00fcsi Kuarengi),T\u00fcrk\u00e7e\u2019ye \u00e7evrilen bu ilk kitab\u0131nda, k\u00fct\u00fcphane projesinde yan yana gelen bir \u0130talyan ve bir Fasl\u0131 \u00e7ocu\u011fun birbirini tan\u0131ma ve anlama s\u00fcrecini \u00f6yk\u00fcle\u015ftiriyor. K\u00fct\u00fcphaneye d\u00fczenli gelen \u00f6\u011frencilerle her y\u0131l yeni bir proje ger\u00e7ekle\u015ftiren bir k\u00fct\u00fcphaneci sayesinde tan\u0131\u015fan Beata ve Aziza, kendilerini ke\u015fiflerle dolu bir yolculukta bulurlar. Bamba\u015fka k\u00fclt\u00fcrel yap\u0131larda yeti\u015fmi\u015f iki \u00e7ocuk, farkl\u0131l\u0131klar\u0131n\u0131 ve benzerliklerini g\u00f6rd\u00fck\u00e7e hem \u015fa\u015f\u0131r\u0131r hem de yak\u0131nla\u015f\u0131rlar. Her insan\u0131n bir \u00f6yk\u00fc oldu\u011funu hat\u0131rlatan kitap, \u00e7ocuklar\u0131n \u00f6nyarg\u0131dan uzak kavray\u0131\u015f ve anlay\u0131\u015f g\u00fcc\u00fcn\u00fc y\u00fcceltiyor. Saklanan nesnelerin, biriktirilen ve aktar\u0131lan \u00f6yk\u00fclerin, ger\u00e7ek bir ki\u015fisel tarih yaratmadaki rol\u00fcne de\u011finen kitap, bireysel okumalara oldu\u011fu kadar ortak okumalara da olanak sunuyor.K\u00fct\u00fcphaneci Marina\u2019n\u0131n iyi bir fikri vard\u0131. Neden sadece \u00fcnl\u00fc yeti\u015fkinlerin ya\u015fam\u00f6yk\u00fcs\u00fc yaz\u0131ls\u0131n? Her ya\u015fam de\u011ferli bir \u00f6yk\u00fcd\u00fcr ve kendi \u00f6yk\u00fclerini yazmak \u00e7ocuklar\u0131n da hakk\u0131d\u0131r. O halde, i\u015fe giri\u015fme zaman\u0131d\u0131r. K\u00fct\u00fcphanedeki \u00e7ocuklar, iki\u015ferli gruplara ayr\u0131l\u0131r ve birbirlerinin ya\u015fam\u00f6yk\u00fcs\u00fcn\u00fc ara\u015ft\u0131rmaya ba\u015flarlar. Peki ya Aziza ve Beata gibi \u00e7ok farkl\u0131 \u00fclkelerde b\u00fcy\u00fcm\u00fc\u015f \u00e7ocuklar birbirlerinin \u00f6yk\u00fcs\u00fcne ula\u015fabilecekler midir?.. <\/p>\n","protected":false},"excerpt":{"rendered":"<p>Farkl\u0131 \u00fclkelerden iki \u00e7ocuk ve bir \u00f6yk\u00fc \u00f6devi\u2026\u0130talyan \u00e7ocuk ve gen\u00e7lik edebiyat\u0131n\u0131n sevilen yazar\u0131 Giusi Quarenghi (C\u00fcsi Kuarengi),T\u00fcrk\u00e7e\u2019ye \u00e7evrilen bu ilk kitab\u0131nda, k\u00fct\u00fcphane projesinde yan yana<span class=\"excerpt-hellip\"> [\u2026]<\/span><\/p>\n","protected":false},"featured_media":0,"template":"","meta":{"_monsterinsights_skip_tracking":false,"_monsterinsights_sitenote_active":false,"_monsterinsights_sitenote_note":"","_monsterinsights_sitenote_category":0},"product_brand":[],"product_cat":[12274,12284],"product_tag":[],"class_list":{"0":"post-698960","1":"product","2":"type-product","3":"status-publish","5":"product_cat-cocuk-ve-genclik-kitaplari","6":"product_cat-hikayeler","7":"pa_cilt-ciltsiz","8":"pa_tur-kitap","9":"pa_yayinevi-gunisigi-kitapligi","10":"pa_yazar-giusi-quarenghi","12":"first","13":"instock","14":"sale","15":"shipping-taxable","16":"purchasable","17":"product-type-simple"},"_links":{"self":[{"href":"https:\/\/roveyayinevi.com.tr\/index.php\/wp-json\/wp\/v2\/product\/698960","targetHints":{"allow":["GET"]}}],"collection":[{"href":"https:\/\/roveyayinevi.com.tr\/index.php\/wp-json\/wp\/v2\/product"}],"about":[{"href":"https:\/\/roveyayinevi.com.tr\/index.php\/wp-json\/wp\/v2\/types\/product"}],"wp:attachment":[{"href":"https:\/\/roveyayinevi.com.tr\/index.php\/wp-json\/wp\/v2\/media?parent=698960"}],"wp:term":[{"taxonomy":"product_brand","embeddable":true,"href":"https:\/\/roveyayinevi.com.tr\/index.php\/wp-json\/wp\/v2\/product_brand?post=698960"},{"taxonomy":"product_cat","embeddable":true,"href":"https:\/\/roveyayinevi.com.tr\/index.php\/wp-json\/wp\/v2\/product_cat?post=698960"},{"taxonomy":"product_tag","embeddable":true,"href":"https:\/\/roveyayinevi.com.tr\/index.php\/wp-json\/wp\/v2\/product_tag?post=698960"}],"curies":[{"name":"wp","href":"https:\/\/api.w.org\/{rel}","templated":true}]}}