{"id":698947,"date":"2025-08-27T14:48:13","date_gmt":"2025-08-27T11:48:13","guid":{"rendered":"https:\/\/roveyayinevi.com.tr\/index.php\/urun\/uyku-agaci\/"},"modified":"2026-04-16T02:08:21","modified_gmt":"2026-04-15T23:08:21","slug":"uyku-agaci","status":"publish","type":"product","link":"https:\/\/roveyayinevi.com.tr\/index.php\/urun\/uyku-agaci\/","title":{"rendered":"Uyku A\u011fac\u0131"},"content":{"rendered":"<p>Erken uyumay\u0131 kimse sevmez, tabii uykunun \u00f6nemini bilmiyorsa e\u011fer! Okul\u00f6ncesi \u00e7a\u011f\u0131ndaki \u00e7ocuklar\u0131n pek \u00e7o\u011fu gibi Nil de uyumay\u0131 sevmiyor. G\u00f6zlerini erkenden yummak yerine gece boyunca oyuncaklar\u0131yla oynay\u0131p e\u011flenmeyi tercih ediyor. Uykunun kendisine sa\u011flayaca\u011f\u0131 yararlar\u0131 bilmedi\u011finden, her gece t\u00fcrl\u00fc oyunlar pe\u015finde ko\u015fturarak bir t\u00fcrl\u00fc uykunun yumu\u015fak kollar\u0131na kendini b\u0131rakm\u0131yor. <\/p>\n","protected":false},"excerpt":{"rendered":"<p>Erken uyumay\u0131 kimse sevmez, tabii uykunun \u00f6nemini bilmiyorsa e\u011fer! Okul\u00f6ncesi \u00e7a\u011f\u0131ndaki \u00e7ocuklar\u0131n pek \u00e7o\u011fu gibi Nil de uyumay\u0131 sevmiyor. G\u00f6zlerini erkenden yummak yerine gece boyunca oyuncaklar\u0131yla<span class=\"excerpt-hellip\"> [\u2026]<\/span><\/p>\n","protected":false},"featured_media":0,"template":"","meta":{"_monsterinsights_skip_tracking":false,"_monsterinsights_sitenote_active":false,"_monsterinsights_sitenote_note":"","_monsterinsights_sitenote_category":0},"product_brand":[],"product_cat":[12274,12518],"product_tag":[],"class_list":{"0":"post-698947","1":"product","2":"type-product","3":"status-publish","5":"product_cat-cocuk-ve-genclik-kitaplari","6":"product_cat-okul-oncesi-kitaplar","7":"pa_tur-kitap","8":"pa_yayinevi-ucanbalik-yayincilik","9":"pa_yazar-seza-kutlar-aksoy","11":"first","12":"instock","13":"sale","14":"shipping-taxable","15":"purchasable","16":"product-type-simple"},"_links":{"self":[{"href":"https:\/\/roveyayinevi.com.tr\/index.php\/wp-json\/wp\/v2\/product\/698947","targetHints":{"allow":["GET"]}}],"collection":[{"href":"https:\/\/roveyayinevi.com.tr\/index.php\/wp-json\/wp\/v2\/product"}],"about":[{"href":"https:\/\/roveyayinevi.com.tr\/index.php\/wp-json\/wp\/v2\/types\/product"}],"wp:attachment":[{"href":"https:\/\/roveyayinevi.com.tr\/index.php\/wp-json\/wp\/v2\/media?parent=698947"}],"wp:term":[{"taxonomy":"product_brand","embeddable":true,"href":"https:\/\/roveyayinevi.com.tr\/index.php\/wp-json\/wp\/v2\/product_brand?post=698947"},{"taxonomy":"product_cat","embeddable":true,"href":"https:\/\/roveyayinevi.com.tr\/index.php\/wp-json\/wp\/v2\/product_cat?post=698947"},{"taxonomy":"product_tag","embeddable":true,"href":"https:\/\/roveyayinevi.com.tr\/index.php\/wp-json\/wp\/v2\/product_tag?post=698947"}],"curies":[{"name":"wp","href":"https:\/\/api.w.org\/{rel}","templated":true}]}}