{"id":698946,"date":"2025-08-27T14:48:13","date_gmt":"2025-08-27T11:48:13","guid":{"rendered":"https:\/\/roveyayinevi.com.tr\/index.php\/urun\/insan-ne-ile-yasar-8\/"},"modified":"2026-04-16T02:08:21","modified_gmt":"2026-04-15T23:08:21","slug":"insan-ne-ile-yasar-8","status":"publish","type":"product","link":"https:\/\/roveyayinevi.com.tr\/index.php\/urun\/insan-ne-ile-yasar-8\/","title":{"rendered":"\u0130nsan Ne ile Ya\u015far"},"content":{"rendered":"<p>\u201cErken gelmi\u015f bir bahar g\u00fcn\u00fc, ormanda yaln\u0131zd\u0131m, orman\u0131n seslerini dinliyordum. Son \u00fc\u00e7 y\u0131ld\u0131r s\u00fcregelen \u00e7\u0131rp\u0131nmalar\u0131m\u0131, Tanr\u0131\u2019y\u0131 aray\u0131\u015f\u0131m\u0131, s\u00fcrekli bir bi\u00e7imde sevin\u00e7ten umutsuzlu\u011fa s\u0131\u00e7ray\u0131\u015flar\u0131m\u0131 d\u00fc\u015f\u00fcn\u00fcyordum&#8230; Birden, ancak Tanr\u0131\u2019ya inand\u0131\u011f\u0131m s\u0131ralarda ya\u015fad\u0131\u011f\u0131m\u0131 anlad\u0131m. S\u0131rf onu d\u00fc\u015f\u00fcnmekle bile, ya\u015fam\u0131n sevin\u00e7li dalgalar\u0131 kabar\u0131yordu benli\u011fimde. \u00c7evrede her \u015fey canlan\u0131yor, her \u015fey bir anlam kazan\u0131yordu. Ama Tanr\u0131\u2019ya inanmamaya ba\u015flad\u0131m m\u0131 ya\u015fam duruveriyordu.\u201d \ufffcTan\u0131t\u0131m Metni<\/p>\n","protected":false},"excerpt":{"rendered":"<p>\u201cErken gelmi\u015f bir bahar g\u00fcn\u00fc, ormanda yaln\u0131zd\u0131m, orman\u0131n seslerini dinliyordum. Son \u00fc\u00e7 y\u0131ld\u0131r s\u00fcregelen \u00e7\u0131rp\u0131nmalar\u0131m\u0131, Tanr\u0131\u2019y\u0131 aray\u0131\u015f\u0131m\u0131, s\u00fcrekli bir bi\u00e7imde sevin\u00e7ten umutsuzlu\u011fa s\u0131\u00e7ray\u0131\u015flar\u0131m\u0131 d\u00fc\u015f\u00fcn\u00fcyordum&#8230; Birden, ancak<span class=\"excerpt-hellip\"> [\u2026]<\/span><\/p>\n","protected":false},"featured_media":0,"template":"","meta":{"_monsterinsights_skip_tracking":false,"_monsterinsights_sitenote_active":false,"_monsterinsights_sitenote_note":"","_monsterinsights_sitenote_category":0},"product_brand":[],"product_cat":[12291,13570],"product_tag":[],"class_list":{"0":"post-698946","1":"product","2":"type-product","3":"status-publish","5":"product_cat-edebiyat","6":"product_cat-rus-edebiyati","7":"pa_cilt-ciltsiz","8":"pa_tur-kitap","9":"pa_yayinevi-antik-kitap","10":"pa_yazar-lev-nikolayevic-tolstoy","12":"first","13":"instock","14":"sale","15":"shipping-taxable","16":"purchasable","17":"product-type-simple"},"_links":{"self":[{"href":"https:\/\/roveyayinevi.com.tr\/index.php\/wp-json\/wp\/v2\/product\/698946","targetHints":{"allow":["GET"]}}],"collection":[{"href":"https:\/\/roveyayinevi.com.tr\/index.php\/wp-json\/wp\/v2\/product"}],"about":[{"href":"https:\/\/roveyayinevi.com.tr\/index.php\/wp-json\/wp\/v2\/types\/product"}],"wp:attachment":[{"href":"https:\/\/roveyayinevi.com.tr\/index.php\/wp-json\/wp\/v2\/media?parent=698946"}],"wp:term":[{"taxonomy":"product_brand","embeddable":true,"href":"https:\/\/roveyayinevi.com.tr\/index.php\/wp-json\/wp\/v2\/product_brand?post=698946"},{"taxonomy":"product_cat","embeddable":true,"href":"https:\/\/roveyayinevi.com.tr\/index.php\/wp-json\/wp\/v2\/product_cat?post=698946"},{"taxonomy":"product_tag","embeddable":true,"href":"https:\/\/roveyayinevi.com.tr\/index.php\/wp-json\/wp\/v2\/product_tag?post=698946"}],"curies":[{"name":"wp","href":"https:\/\/api.w.org\/{rel}","templated":true}]}}