{"id":698940,"date":"2025-08-27T14:48:11","date_gmt":"2025-08-27T11:48:11","guid":{"rendered":"https:\/\/roveyayinevi.com.tr\/index.php\/urun\/sinava-hazirlikta-motivasyon\/"},"modified":"2026-04-16T02:08:21","modified_gmt":"2026-04-15T23:08:21","slug":"sinava-hazirlikta-motivasyon","status":"publish","type":"product","link":"https:\/\/roveyayinevi.com.tr\/index.php\/urun\/sinava-hazirlikta-motivasyon\/","title":{"rendered":"S\u0131nava Haz\u0131rl\u0131kta Motivasyon"},"content":{"rendered":"<p>S\u0131navlar, ah \u015fu s\u0131navlar&#8230; \u00d6ss, \u00d6ys; Oks, Sbs, \u00d6sys, Kpss, Tus, Sts, Als, Ales, Dgs, Yds, \u00dcgys, Ydus,Gys,Kdk&#8230; Sanki bu liste sonsuza dek uzuyor&#8230; Tam biri bitti derken, bir di\u011feri ba\u015fl\u0131yor. \u0130lkokula ad\u0131m att\u0131\u011f\u0131n\u0131z andan itibaren, kim bilir ka\u00e7 y\u0131l s\u00fcrecek bir &#8220;S\u0131nav Maratonu&#8221; sizi bekliyor! Alt\u0131 ya\u015fma kadar \u00e7ocuklu\u011funuzu ya\u015fad\u0131n\u0131z, ya\u015fad\u0131n\u0131z&#8230; Sonra tabir-i caizse, yand\u0131n\u0131z:) Bu kitap sizin bir &#8220;S\u0131nav Gazisi!&#8221; olman\u0131z\u0131 engellemek amac\u0131yla yaz\u0131ld\u0131. Art\u0131k smava haz\u0131rlan\u0131rken; korkular\u0131n\u0131z\u0131n ve heyecan\u0131n\u0131z\u0131n pen\u00e7esine d\u00fc\u015fmeyeceksiniz! Oyunu kurallar\u0131na g\u00f6re oynayacak ve bu oyunda en son siz g\u00fcleceksiniz. Bu kitab\u0131 okuduktan sonra; smav salonuna girerken \u00e7antan\u0131z\u0131, tokan\u0131z\u0131, telefonunuzu, i\u00e7ti\u011finiz su \u015fi\u015fesindeki etiketi bile s\u00f6k\u00fcp alacaklar ama motivasyonunuzu ve ba\u015farma azminizi asla! <\/p>\n","protected":false},"excerpt":{"rendered":"<p>S\u0131navlar, ah \u015fu s\u0131navlar&#8230; \u00d6ss, \u00d6ys; Oks, Sbs, \u00d6sys, Kpss, Tus, Sts, Als, Ales, Dgs, Yds, \u00dcgys, Ydus,Gys,Kdk&#8230; Sanki bu liste sonsuza dek uzuyor&#8230; Tam biri<span class=\"excerpt-hellip\"> [\u2026]<\/span><\/p>\n","protected":false},"featured_media":0,"template":"","meta":{"_monsterinsights_skip_tracking":false,"_monsterinsights_sitenote_active":false,"_monsterinsights_sitenote_note":"","_monsterinsights_sitenote_category":0},"product_brand":[],"product_cat":[12364,12376],"product_tag":[],"class_list":{"0":"post-698940","1":"product","2":"type-product","3":"status-publish","5":"product_cat-genel-konular","6":"product_cat-kisisel-gelisim","7":"pa_cilt-ciltsiz","8":"pa_tur-kitap","9":"pa_yayinevi-cay-yayinlari","10":"pa_yazar-gulseren-senyuzlu","12":"first","13":"instock","14":"sale","15":"shipping-taxable","16":"purchasable","17":"product-type-simple"},"_links":{"self":[{"href":"https:\/\/roveyayinevi.com.tr\/index.php\/wp-json\/wp\/v2\/product\/698940","targetHints":{"allow":["GET"]}}],"collection":[{"href":"https:\/\/roveyayinevi.com.tr\/index.php\/wp-json\/wp\/v2\/product"}],"about":[{"href":"https:\/\/roveyayinevi.com.tr\/index.php\/wp-json\/wp\/v2\/types\/product"}],"wp:attachment":[{"href":"https:\/\/roveyayinevi.com.tr\/index.php\/wp-json\/wp\/v2\/media?parent=698940"}],"wp:term":[{"taxonomy":"product_brand","embeddable":true,"href":"https:\/\/roveyayinevi.com.tr\/index.php\/wp-json\/wp\/v2\/product_brand?post=698940"},{"taxonomy":"product_cat","embeddable":true,"href":"https:\/\/roveyayinevi.com.tr\/index.php\/wp-json\/wp\/v2\/product_cat?post=698940"},{"taxonomy":"product_tag","embeddable":true,"href":"https:\/\/roveyayinevi.com.tr\/index.php\/wp-json\/wp\/v2\/product_tag?post=698940"}],"curies":[{"name":"wp","href":"https:\/\/api.w.org\/{rel}","templated":true}]}}