{"id":698921,"date":"2025-08-27T14:48:05","date_gmt":"2025-08-27T11:48:05","guid":{"rendered":"https:\/\/roveyayinevi.com.tr\/index.php\/urun\/dahiler-ve-cilgin-yontemleri\/"},"modified":"2026-04-16T02:08:21","modified_gmt":"2026-04-15T23:08:21","slug":"dahiler-ve-cilgin-yontemleri","status":"publish","type":"product","link":"https:\/\/roveyayinevi.com.tr\/index.php\/urun\/dahiler-ve-cilgin-yontemleri\/","title":{"rendered":"Dahiler ve \u00c7\u0131lg\u0131n Y\u00f6ntemleri"},"content":{"rendered":"<p>D\u00fcnyan\u0131n ilk foto\u011fraf makinesini icat eden \u0130bni Heysem, kartal t\u00fcyl\u00fc kanatlar tak\u0131p g\u00f6klerde s\u00fcz\u00fclen \u0130bni Firnas, K\u0131talararas\u0131 u\u00e7u\u015f yapan Hezarfen, Kendini g\u00f6klere u\u00e7uran Lagari, Yazd\u0131\u011f\u0131 t\u0131p kitab\u0131yla d\u00fcnyay\u0131 sarsan \u0130bni Sina, Gitmese de g\u00f6rmese de m\u00fcthi\u015f haritalar \u00e7izen Piri Reis, Kendisine su ikram edecek robotlar icat eden Cezeri, Sultanlar\u0131n bir t\u00fcrl\u00fc payla\u015famada\u011f\u0131 Ali Ku\u015f\u00e7u, Ak\u0131lalmaz g\u00f6zlemler yapan Biruni ve bilge kral Ulu\u011f Bey, 0 say\u0131s\u0131n\u0131 d\u00fcnyaya tan\u0131tan Harezmi&#8217;nin bulu\u015flar\u0131n\u0131 okurken g\u00fclmekten kendini alamayacaks\u0131n. Gizli kalm\u0131\u015f bir tarihi ke\u015ffederken, filli saatler, gizemli haritalar, \u00e7\u0131lg\u0131n robotlar, timsah k\u0131l\u0131kl\u0131 denizalt\u0131lar seni \u00e7ok \u015fa\u015f\u0131rtacak. Kimbilir bu kitab\u0131 bitirince belki sen de odan\u0131 toplayacak robotu icat etmek i\u00e7in en \u00f6nemli ad\u0131m\u0131 atacaks\u0131n. Hadi ilk sayfay\u0131 a\u00e7, okumaktan kendini alamayacaks\u0131n.<\/p>\n","protected":false},"excerpt":{"rendered":"<p>D\u00fcnyan\u0131n ilk foto\u011fraf makinesini icat eden \u0130bni Heysem, kartal t\u00fcyl\u00fc kanatlar tak\u0131p g\u00f6klerde s\u00fcz\u00fclen \u0130bni Firnas, K\u0131talararas\u0131 u\u00e7u\u015f yapan Hezarfen, Kendini g\u00f6klere u\u00e7uran Lagari, Yazd\u0131\u011f\u0131 t\u0131p<span class=\"excerpt-hellip\"> [\u2026]<\/span><\/p>\n","protected":false},"featured_media":0,"template":"","meta":{"_monsterinsights_skip_tracking":false,"_monsterinsights_sitenote_active":false,"_monsterinsights_sitenote_note":"","_monsterinsights_sitenote_category":0},"product_brand":[],"product_cat":[12274,12284],"product_tag":[],"class_list":{"0":"post-698921","1":"product","2":"type-product","3":"status-publish","5":"product_cat-cocuk-ve-genclik-kitaplari","6":"product_cat-hikayeler","7":"pa_cilt-ciltsiz","8":"pa_tur-kitap","9":"pa_yayinevi-timas-yayinlari","10":"pa_yazar-nefise-atcakarlar","12":"first","13":"instock","14":"sale","15":"shipping-taxable","16":"purchasable","17":"product-type-simple"},"_links":{"self":[{"href":"https:\/\/roveyayinevi.com.tr\/index.php\/wp-json\/wp\/v2\/product\/698921","targetHints":{"allow":["GET"]}}],"collection":[{"href":"https:\/\/roveyayinevi.com.tr\/index.php\/wp-json\/wp\/v2\/product"}],"about":[{"href":"https:\/\/roveyayinevi.com.tr\/index.php\/wp-json\/wp\/v2\/types\/product"}],"wp:attachment":[{"href":"https:\/\/roveyayinevi.com.tr\/index.php\/wp-json\/wp\/v2\/media?parent=698921"}],"wp:term":[{"taxonomy":"product_brand","embeddable":true,"href":"https:\/\/roveyayinevi.com.tr\/index.php\/wp-json\/wp\/v2\/product_brand?post=698921"},{"taxonomy":"product_cat","embeddable":true,"href":"https:\/\/roveyayinevi.com.tr\/index.php\/wp-json\/wp\/v2\/product_cat?post=698921"},{"taxonomy":"product_tag","embeddable":true,"href":"https:\/\/roveyayinevi.com.tr\/index.php\/wp-json\/wp\/v2\/product_tag?post=698921"}],"curies":[{"name":"wp","href":"https:\/\/api.w.org\/{rel}","templated":true}]}}