{"id":698919,"date":"2025-08-27T14:48:05","date_gmt":"2025-08-27T11:48:05","guid":{"rendered":"https:\/\/roveyayinevi.com.tr\/index.php\/urun\/amerikanin-ortadogu-politikasi\/"},"modified":"2026-04-16T02:08:21","modified_gmt":"2026-04-15T23:08:21","slug":"amerikanin-ortadogu-politikasi","status":"publish","type":"product","link":"https:\/\/roveyayinevi.com.tr\/index.php\/urun\/amerikanin-ortadogu-politikasi\/","title":{"rendered":"Amerika\u2019n\u0131n Ortado\u011fu Politikas\u0131"},"content":{"rendered":"<p>\u201c&#8230;Benan Kepsutlu ara\u015ft\u0131rmac\u0131 gazetecili\u011fe dayanan, daha do\u011frusu gazetecili\u011fi bilimsel esaslara dayand\u0131ran bu \u00e7al\u0131\u015fmas\u0131yla \u00f6vg\u00fcy\u00fc hak ediyor. Kendisi olaylar\u0131n ve \u00e7at\u0131\u015fmalar\u0131n i\u00e7inde bulunmakla kalmam\u0131\u015f, bu olaylar\u0131n tarihi, iktisadi ve siyasi k\u00f6klerini so\u011fukkanl\u0131 bir \u015fekilde ortaya koymu\u015ftur&#8230;\u201d Prof. Dr. Ahmet Tabako\u011flu Marmara \u00dcniversitesi Ortado\u011fu ve \u0130slam \u00dclkeleri Enstit\u00fcs\u00fc M\u00fcd\u00fcr\u00fc \u201c&#8230;Literat\u00fcrdeki petrol ger\u00e7e\u011fi ve \u0130srail\u2019in g\u00fcvenli\u011finin ABD\u2019nin Ortado\u011fu politikalar\u0131n\u0131n temelini olu\u015fturdu\u011fu varsay\u0131m\u0131na itiraz ederek yeni ba\u015fl\u0131klar ekleyen ve klasik anlat\u0131m\u0131n d\u0131\u015f\u0131na \u00e7\u0131kan Kepsutlu, ak\u0131c\u0131 bir \u00fcslup ile iddialar\u0131n\u0131 kan\u0131tlayarak ba\u015far\u0131l\u0131 bir \u00e7al\u0131\u015fma ortaya koymu\u015ftur&#8230;\u201d Prof. Dr. Zekeriya Kur\u015fun Ortado\u011fu ve \u0130slam \u00dclkeleri Ara\u015ft\u0131rmalar\u0131 Enstit\u00fcs\u00fc Siyasi Tarih ve Uluslararas\u0131 \u0130li\u015fkiler Ba\u015fkan\u0131 \u201c&#8230;Akademik titizlik ile gazetecilik merak\u0131n\u0131n \u00e7ok karar\u0131nda harmanland\u0131\u011f\u0131 bu kitapta hem Ortado\u011fu\u2019nun tarihinden kesitler hem de Suriye, I\u015e\u0130D, Ortado\u011fu\u2019da K\u00fcrtler gibi son d\u00f6nemin en tart\u0131\u015fmal\u0131 g\u00fcndem maddeleri yer al\u0131yor&#8230; Daha ne olsun! Elinize sa\u011fl\u0131k Benan Kepsutlu.\u201d Ahmet Hakan \u2013 Gazeteci \u201c&#8230;Bir gazeteci olarak, pek \u00e7o\u011funa bizzat tan\u0131kl\u0131k etmi\u015f olan Benan Kepsutlu, kar\u015f\u0131la\u015ft\u0131rmal\u0131 olarak Clinton, W. Bush ve Obama\u2019n\u0131n Ortado\u011fu\u2019ya nas\u0131l bakt\u0131klar\u0131n\u0131 ve Amerikan \u00e7\u0131karlar\u0131n\u0131 nas\u0131l koruduklar\u0131n\u0131 son derece \u00e7arp\u0131c\u0131 bir \u015fekilde anlat\u0131yor&#8230;\u201d Mithat Bereket \u2013 Gazeteci <\/p>\n","protected":false},"excerpt":{"rendered":"<p>\u201c&#8230;Benan Kepsutlu ara\u015ft\u0131rmac\u0131 gazetecili\u011fe dayanan, daha do\u011frusu gazetecili\u011fi bilimsel esaslara dayand\u0131ran bu \u00e7al\u0131\u015fmas\u0131yla \u00f6vg\u00fcy\u00fc hak ediyor. Kendisi olaylar\u0131n ve \u00e7at\u0131\u015fmalar\u0131n i\u00e7inde bulunmakla kalmam\u0131\u015f, bu olaylar\u0131n tarihi,<span class=\"excerpt-hellip\"> [\u2026]<\/span><\/p>\n","protected":false},"featured_media":0,"template":"","meta":{"_monsterinsights_skip_tracking":false,"_monsterinsights_sitenote_active":false,"_monsterinsights_sitenote_note":"","_monsterinsights_sitenote_category":0},"product_brand":[],"product_cat":[12338,12337],"product_tag":[],"class_list":{"0":"post-698919","1":"product","2":"type-product","3":"status-publish","5":"product_cat-dunya-siyaseti-ve-politikasi","6":"product_cat-politika-siyaset","7":"pa_cilt-ciltsiz","8":"pa_tur-kitap","9":"pa_yayinevi-inkilap-kitabevi","10":"pa_yazar-benan-kepsutlu","12":"first","13":"instock","14":"sale","15":"shipping-taxable","16":"purchasable","17":"product-type-simple"},"_links":{"self":[{"href":"https:\/\/roveyayinevi.com.tr\/index.php\/wp-json\/wp\/v2\/product\/698919","targetHints":{"allow":["GET"]}}],"collection":[{"href":"https:\/\/roveyayinevi.com.tr\/index.php\/wp-json\/wp\/v2\/product"}],"about":[{"href":"https:\/\/roveyayinevi.com.tr\/index.php\/wp-json\/wp\/v2\/types\/product"}],"wp:attachment":[{"href":"https:\/\/roveyayinevi.com.tr\/index.php\/wp-json\/wp\/v2\/media?parent=698919"}],"wp:term":[{"taxonomy":"product_brand","embeddable":true,"href":"https:\/\/roveyayinevi.com.tr\/index.php\/wp-json\/wp\/v2\/product_brand?post=698919"},{"taxonomy":"product_cat","embeddable":true,"href":"https:\/\/roveyayinevi.com.tr\/index.php\/wp-json\/wp\/v2\/product_cat?post=698919"},{"taxonomy":"product_tag","embeddable":true,"href":"https:\/\/roveyayinevi.com.tr\/index.php\/wp-json\/wp\/v2\/product_tag?post=698919"}],"curies":[{"name":"wp","href":"https:\/\/api.w.org\/{rel}","templated":true}]}}