{"id":698908,"date":"2025-08-27T14:48:02","date_gmt":"2025-08-27T11:48:02","guid":{"rendered":"https:\/\/roveyayinevi.com.tr\/index.php\/urun\/babam-adnan-menderes-demokrasiden-darbeye\/"},"modified":"2026-04-16T02:08:20","modified_gmt":"2026-04-15T23:08:20","slug":"babam-adnan-menderes-demokrasiden-darbeye","status":"publish","type":"product","link":"https:\/\/roveyayinevi.com.tr\/index.php\/urun\/babam-adnan-menderes-demokrasiden-darbeye\/","title":{"rendered":"Babam Adnan Menderes Demokrasiden Darbeye"},"content":{"rendered":"<p>Nehir s\u00f6yle\u015fi format\u0131nda olan kitap, Taha Akyol\u2019un Ayd\u0131n Menderes\u2019e sordu\u011fu sorularla bi\u00e7imleniyor. O\u011flunun dilinden Adnan Menderes\u2019in hayat hik\u00e2yesiyle ba\u015flayan kitap \u00f6zellikle Demokrat Parti\u2019nin 1950 y\u0131l\u0131nda iktidar olmas\u0131ndan Adnan Menderes\u2019in 17 Eyl\u00fcl 1961\u2019de idam edilmesine kadarki d\u00f6nemi ayr\u0131nt\u0131lar\u0131yla ele al\u0131yor. Adnan Menderes ve DP iktidar\u0131 konu\u015fulurken, bu s\u00fcre zarf\u0131nda T\u00fcrkiye siyasetinde ya\u015fanm\u0131\u015f bir\u00e7ok \u00f6nemli olay da g\u00fcndeme getirilip ba\u011flam\u0131na yerle\u015ftiriliyor. DP-CHP ili\u015fkileri, d\u0131\u015f politika, ekonomi alan\u0131nda geli\u015fmelerin yan\u0131 s\u0131ra ad\u0131m ad\u0131m 27 May\u0131s \u0130htilali\u2019ne giden olaylar (9 Subay Olay\u0131, Tedbirler Kanunu, 28 Nisan \u00d6\u011frenci Olaylar\u0131 vs.) tart\u0131\u015f\u0131l\u0131yor. <\/p>\n","protected":false},"excerpt":{"rendered":"<p>Nehir s\u00f6yle\u015fi format\u0131nda olan kitap, Taha Akyol\u2019un Ayd\u0131n Menderes\u2019e sordu\u011fu sorularla bi\u00e7imleniyor. O\u011flunun dilinden Adnan Menderes\u2019in hayat hik\u00e2yesiyle ba\u015flayan kitap \u00f6zellikle Demokrat Parti\u2019nin 1950 y\u0131l\u0131nda iktidar<span class=\"excerpt-hellip\"> [\u2026]<\/span><\/p>\n","protected":false},"featured_media":0,"template":"","meta":{"_monsterinsights_skip_tracking":false,"_monsterinsights_sitenote_active":false,"_monsterinsights_sitenote_note":"","_monsterinsights_sitenote_category":0},"product_brand":[],"product_cat":[12370,12304],"product_tag":[],"class_list":{"0":"post-698908","1":"product","2":"type-product","3":"status-publish","5":"product_cat-arastirma-inceleme","6":"product_cat-tarih","7":"pa_tur-kitap","8":"pa_yayinevi-dogan-kitap","9":"pa_yazar-taha-akyol","11":"first","12":"instock","13":"sale","14":"shipping-taxable","15":"purchasable","16":"product-type-simple"},"_links":{"self":[{"href":"https:\/\/roveyayinevi.com.tr\/index.php\/wp-json\/wp\/v2\/product\/698908","targetHints":{"allow":["GET"]}}],"collection":[{"href":"https:\/\/roveyayinevi.com.tr\/index.php\/wp-json\/wp\/v2\/product"}],"about":[{"href":"https:\/\/roveyayinevi.com.tr\/index.php\/wp-json\/wp\/v2\/types\/product"}],"wp:attachment":[{"href":"https:\/\/roveyayinevi.com.tr\/index.php\/wp-json\/wp\/v2\/media?parent=698908"}],"wp:term":[{"taxonomy":"product_brand","embeddable":true,"href":"https:\/\/roveyayinevi.com.tr\/index.php\/wp-json\/wp\/v2\/product_brand?post=698908"},{"taxonomy":"product_cat","embeddable":true,"href":"https:\/\/roveyayinevi.com.tr\/index.php\/wp-json\/wp\/v2\/product_cat?post=698908"},{"taxonomy":"product_tag","embeddable":true,"href":"https:\/\/roveyayinevi.com.tr\/index.php\/wp-json\/wp\/v2\/product_tag?post=698908"}],"curies":[{"name":"wp","href":"https:\/\/api.w.org\/{rel}","templated":true}]}}

<p>Nehir söyleşi formatında olan kitap, Taha Akyol’un Aydın Menderes’e sorduğu sorularla biçimleniyor. Oğlunun dilinden Adnan Menderes’in hayat hikâyesiyle başlayan kitap özellikle Demokrat Parti’nin 1950 yılında iktidar olmasından Adnan Menderes’in 17 Eylül 1961’de idam edilmesine kadarki dönemi ayrıntılarıyla ele alıyor. Adnan Menderes ve DP iktidarı konuşulurken, bu süre zarfında Türkiye siyasetinde yaşanmış birçok önemli olay da gündeme getirilip bağlamına yerleştiriliyor. DP-CHP ilişkileri, dış politika, ekonomi alanında gelişmelerin yanı sıra adım adım 27 Mayıs İhtilali’ne giden olaylar (9 Subay Olayı, Tedbirler Kanunu, 28 Nisan Öğrenci Olayları vs.) tartışılıyor. </p>

<p>Nehir söyleşi formatında olan kitap, Taha Akyol’un Aydın Menderes’e sorduğu sorularla biçimleniyor. Oğlunun dilinden Adnan Menderes’in hayat hikâyesiyle başlayan kitap özellikle Demokrat Parti’nin 1950 yılında iktidar<span class="excerpt-hellip"> […]</span></p>
