{"id":698899,"date":"2025-08-27T14:47:59","date_gmt":"2025-08-27T11:47:59","guid":{"rendered":"https:\/\/roveyayinevi.com.tr\/index.php\/urun\/soru-ve-cevaplarla-temel-dini-bilgiler\/"},"modified":"2026-04-16T02:08:20","modified_gmt":"2026-04-15T23:08:20","slug":"soru-ve-cevaplarla-temel-dini-bilgiler","status":"publish","type":"product","link":"https:\/\/roveyayinevi.com.tr\/index.php\/urun\/soru-ve-cevaplarla-temel-dini-bilgiler\/","title":{"rendered":"Soru ve Cevaplarla Temel Dini Bilgiler"},"content":{"rendered":"<p>K\u0131ymetli anne-babalar;   \u00c7ocuklar\u0131m\u0131z\u0131n iyi birer insan olarak yeti\u015fmesi i\u00e7in temel dini bilgileri \u00f6\u011frenmeleri ve hayatlar\u0131na uygulamalar\u0131, anne-baba olarak hepimizin arzusudur.  Bu eser, \u00e7ocuklar\u0131m\u0131z\u0131n itikad, ibadet, siyer ve ahlak konular\u0131nda temel bilgilere sahip olabilmeleri i\u00e7in haz\u0131rlanm\u0131\u015ft\u0131r. \u00c7ocuklar\u0131m\u0131z i\u00e7in bilgi kayna\u011f\u0131 olan bu eser, k\u0131sa c\u00fcmleler ve anla\u015f\u0131l\u0131r bir dille yaz\u0131lm\u0131\u015ft\u0131r. <\/p>\n","protected":false},"excerpt":{"rendered":"<p>K\u0131ymetli anne-babalar; \u00c7ocuklar\u0131m\u0131z\u0131n iyi birer insan olarak yeti\u015fmesi i\u00e7in temel dini bilgileri \u00f6\u011frenmeleri ve hayatlar\u0131na uygulamalar\u0131, anne-baba olarak hepimizin arzusudur. Bu eser, \u00e7ocuklar\u0131m\u0131z\u0131n itikad, ibadet, siyer<span class=\"excerpt-hellip\"> [\u2026]<\/span><\/p>\n","protected":false},"featured_media":0,"template":"","meta":{"_monsterinsights_skip_tracking":false,"_monsterinsights_sitenote_active":false,"_monsterinsights_sitenote_note":"","_monsterinsights_sitenote_category":0},"product_brand":[],"product_cat":[12364],"product_tag":[],"class_list":{"0":"post-698899","1":"product","2":"type-product","3":"status-publish","5":"product_cat-genel-konular","6":"pa_cilt-ciltsiz","7":"pa_tur-kitap","8":"pa_yayinevi-hayat-yayinlari","9":"pa_yazar-mehmet-kizilkaya","11":"first","12":"instock","13":"sale","14":"shipping-taxable","15":"purchasable","16":"product-type-simple"},"_links":{"self":[{"href":"https:\/\/roveyayinevi.com.tr\/index.php\/wp-json\/wp\/v2\/product\/698899","targetHints":{"allow":["GET"]}}],"collection":[{"href":"https:\/\/roveyayinevi.com.tr\/index.php\/wp-json\/wp\/v2\/product"}],"about":[{"href":"https:\/\/roveyayinevi.com.tr\/index.php\/wp-json\/wp\/v2\/types\/product"}],"wp:attachment":[{"href":"https:\/\/roveyayinevi.com.tr\/index.php\/wp-json\/wp\/v2\/media?parent=698899"}],"wp:term":[{"taxonomy":"product_brand","embeddable":true,"href":"https:\/\/roveyayinevi.com.tr\/index.php\/wp-json\/wp\/v2\/product_brand?post=698899"},{"taxonomy":"product_cat","embeddable":true,"href":"https:\/\/roveyayinevi.com.tr\/index.php\/wp-json\/wp\/v2\/product_cat?post=698899"},{"taxonomy":"product_tag","embeddable":true,"href":"https:\/\/roveyayinevi.com.tr\/index.php\/wp-json\/wp\/v2\/product_tag?post=698899"}],"curies":[{"name":"wp","href":"https:\/\/api.w.org\/{rel}","templated":true}]}}