{"id":698878,"date":"2025-08-27T14:47:53","date_gmt":"2025-08-27T11:47:53","guid":{"rendered":"https:\/\/roveyayinevi.com.tr\/index.php\/urun\/dehset-cikolatasi\/"},"modified":"2026-04-16T02:08:20","modified_gmt":"2026-04-15T23:08:20","slug":"dehset-cikolatasi","status":"publish","type":"product","link":"https:\/\/roveyayinevi.com.tr\/index.php\/urun\/dehset-cikolatasi\/","title":{"rendered":"Deh\u015fet \u00c7ikolatas\u0131"},"content":{"rendered":"<p>D\u00f6rt Kafadarlar Tak\u0131m\u0131 korkun\u00e7 bir ke\u015fif yapt\u0131: Bir \u015fekerci d\u00fckkan\u0131na patlama g\u00fcc\u00fc \u00e7ok y\u00fcksek \u00e7ikolatalar depo edilmi\u015fti. Bir\u00e7ok karanl\u0131k ki\u015fi de bu tehlikeli tatl\u0131lar\u0131n pe\u015findeydi. D\u00f6rt Kafadarlar birden esrarengiz bir maskeli kad\u0131n\u0131n tuza\u011f\u0131na d\u00fc\u015f\u00fcverdiler. Ama&#8230; <\/p>\n","protected":false},"excerpt":{"rendered":"<p>D\u00f6rt Kafadarlar Tak\u0131m\u0131 korkun\u00e7 bir ke\u015fif yapt\u0131: Bir \u015fekerci d\u00fckkan\u0131na patlama g\u00fcc\u00fc \u00e7ok y\u00fcksek \u00e7ikolatalar depo edilmi\u015fti. Bir\u00e7ok karanl\u0131k ki\u015fi de bu tehlikeli tatl\u0131lar\u0131n pe\u015findeydi. D\u00f6rt<span class=\"excerpt-hellip\"> [\u2026]<\/span><\/p>\n","protected":false},"featured_media":0,"template":"","meta":{"_monsterinsights_skip_tracking":false,"_monsterinsights_sitenote_active":false,"_monsterinsights_sitenote_note":"","_monsterinsights_sitenote_category":0},"product_brand":[],"product_cat":[12274,12284],"product_tag":[],"class_list":{"0":"post-698878","1":"product","2":"type-product","3":"status-publish","5":"product_cat-cocuk-ve-genclik-kitaplari","6":"product_cat-hikayeler","7":"pa_cilt-ciltsiz","8":"pa_tur-kitap","9":"pa_yayinevi-say-cocuk","10":"pa_yazar-thomas-brezina","12":"first","13":"instock","14":"sale","15":"shipping-taxable","16":"purchasable","17":"product-type-simple"},"_links":{"self":[{"href":"https:\/\/roveyayinevi.com.tr\/index.php\/wp-json\/wp\/v2\/product\/698878","targetHints":{"allow":["GET"]}}],"collection":[{"href":"https:\/\/roveyayinevi.com.tr\/index.php\/wp-json\/wp\/v2\/product"}],"about":[{"href":"https:\/\/roveyayinevi.com.tr\/index.php\/wp-json\/wp\/v2\/types\/product"}],"wp:attachment":[{"href":"https:\/\/roveyayinevi.com.tr\/index.php\/wp-json\/wp\/v2\/media?parent=698878"}],"wp:term":[{"taxonomy":"product_brand","embeddable":true,"href":"https:\/\/roveyayinevi.com.tr\/index.php\/wp-json\/wp\/v2\/product_brand?post=698878"},{"taxonomy":"product_cat","embeddable":true,"href":"https:\/\/roveyayinevi.com.tr\/index.php\/wp-json\/wp\/v2\/product_cat?post=698878"},{"taxonomy":"product_tag","embeddable":true,"href":"https:\/\/roveyayinevi.com.tr\/index.php\/wp-json\/wp\/v2\/product_tag?post=698878"}],"curies":[{"name":"wp","href":"https:\/\/api.w.org\/{rel}","templated":true}]}}