{"id":698861,"date":"2025-08-27T14:47:48","date_gmt":"2025-08-27T11:47:48","guid":{"rendered":"https:\/\/roveyayinevi.com.tr\/index.php\/urun\/turkiyede-hizbullah-din-siddet-ve-aidiyet\/"},"modified":"2026-04-16T02:08:19","modified_gmt":"2026-04-15T23:08:19","slug":"turkiyede-hizbullah-din-siddet-ve-aidiyet","status":"publish","type":"product","link":"https:\/\/roveyayinevi.com.tr\/index.php\/urun\/turkiyede-hizbullah-din-siddet-ve-aidiyet\/","title":{"rendered":"T\u00fcrkiye&#8217;de Hizbullah: Din, \u015eiddet ve Aidiyet"},"content":{"rendered":"<p>Hizbullah, T\u00fcrkiye\u2019nin K\u00fcrt co\u011frafyas\u0131nda, 1990\u2019larda k\u0131y\u0131c\u0131 bir \u015fiddet uygulayan bir gizli \u00f6rg\u00fctt\u00fc, daha sonra bir sosyal harekete ve siyas\u00ee partiye d\u00f6n\u00fc\u015ft\u00fc. H\u00e2l\u00e2 kapal\u0131 bir yap\u0131; d\u0131\u015far\u0131dan bakanlarda genellikle korku uyand\u0131ran bir imgesi var. Mehmet Kurt, Hizbullah\u2019\u0131n karanl\u0131ktaki d\u00fcnyas\u0131na g\u00fc\u00e7l\u00fc bir \u0131\u015f\u0131k tutuyor. Hizbullah\u2019\u0131n ideolojik, politik ve \u00f6rg\u00fctsel ortam\u0131n\u0131n ayr\u0131nt\u0131l\u0131 bir resmini \u00e7izmekle; din anlay\u0131\u015f\u0131 ve \u015fiddete bak\u0131\u015f\u0131 mercek alt\u0131na almakla kalm\u0131yor ayn\u0131 zamanda \u00f6rg\u00fct i\u00e7indeki grup aidiyetinin ve dinami\u011finin canl\u0131 bir tasvirini de g\u00f6r\u00fcyoruz. <\/p>\n","protected":false},"excerpt":{"rendered":"<p>Hizbullah, T\u00fcrkiye\u2019nin K\u00fcrt co\u011frafyas\u0131nda, 1990\u2019larda k\u0131y\u0131c\u0131 bir \u015fiddet uygulayan bir gizli \u00f6rg\u00fctt\u00fc, daha sonra bir sosyal harekete ve siyas\u00ee partiye d\u00f6n\u00fc\u015ft\u00fc. H\u00e2l\u00e2 kapal\u0131 bir yap\u0131; d\u0131\u015far\u0131dan<span class=\"excerpt-hellip\"> [\u2026]<\/span><\/p>\n","protected":false},"featured_media":0,"template":"","meta":{"_monsterinsights_skip_tracking":false,"_monsterinsights_sitenote_active":false,"_monsterinsights_sitenote_note":"","_monsterinsights_sitenote_category":0},"product_brand":[],"product_cat":[12312,12304],"product_tag":[],"class_list":{"0":"post-698861","1":"product","2":"type-product","3":"status-publish","5":"product_cat-diger","6":"product_cat-tarih","7":"pa_cilt-ciltsiz","8":"pa_tur-kitap","9":"pa_yayinevi-iletisim-yayinlari","10":"pa_yazar-mehmet-kurt","12":"first","13":"instock","14":"sale","15":"shipping-taxable","16":"purchasable","17":"product-type-simple"},"_links":{"self":[{"href":"https:\/\/roveyayinevi.com.tr\/index.php\/wp-json\/wp\/v2\/product\/698861","targetHints":{"allow":["GET"]}}],"collection":[{"href":"https:\/\/roveyayinevi.com.tr\/index.php\/wp-json\/wp\/v2\/product"}],"about":[{"href":"https:\/\/roveyayinevi.com.tr\/index.php\/wp-json\/wp\/v2\/types\/product"}],"wp:attachment":[{"href":"https:\/\/roveyayinevi.com.tr\/index.php\/wp-json\/wp\/v2\/media?parent=698861"}],"wp:term":[{"taxonomy":"product_brand","embeddable":true,"href":"https:\/\/roveyayinevi.com.tr\/index.php\/wp-json\/wp\/v2\/product_brand?post=698861"},{"taxonomy":"product_cat","embeddable":true,"href":"https:\/\/roveyayinevi.com.tr\/index.php\/wp-json\/wp\/v2\/product_cat?post=698861"},{"taxonomy":"product_tag","embeddable":true,"href":"https:\/\/roveyayinevi.com.tr\/index.php\/wp-json\/wp\/v2\/product_tag?post=698861"}],"curies":[{"name":"wp","href":"https:\/\/api.w.org\/{rel}","templated":true}]}}