{"id":698854,"date":"2025-08-27T14:47:46","date_gmt":"2025-08-27T11:47:46","guid":{"rendered":"https:\/\/roveyayinevi.com.tr\/index.php\/urun\/ataturk-donemi-iktisadi-kalkinma\/"},"modified":"2026-04-16T02:08:19","modified_gmt":"2026-04-15T23:08:19","slug":"ataturk-donemi-iktisadi-kalkinma","status":"publish","type":"product","link":"https:\/\/roveyayinevi.com.tr\/index.php\/urun\/ataturk-donemi-iktisadi-kalkinma\/","title":{"rendered":"Atat\u00fcrk D\u00f6nemi \u0130ktisadi Kalk\u0131nma"},"content":{"rendered":"<p>Osmanl\u0131 Devleti\u2019nden ekonomik olarak iflas etmi\u015f bir \u00fclke devralan T\u00fcrkiye Cumhuriyeti Devleti, ilk y\u0131llar\u0131nda uygulad\u0131\u011f\u0131 ekonomik devrimlerle, siyasal ba\u011f\u0131ms\u0131zl\u0131\u011f\u0131n\u0131n ard\u0131ndan ekonomik ba\u011f\u0131ms\u0131zl\u0131\u011f\u0131n\u0131 da kazanma yolunda \u00f6nemli ad\u0131mlar atm\u0131\u015ft\u0131r. \u0130nsan g\u00fcc\u00fc, sanayi, tar\u0131m, d\u0131\u015f bor\u00e7lar, ula\u015f\u0131m, mill\u00ee \u00fcretim gibi her a\u00e7\u0131dan peri\u015fan bir \u00fclkenin miras\u00e7\u0131s\u0131 olsa da, T\u00fcrkiye Cumhuriyeti, Mustafa Kemal Atat\u00fcrk \u00f6nderli\u011finde yap\u0131lan ekonomik devrimlerle on be\u015f y\u0131lda b\u00fcy\u00fck bir ilerleme g\u00f6stermi\u015ftir. Atat\u00fcrk, sava\u015f biter bitmez mali ba\u011f\u0131ms\u0131zl\u0131\u011f\u0131n kazan\u0131lmas\u0131 m\u00fccadelesini ba\u015flatm\u0131\u015f, kalk\u0131nma hamlesi, ulusun en b\u00fcy\u00fck ideali ve amac\u0131 olmu\u015ftur. Yeni T\u00fcrk Devleti, temellerini s\u00fcng\u00fcyle de\u011fil, s\u00fcng\u00fcn\u00fcn dayand\u0131\u011f\u0131 iktisatla kurmu\u015ftur. <\/p>\n","protected":false},"excerpt":{"rendered":"<p>Osmanl\u0131 Devleti\u2019nden ekonomik olarak iflas etmi\u015f bir \u00fclke devralan T\u00fcrkiye Cumhuriyeti Devleti, ilk y\u0131llar\u0131nda uygulad\u0131\u011f\u0131 ekonomik devrimlerle, siyasal ba\u011f\u0131ms\u0131zl\u0131\u011f\u0131n\u0131n ard\u0131ndan ekonomik ba\u011f\u0131ms\u0131zl\u0131\u011f\u0131n\u0131 da kazanma yolunda \u00f6nemli<span class=\"excerpt-hellip\"> [\u2026]<\/span><\/p>\n","protected":false},"featured_media":0,"template":"","meta":{"_monsterinsights_skip_tracking":false,"_monsterinsights_sitenote_active":false,"_monsterinsights_sitenote_note":"","_monsterinsights_sitenote_category":0},"product_brand":[],"product_cat":[12370,12304],"product_tag":[],"class_list":{"0":"post-698854","1":"product","2":"type-product","3":"status-publish","5":"product_cat-arastirma-inceleme","6":"product_cat-tarih","7":"pa_tur-kitap","8":"pa_yayinevi-bilge-kultur-sanat","9":"pa_yazar-metin-kopar","11":"first","12":"instock","13":"sale","14":"shipping-taxable","15":"purchasable","16":"product-type-simple"},"_links":{"self":[{"href":"https:\/\/roveyayinevi.com.tr\/index.php\/wp-json\/wp\/v2\/product\/698854","targetHints":{"allow":["GET"]}}],"collection":[{"href":"https:\/\/roveyayinevi.com.tr\/index.php\/wp-json\/wp\/v2\/product"}],"about":[{"href":"https:\/\/roveyayinevi.com.tr\/index.php\/wp-json\/wp\/v2\/types\/product"}],"wp:attachment":[{"href":"https:\/\/roveyayinevi.com.tr\/index.php\/wp-json\/wp\/v2\/media?parent=698854"}],"wp:term":[{"taxonomy":"product_brand","embeddable":true,"href":"https:\/\/roveyayinevi.com.tr\/index.php\/wp-json\/wp\/v2\/product_brand?post=698854"},{"taxonomy":"product_cat","embeddable":true,"href":"https:\/\/roveyayinevi.com.tr\/index.php\/wp-json\/wp\/v2\/product_cat?post=698854"},{"taxonomy":"product_tag","embeddable":true,"href":"https:\/\/roveyayinevi.com.tr\/index.php\/wp-json\/wp\/v2\/product_tag?post=698854"}],"curies":[{"name":"wp","href":"https:\/\/api.w.org\/{rel}","templated":true}]}}