{"id":698853,"date":"2025-08-27T14:47:45","date_gmt":"2025-08-27T11:47:45","guid":{"rendered":"https:\/\/roveyayinevi.com.tr\/index.php\/urun\/kerem-ile-asli-4\/"},"modified":"2026-04-16T02:08:19","modified_gmt":"2026-04-15T23:08:19","slug":"kerem-ile-asli-4","status":"publish","type":"product","link":"https:\/\/roveyayinevi.com.tr\/index.php\/urun\/kerem-ile-asli-4\/","title":{"rendered":"Kerem ile Asl\u0131"},"content":{"rendered":"<p>16-17. y\u00fczy\u0131lda ortaya \u00e7\u0131kt\u0131\u011f\u0131 \u00f6ne s\u00fcr\u00fclen bir halk \u00f6yk\u00fcs\u00fcd\u00fcr. Ayr\u0131 dinlerden olan iki gencin ac\u0131yla biten a\u015fk\u0131n\u0131 konu edinir. Kerem ile Asl\u0131\u2019n\u0131n ac\u0131kl\u0131 \u00f6yk\u00fcs\u00fc zaman i\u00e7inde \u00f6yk\u00fcc\u00fc a\u015f\u0131klar\u0131n da katk\u0131s\u0131yla daha da zenginle\u015fmi\u015f, s\u00f6ylene s\u00f6ylene g\u00fcn\u00fcm\u00fcze kadar ula\u015fm\u0131\u015ft\u0131r. \u00c7e\u015fitli ellerden \u00e7\u0131kan yazma ve ta\u015f bask\u0131lar\u0131 y\u00fczy\u0131llard\u0131r okunmu\u015f, \u00e2\u015f\u0131klar taraf\u0131ndan anlat\u0131lm\u0131\u015ft\u0131r. \ufffcTan\u0131t\u0131m Metni<\/p>\n","protected":false},"excerpt":{"rendered":"<p>16-17. y\u00fczy\u0131lda ortaya \u00e7\u0131kt\u0131\u011f\u0131 \u00f6ne s\u00fcr\u00fclen bir halk \u00f6yk\u00fcs\u00fcd\u00fcr. Ayr\u0131 dinlerden olan iki gencin ac\u0131yla biten a\u015fk\u0131n\u0131 konu edinir. Kerem ile Asl\u0131\u2019n\u0131n ac\u0131kl\u0131 \u00f6yk\u00fcs\u00fc zaman i\u00e7inde<span class=\"excerpt-hellip\"> [\u2026]<\/span><\/p>\n","protected":false},"featured_media":0,"template":"","meta":{"_monsterinsights_skip_tracking":false,"_monsterinsights_sitenote_active":false,"_monsterinsights_sitenote_note":"","_monsterinsights_sitenote_category":0},"product_brand":[],"product_cat":[12291,12711],"product_tag":[],"class_list":{"0":"post-698853","1":"product","2":"type-product","3":"status-publish","5":"product_cat-edebiyat","6":"product_cat-roman-oyku","7":"pa_cilt-ciltsiz","8":"pa_tur-kitap","9":"pa_yayinevi-iskele-yayincilik","10":"pa_yazar-kolektif","12":"first","13":"instock","14":"sale","15":"shipping-taxable","16":"purchasable","17":"product-type-simple"},"_links":{"self":[{"href":"https:\/\/roveyayinevi.com.tr\/index.php\/wp-json\/wp\/v2\/product\/698853","targetHints":{"allow":["GET"]}}],"collection":[{"href":"https:\/\/roveyayinevi.com.tr\/index.php\/wp-json\/wp\/v2\/product"}],"about":[{"href":"https:\/\/roveyayinevi.com.tr\/index.php\/wp-json\/wp\/v2\/types\/product"}],"wp:attachment":[{"href":"https:\/\/roveyayinevi.com.tr\/index.php\/wp-json\/wp\/v2\/media?parent=698853"}],"wp:term":[{"taxonomy":"product_brand","embeddable":true,"href":"https:\/\/roveyayinevi.com.tr\/index.php\/wp-json\/wp\/v2\/product_brand?post=698853"},{"taxonomy":"product_cat","embeddable":true,"href":"https:\/\/roveyayinevi.com.tr\/index.php\/wp-json\/wp\/v2\/product_cat?post=698853"},{"taxonomy":"product_tag","embeddable":true,"href":"https:\/\/roveyayinevi.com.tr\/index.php\/wp-json\/wp\/v2\/product_tag?post=698853"}],"curies":[{"name":"wp","href":"https:\/\/api.w.org\/{rel}","templated":true}]}}