{"id":698850,"date":"2025-08-27T14:47:44","date_gmt":"2025-08-27T11:47:44","guid":{"rendered":"https:\/\/roveyayinevi.com.tr\/index.php\/urun\/kazaklar-3\/"},"modified":"2026-04-16T02:08:19","modified_gmt":"2026-04-15T23:08:19","slug":"kazaklar-3","status":"publish","type":"product","link":"https:\/\/roveyayinevi.com.tr\/index.php\/urun\/kazaklar-3\/","title":{"rendered":"Kazaklar"},"content":{"rendered":"<p>Yazar iki farkl\u0131 d\u00fcnyay\u0131 \u00e7arp\u0131c\u0131 bir \u00fcslupla inceler. Da\u011flarda ya\u015fayan Terek Kazaklar\u0131\u2019n\u0131 anlat\u0131rken, bu insanlar\u0131n \u00fclkelerinden kopu\u015f nedenlerini, i\u00e7inde bulunduklar\u0131 ko\u015fullar\u0131n onlar\u0131 nas\u0131l sava\u015f\u00e7\u0131 k\u0131ld\u0131\u011f\u0131n\u0131 sergiler b\u00fct\u00fcn ger\u00e7ek\u00e7ili\u011fiyle. Do\u011fay\u0131 ve do\u011fa ile ba\u015fba\u015fa ya\u015fama \u00f6zlemini saf bir a\u015f\u0131k \u00e7er\u00e7evesinde anlat\u0131r. Sanat g\u00fcc\u00fcn\u00fc ve d\u00fc\u015f\u00fcnce derinli\u011fini en a\u00e7\u0131k \u015fekilde ortaya koyar&#8230; Aray\u0131\u015f ve krizlerle dolu bir hayat\u0131n derin yans\u0131malar\u0131, onu s\u0131radan bir ya\u015fam\u0131n i\u00e7ine \u00e7eker ve hayat\u0131n anlam\u0131n\u0131 halk\u0131n yal\u0131n inanc\u0131nda bulur. Farkl\u0131 iki d\u00fcnya, \u00e7e\u015fitli k\u00fclt\u00fcrlerin etkisinde ya\u015fam\u0131n\u0131 s\u00fcrd\u00fcren aristokratlar ve kendi geleneklerine s\u0131k\u0131ca ba\u011fl\u0131, ba\u015fka k\u00fclt\u00fcrlerle kar\u015f\u0131la\u015fmam\u0131\u015f, yaban\u0131l ve d\u00f6v\u00fc\u015fken kazaklar\u0131n d\u00fcnyas\u0131&#8230; \u0130nsan\u0131n do\u011fal durumuyla toplum taraf\u0131ndan bozulmu\u015flu\u011fu aras\u0131ndaki bu kar\u015f\u0131tl\u0131kta, sade insanlar\u0131n ya\u015fant\u0131s\u0131nda g\u00f6r\u00fcr \u00e7\u0131k\u0131\u015f yolunu ve a\u015fk\u0131n ger\u00e7ek y\u00fcz\u00fcn\u00fc ke\u015ffeder. <\/p>\n","protected":false},"excerpt":{"rendered":"<p>Yazar iki farkl\u0131 d\u00fcnyay\u0131 \u00e7arp\u0131c\u0131 bir \u00fcslupla inceler. Da\u011flarda ya\u015fayan Terek Kazaklar\u0131\u2019n\u0131 anlat\u0131rken, bu insanlar\u0131n \u00fclkelerinden kopu\u015f nedenlerini, i\u00e7inde bulunduklar\u0131 ko\u015fullar\u0131n onlar\u0131 nas\u0131l sava\u015f\u00e7\u0131 k\u0131ld\u0131\u011f\u0131n\u0131 sergiler<span class=\"excerpt-hellip\"> [\u2026]<\/span><\/p>\n","protected":false},"featured_media":0,"template":"","meta":{"_monsterinsights_skip_tracking":false,"_monsterinsights_sitenote_active":false,"_monsterinsights_sitenote_note":"","_monsterinsights_sitenote_category":0},"product_brand":[],"product_cat":[12291,13570],"product_tag":[],"class_list":{"0":"post-698850","1":"product","2":"type-product","3":"status-publish","5":"product_cat-edebiyat","6":"product_cat-rus-edebiyati","7":"pa_tur-kitap","8":"pa_yayinevi-iskele-yayincilik","9":"pa_yazar-lev-nikolayevic-tolstoy","11":"first","12":"instock","13":"sale","14":"shipping-taxable","15":"purchasable","16":"product-type-simple"},"_links":{"self":[{"href":"https:\/\/roveyayinevi.com.tr\/index.php\/wp-json\/wp\/v2\/product\/698850","targetHints":{"allow":["GET"]}}],"collection":[{"href":"https:\/\/roveyayinevi.com.tr\/index.php\/wp-json\/wp\/v2\/product"}],"about":[{"href":"https:\/\/roveyayinevi.com.tr\/index.php\/wp-json\/wp\/v2\/types\/product"}],"wp:attachment":[{"href":"https:\/\/roveyayinevi.com.tr\/index.php\/wp-json\/wp\/v2\/media?parent=698850"}],"wp:term":[{"taxonomy":"product_brand","embeddable":true,"href":"https:\/\/roveyayinevi.com.tr\/index.php\/wp-json\/wp\/v2\/product_brand?post=698850"},{"taxonomy":"product_cat","embeddable":true,"href":"https:\/\/roveyayinevi.com.tr\/index.php\/wp-json\/wp\/v2\/product_cat?post=698850"},{"taxonomy":"product_tag","embeddable":true,"href":"https:\/\/roveyayinevi.com.tr\/index.php\/wp-json\/wp\/v2\/product_tag?post=698850"}],"curies":[{"name":"wp","href":"https:\/\/api.w.org\/{rel}","templated":true}]}}