{"id":698823,"date":"2025-08-27T14:47:28","date_gmt":"2025-08-27T11:47:28","guid":{"rendered":"https:\/\/roveyayinevi.com.tr\/index.php\/urun\/pkkyi-kim-kurdu\/"},"modified":"2026-04-16T02:08:19","modified_gmt":"2026-04-15T23:08:19","slug":"pkkyi-kim-kurdu","status":"publish","type":"product","link":"https:\/\/roveyayinevi.com.tr\/index.php\/urun\/pkkyi-kim-kurdu\/","title":{"rendered":"PKK&#8217;y\u0131 Kim Kurdu?"},"content":{"rendered":"<p>Kim Bu \u2018P\u0130LOT\u2019 ? U\u011fur Mumcu bu soruyu sordu ve \u00e7ok k\u0131sa s\u00fcre sonra \u00f6ld\u00fc\u2026 \u00d6*calan, ajan oldu\u011fu ileri s\u00fcr\u00fclen \u2018A\u011fr\u0131l\u0131 Pilot Necati\u2019 ile nas\u0131l tan\u0131\u015ft\u0131? O benim cankurtaran simidimdir.\u2019 diyerek neyi kastetti? \u2018M\u0130T bizi kullanmak istedi biz de onlar\u0131\u2019 dedi mi? \u00d6rg\u00fct\u00fc taraf\u0131ndan ajan oldu\u011fu ileri s\u00fcr\u00fclen pilotu uyar\u0131lara ra\u011fmen neden koruma gere\u011fi duydu? Hangi eylemleri birlikte yapt\u0131lar? P KK\u2019n\u0131n kurulu\u015funda Pilot\u2019un nas\u0131l bir rol\u00fc vard\u0131? \u00d6*calan\u2019\u0131n istihbarat\u00e7\u0131 olan eski kay\u0131npederi \u2018Ben k\u0131z\u0131m\u0131 devlete gelin verdim\u2019 diyerek ne anlatmak istedi? Yoksa \u00d6*calan\u2019\u0131n eski kar\u0131s\u0131 Kesire \u00d6*calan\u2019da m\u0131, istihbarat\u00e7\u0131yd\u0131? Uzun y\u0131llar yeri bilinmeyen Pilotun mezar\u0131 nas\u0131l oldu da birden bire esrarengiz bir \u015fekilde ortaya \u00e7\u0131kt\u0131? 1982\u2019de \u00f6ld\u00fc\u011f\u00fc san\u0131lan, Pilot Necati Kaya ya\u015f\u0131yor mu? Pilot Necati Kaya\u2019n\u0131n o\u011flu babas\u0131 hakk\u0131nda neler s\u00f6yl\u00fcyor? Ge\u00e7mi\u015fte ya\u015fanan Apo ve Pilot Necati Kaya ili\u015fkisi ile ilgili iddialar derin bir s\u0131r ve puslu bir mazi olarak kalmaya devam edecek mi? Yoksa bu kitap sayesinde pus biraz olsun da\u011f\u0131lacak m\u0131? <\/p>\n","protected":false},"excerpt":{"rendered":"<p>Kim Bu \u2018P\u0130LOT\u2019 ? U\u011fur Mumcu bu soruyu sordu ve \u00e7ok k\u0131sa s\u00fcre sonra \u00f6ld\u00fc\u2026 \u00d6*calan, ajan oldu\u011fu ileri s\u00fcr\u00fclen \u2018A\u011fr\u0131l\u0131 Pilot Necati\u2019 ile nas\u0131l tan\u0131\u015ft\u0131?<span class=\"excerpt-hellip\"> [\u2026]<\/span><\/p>\n","protected":false},"featured_media":0,"template":"","meta":{"_monsterinsights_skip_tracking":false,"_monsterinsights_sitenote_active":false,"_monsterinsights_sitenote_note":"","_monsterinsights_sitenote_category":0},"product_brand":[],"product_cat":[12337,14543],"product_tag":[],"class_list":{"0":"post-698823","1":"product","2":"type-product","3":"status-publish","5":"product_cat-politika-siyaset","6":"product_cat-turkiye-siyaseti-ve-politikasi","7":"pa_cilt-ciltsiz","8":"pa_tur-kitap","9":"pa_yayinevi-kripto-basim-yayin","10":"pa_yazar-necdet-pekmezci","12":"first","13":"instock","14":"sale","15":"shipping-taxable","16":"purchasable","17":"product-type-simple"},"_links":{"self":[{"href":"https:\/\/roveyayinevi.com.tr\/index.php\/wp-json\/wp\/v2\/product\/698823","targetHints":{"allow":["GET"]}}],"collection":[{"href":"https:\/\/roveyayinevi.com.tr\/index.php\/wp-json\/wp\/v2\/product"}],"about":[{"href":"https:\/\/roveyayinevi.com.tr\/index.php\/wp-json\/wp\/v2\/types\/product"}],"wp:attachment":[{"href":"https:\/\/roveyayinevi.com.tr\/index.php\/wp-json\/wp\/v2\/media?parent=698823"}],"wp:term":[{"taxonomy":"product_brand","embeddable":true,"href":"https:\/\/roveyayinevi.com.tr\/index.php\/wp-json\/wp\/v2\/product_brand?post=698823"},{"taxonomy":"product_cat","embeddable":true,"href":"https:\/\/roveyayinevi.com.tr\/index.php\/wp-json\/wp\/v2\/product_cat?post=698823"},{"taxonomy":"product_tag","embeddable":true,"href":"https:\/\/roveyayinevi.com.tr\/index.php\/wp-json\/wp\/v2\/product_tag?post=698823"}],"curies":[{"name":"wp","href":"https:\/\/api.w.org\/{rel}","templated":true}]}}