{"id":698807,"date":"2025-08-27T14:47:23","date_gmt":"2025-08-27T11:47:23","guid":{"rendered":"https:\/\/roveyayinevi.com.tr\/index.php\/urun\/valide-sultanlar-ve-harem\/"},"modified":"2026-04-16T02:08:18","modified_gmt":"2026-04-15T23:08:18","slug":"valide-sultanlar-ve-harem","status":"publish","type":"product","link":"https:\/\/roveyayinevi.com.tr\/index.php\/urun\/valide-sultanlar-ve-harem\/","title":{"rendered":"Valide Sultanlar ve Harem"},"content":{"rendered":"<p>\u201c\u00c7e\u015fitli yabanc\u0131 gezginlerin, bir k\u0131sm\u0131 dilimize de \u00e7evrilmi\u015f olan fantastik tasvirine inan\u0131lacak olursa, saray\u0131n b\u00fcy\u00fcl\u00fc bir yer olmad\u0131\u011f\u0131n\u0131 hayal etmemek g\u00fc\u00e7t\u00fcr. Fakat saray\u0131n as\u0131l g\u00fczelli\u011fi i\u00e7indeki d\u00fczende ve burada ya\u015fayan g\u00fc\u00e7l\u00fc ki\u015filerin hizmetine bakacak olanlar\u0131n e\u011fitiminde yatar.\u201d <\/p>\n","protected":false},"excerpt":{"rendered":"<p>\u201c\u00c7e\u015fitli yabanc\u0131 gezginlerin, bir k\u0131sm\u0131 dilimize de \u00e7evrilmi\u015f olan fantastik tasvirine inan\u0131lacak olursa, saray\u0131n b\u00fcy\u00fcl\u00fc bir yer olmad\u0131\u011f\u0131n\u0131 hayal etmemek g\u00fc\u00e7t\u00fcr. Fakat saray\u0131n as\u0131l g\u00fczelli\u011fi i\u00e7indeki<span class=\"excerpt-hellip\"> [\u2026]<\/span><\/p>\n","protected":false},"featured_media":0,"template":"","meta":{"_monsterinsights_skip_tracking":false,"_monsterinsights_sitenote_active":false,"_monsterinsights_sitenote_note":"","_monsterinsights_sitenote_category":0},"product_brand":[],"product_cat":[13517,12304],"product_tag":[],"class_list":{"0":"post-698807","1":"product","2":"type-product","3":"status-publish","5":"product_cat-osmanli-tarihi","6":"product_cat-tarih","7":"pa_cilt-ciltsiz","8":"pa_tur-kitap","9":"pa_yayinevi-timas-yayinlari","10":"pa_yazar-ahmet-simsirgil","12":"first","13":"instock","14":"sale","15":"shipping-taxable","16":"purchasable","17":"product-type-simple"},"_links":{"self":[{"href":"https:\/\/roveyayinevi.com.tr\/index.php\/wp-json\/wp\/v2\/product\/698807","targetHints":{"allow":["GET"]}}],"collection":[{"href":"https:\/\/roveyayinevi.com.tr\/index.php\/wp-json\/wp\/v2\/product"}],"about":[{"href":"https:\/\/roveyayinevi.com.tr\/index.php\/wp-json\/wp\/v2\/types\/product"}],"wp:attachment":[{"href":"https:\/\/roveyayinevi.com.tr\/index.php\/wp-json\/wp\/v2\/media?parent=698807"}],"wp:term":[{"taxonomy":"product_brand","embeddable":true,"href":"https:\/\/roveyayinevi.com.tr\/index.php\/wp-json\/wp\/v2\/product_brand?post=698807"},{"taxonomy":"product_cat","embeddable":true,"href":"https:\/\/roveyayinevi.com.tr\/index.php\/wp-json\/wp\/v2\/product_cat?post=698807"},{"taxonomy":"product_tag","embeddable":true,"href":"https:\/\/roveyayinevi.com.tr\/index.php\/wp-json\/wp\/v2\/product_tag?post=698807"}],"curies":[{"name":"wp","href":"https:\/\/api.w.org\/{rel}","templated":true}]}}