{"id":698787,"date":"2025-08-27T14:47:17","date_gmt":"2025-08-27T11:47:17","guid":{"rendered":"https:\/\/roveyayinevi.com.tr\/index.php\/urun\/beng-u-bade\/"},"modified":"2026-04-16T02:08:18","modified_gmt":"2026-04-15T23:08:18","slug":"beng-u-bade","status":"publish","type":"product","link":"https:\/\/roveyayinevi.com.tr\/index.php\/urun\/beng-u-bade\/","title":{"rendered":"Beng \u00fc Bade"},"content":{"rendered":"<p>Beng \u00fc Bade, Fuzuli\u2019nin 444 beyitlik bir k\u0131sa mesnevisi. Mesnevi s\u00f6z\u00fcnden umumiyetle Mevlana\u2019n\u0131n eseri akla gelmekle beraber esasen mesnevi, do\u011fu edebiyat mecras\u0131n\u0131n naz\u0131m t\u00fcrlerinden biri. Fuzuli\u2019nin Beng\u2019i (Esrar) ve Bade\u2019yi (\u015earap) ki\u015file\u015ftirerek, kendileri ve birbirleri hakk\u0131nda konu\u015fturdu\u011fu bu k\u00fc\u00e7\u00fck mesnevisini daha \u00f6nce Bal Ka\u015f\u0131\u011f\u0131m kitab\u0131yla tefekk\u00fcr alemine yelken a\u00e7an Murat Kaymaz Dresden n\u00fcshas\u0131ndan haz\u0131rlad\u0131. Okuyucu, Beng \u00fc Bade\u2019de, bu ikisi d\u0131\u015f\u0131nda pek \u00e7ok m\u00fccerret karakterin, gayet m\u00fc\u015fahhas maceralar\u0131nda onlara yarenlik edecek. \u015earab\u0131n hizmetinden asla geri durmayan Meze\u2019yi, kah\u0131r ate\u015finde yanan Kebab\u2019\u0131 ve daha nicelerini tan\u0131yacak. Onlar\u0131 tan\u0131rken de belki s\u0131k s\u0131k \u201c\u2026evet \u015earap tam da kendinden bekleneni yapt\u0131 yahut vay hain Boza, zaten mayas\u0131n\u0131n bozuklu\u011fundan belliydi\u2026\u201d diyerek s\u0131rlara vak\u0131f olacak. Ve b\u00fct\u00fcn bunlar\u0131 ancak \u015fairin dehas\u0131yla, bizim i\u00e7in ba\u015fka bir alemden, \u015fiirin \u00fclkesinden dev\u015firmesiyle bilece\u011fiz. Gidip de toplayana a\u015fk olsun, ama gidemeyen i\u00e7in de \u00e7er\u00e7inin k\u00fcfesinde ta\u015f\u0131d\u0131\u011f\u0131 yemi\u015f helal olsun. <\/p>\n","protected":false},"excerpt":{"rendered":"<p>Beng \u00fc Bade, Fuzuli\u2019nin 444 beyitlik bir k\u0131sa mesnevisi. Mesnevi s\u00f6z\u00fcnden umumiyetle Mevlana\u2019n\u0131n eseri akla gelmekle beraber esasen mesnevi, do\u011fu edebiyat mecras\u0131n\u0131n naz\u0131m t\u00fcrlerinden biri. Fuzuli\u2019nin<span class=\"excerpt-hellip\"> [\u2026]<\/span><\/p>\n","protected":false},"featured_media":0,"template":"","meta":{"_monsterinsights_skip_tracking":false,"_monsterinsights_sitenote_active":false,"_monsterinsights_sitenote_note":"","_monsterinsights_sitenote_category":0},"product_brand":[],"product_cat":[12291,12292],"product_tag":[],"class_list":{"0":"post-698787","1":"product","2":"type-product","3":"status-publish","5":"product_cat-edebiyat","6":"product_cat-turk-edebiyati","7":"pa_cilt-ciltsiz","8":"pa_tur-kitap","9":"pa_yayinevi-otuken-nesriyat","10":"pa_yazar-fuzuli","12":"first","13":"instock","14":"sale","15":"shipping-taxable","16":"purchasable","17":"product-type-simple"},"_links":{"self":[{"href":"https:\/\/roveyayinevi.com.tr\/index.php\/wp-json\/wp\/v2\/product\/698787","targetHints":{"allow":["GET"]}}],"collection":[{"href":"https:\/\/roveyayinevi.com.tr\/index.php\/wp-json\/wp\/v2\/product"}],"about":[{"href":"https:\/\/roveyayinevi.com.tr\/index.php\/wp-json\/wp\/v2\/types\/product"}],"wp:attachment":[{"href":"https:\/\/roveyayinevi.com.tr\/index.php\/wp-json\/wp\/v2\/media?parent=698787"}],"wp:term":[{"taxonomy":"product_brand","embeddable":true,"href":"https:\/\/roveyayinevi.com.tr\/index.php\/wp-json\/wp\/v2\/product_brand?post=698787"},{"taxonomy":"product_cat","embeddable":true,"href":"https:\/\/roveyayinevi.com.tr\/index.php\/wp-json\/wp\/v2\/product_cat?post=698787"},{"taxonomy":"product_tag","embeddable":true,"href":"https:\/\/roveyayinevi.com.tr\/index.php\/wp-json\/wp\/v2\/product_tag?post=698787"}],"curies":[{"name":"wp","href":"https:\/\/api.w.org\/{rel}","templated":true}]}}