{"id":698785,"date":"2025-08-27T14:47:17","date_gmt":"2025-08-27T11:47:17","guid":{"rendered":"https:\/\/roveyayinevi.com.tr\/index.php\/urun\/deniz-kurdu\/"},"modified":"2026-04-16T02:08:18","modified_gmt":"2026-04-15T23:08:18","slug":"deniz-kurdu","status":"publish","type":"product","link":"https:\/\/roveyayinevi.com.tr\/index.php\/urun\/deniz-kurdu\/","title":{"rendered":"Deniz Kurdu"},"content":{"rendered":"<p>Jack London\u2019\u0131n b\u00fct\u00fcn eserlerine bir simgeci nat\u00fcralizm \u00f6rne\u011fi olan Deniz Kurdu ile devam ediyoruz. Varl\u0131kl\u0131 bir aileden gelen Humphrey Van Weyden, ge\u00e7irdi\u011fi deniz kazas\u0131n\u0131n ard\u0131ndan Hayalet adl\u0131 uskunan\u0131n kaptan\u0131 Wolf Larsen taraf\u0131ndan kurtar\u0131l\u0131r. Bar\u0131\u015f\u00e7\u0131l bir \u201cbeyefendi\u201d olarak, iradesi d\u0131\u015f\u0131nda Larsen\u2019in hizmetine girmesiyle kendini \u015fiddet dolu \u201cger\u00e7ek d\u00fcnya\u201dda bulacak; bu deneyim onu elitist bir entelekt\u00fcelden, cesur bir eylem adam\u0131na d\u00f6n\u00fc\u015ft\u00fcrecektir.Van Weyden\u2019la Larsen aras\u0131ndaki \u00e7at\u0131\u015fma, yaln\u0131zca zay\u0131f olan\u0131n ezildi\u011fi bir d\u00f6v\u00fc\u015f de\u011fil, bir fikir sava\u015f\u0131d\u0131r ayn\u0131 zamanda. Hayat\u0131 \u201ckutsal\u201d olarak g\u00f6ren Van Weyden\u2019\u0131n idealizmiyle, var olmak d\u0131\u015f\u0131nda bir kayg\u0131 ta\u015f\u0131mayan Wolf Larsen\u2019in materyalizmi aras\u0131ndaki kar\u015f\u0131tl\u0131k roman boyunca yinelenirken, Deniz Kurdu\u2019nu farkl\u0131 d\u00fczeylerde okunabilecek bir yap\u0131t haline getirir. Ancak, London\u2019\u0131n en b\u00fcy\u00fck ba\u015far\u0131s\u0131 hi\u00e7 ku\u015fkusuz ustal\u0131kla geli\u015ftirip ete kemi\u011fe b\u00fcr\u00fcnd\u00fcrd\u00fc\u011f\u00fc unutulmaz Wolf Larsen karakteridir. Nietzsche\u2019nin \u201c\u00fcstinsan\u201d kavram\u0131n\u0131 an\u0131\u015ft\u0131ran Wolf Larsen, Ambrose Bierce\u2019in de dikkat \u00e7ekti\u011fi gibi, bir yazar\u0131n yaratabilece\u011fi en muazzam karakterlerden biridir&#8230; <\/p>\n","protected":false},"excerpt":{"rendered":"<p>Jack London\u2019\u0131n b\u00fct\u00fcn eserlerine bir simgeci nat\u00fcralizm \u00f6rne\u011fi olan Deniz Kurdu ile devam ediyoruz. Varl\u0131kl\u0131 bir aileden gelen Humphrey Van Weyden, ge\u00e7irdi\u011fi deniz kazas\u0131n\u0131n ard\u0131ndan Hayalet<span class=\"excerpt-hellip\"> [\u2026]<\/span><\/p>\n","protected":false},"featured_media":0,"template":"","meta":{"_monsterinsights_skip_tracking":false,"_monsterinsights_sitenote_active":false,"_monsterinsights_sitenote_note":"","_monsterinsights_sitenote_category":0},"product_brand":[],"product_cat":[12891,12291],"product_tag":[],"class_list":{"0":"post-698785","1":"product","2":"type-product","3":"status-publish","5":"product_cat-amerikan-edebiyati","6":"product_cat-edebiyat","7":"pa_cilt-ciltsiz","8":"pa_tur-kitap","9":"pa_yayinevi-is-bankasi-kultur-yayinlari","10":"pa_yazar-jack-london","12":"first","13":"instock","14":"sale","15":"shipping-taxable","16":"purchasable","17":"product-type-simple"},"_links":{"self":[{"href":"https:\/\/roveyayinevi.com.tr\/index.php\/wp-json\/wp\/v2\/product\/698785","targetHints":{"allow":["GET"]}}],"collection":[{"href":"https:\/\/roveyayinevi.com.tr\/index.php\/wp-json\/wp\/v2\/product"}],"about":[{"href":"https:\/\/roveyayinevi.com.tr\/index.php\/wp-json\/wp\/v2\/types\/product"}],"wp:attachment":[{"href":"https:\/\/roveyayinevi.com.tr\/index.php\/wp-json\/wp\/v2\/media?parent=698785"}],"wp:term":[{"taxonomy":"product_brand","embeddable":true,"href":"https:\/\/roveyayinevi.com.tr\/index.php\/wp-json\/wp\/v2\/product_brand?post=698785"},{"taxonomy":"product_cat","embeddable":true,"href":"https:\/\/roveyayinevi.com.tr\/index.php\/wp-json\/wp\/v2\/product_cat?post=698785"},{"taxonomy":"product_tag","embeddable":true,"href":"https:\/\/roveyayinevi.com.tr\/index.php\/wp-json\/wp\/v2\/product_tag?post=698785"}],"curies":[{"name":"wp","href":"https:\/\/api.w.org\/{rel}","templated":true}]}}