{"id":698760,"date":"2025-08-27T14:47:10","date_gmt":"2025-08-27T11:47:10","guid":{"rendered":"https:\/\/roveyayinevi.com.tr\/index.php\/urun\/baris-cocuk-ataturkle-kurtulus-savasinda\/"},"modified":"2026-04-16T02:08:17","modified_gmt":"2026-04-15T23:08:17","slug":"baris-cocuk-ataturkle-kurtulus-savasinda","status":"publish","type":"product","link":"https:\/\/roveyayinevi.com.tr\/index.php\/urun\/baris-cocuk-ataturkle-kurtulus-savasinda\/","title":{"rendered":"Bar\u0131\u015f \u00c7ocuk &#8211; Atat\u00fcrk&#8217;le Kurtulu\u015f Sava\u015f\u0131&#8217;nda"},"content":{"rendered":"<p>Kurtulu\u015f Sava\u015f\u0131\u2019n\u0131 bir de Bilgin Amca\u2019dan dinle!\u00c7ocuklar\u0131n Bilgin Amca\u2019s\u0131ndan hem e\u011flenceli hem \u00f6\u011fretici bir tarih anlat\u0131s\u0131: Haz\u0131rlayaca\u011f\u0131 \u00f6dev i\u00e7in internette Mustafa Kemal Atat\u00fcrk foto\u011fraflar\u0131 arayan Bar\u0131\u015f, birdenbire kar\u015f\u0131s\u0131na \u00e7\u0131kan bir foto\u011fraf\u0131n i\u00e7inde bulur kendini: Tarih 16 May\u0131s 1919\u2019dur; Bar\u0131\u015f, Mustafa Kemal\u2019le birlikte Samsun\u2019a do\u011fru yola \u00e7\u0131kar. 10 Eyl\u00fcl 1922 g\u00fcn\u00fc \u0130zmir\u2019de son bulan bu yolculuk boyunca, Kurtulu\u015f Sava\u015f\u0131\u2019n\u0131 ad\u0131m ad\u0131m izler, ba\u015f\u0131ndan ge\u00e7enleri de Pa\u015fa\u2019n\u0131n arma\u011fan\u0131 olan k\u0131rm\u0131z\u0131 deftere yazar. <\/p>\n","protected":false},"excerpt":{"rendered":"<p>Kurtulu\u015f Sava\u015f\u0131\u2019n\u0131 bir de Bilgin Amca\u2019dan dinle!\u00c7ocuklar\u0131n Bilgin Amca\u2019s\u0131ndan hem e\u011flenceli hem \u00f6\u011fretici bir tarih anlat\u0131s\u0131: Haz\u0131rlayaca\u011f\u0131 \u00f6dev i\u00e7in internette Mustafa Kemal Atat\u00fcrk foto\u011fraflar\u0131 arayan Bar\u0131\u015f,<span class=\"excerpt-hellip\"> [\u2026]<\/span><\/p>\n","protected":false},"featured_media":0,"template":"","meta":{"_monsterinsights_skip_tracking":false,"_monsterinsights_sitenote_active":false,"_monsterinsights_sitenote_note":"","_monsterinsights_sitenote_category":0},"product_brand":[],"product_cat":[12274,12284],"product_tag":[],"class_list":{"0":"post-698760","1":"product","2":"type-product","3":"status-publish","5":"product_cat-cocuk-ve-genclik-kitaplari","6":"product_cat-hikayeler","7":"pa_cilt-ciltsiz","8":"pa_tur-kitap","9":"pa_yayinevi-yapi-kredi-yayinlari","10":"pa_yazar-bilgin-adali","12":"first","13":"instock","14":"sale","15":"shipping-taxable","16":"purchasable","17":"product-type-simple"},"_links":{"self":[{"href":"https:\/\/roveyayinevi.com.tr\/index.php\/wp-json\/wp\/v2\/product\/698760","targetHints":{"allow":["GET"]}}],"collection":[{"href":"https:\/\/roveyayinevi.com.tr\/index.php\/wp-json\/wp\/v2\/product"}],"about":[{"href":"https:\/\/roveyayinevi.com.tr\/index.php\/wp-json\/wp\/v2\/types\/product"}],"wp:attachment":[{"href":"https:\/\/roveyayinevi.com.tr\/index.php\/wp-json\/wp\/v2\/media?parent=698760"}],"wp:term":[{"taxonomy":"product_brand","embeddable":true,"href":"https:\/\/roveyayinevi.com.tr\/index.php\/wp-json\/wp\/v2\/product_brand?post=698760"},{"taxonomy":"product_cat","embeddable":true,"href":"https:\/\/roveyayinevi.com.tr\/index.php\/wp-json\/wp\/v2\/product_cat?post=698760"},{"taxonomy":"product_tag","embeddable":true,"href":"https:\/\/roveyayinevi.com.tr\/index.php\/wp-json\/wp\/v2\/product_tag?post=698760"}],"curies":[{"name":"wp","href":"https:\/\/api.w.org\/{rel}","templated":true}]}}