{"id":698755,"date":"2025-08-27T14:47:08","date_gmt":"2025-08-27T11:47:08","guid":{"rendered":"https:\/\/roveyayinevi.com.tr\/index.php\/urun\/aylak-kopek\/"},"modified":"2026-04-16T02:08:17","modified_gmt":"2026-04-15T23:08:17","slug":"aylak-kopek","status":"publish","type":"product","link":"https:\/\/roveyayinevi.com.tr\/index.php\/urun\/aylak-kopek\/","title":{"rendered":"Aylak K\u00f6pek"},"content":{"rendered":"<p>Aylak K\u00f6pek, Hid\u00e2yet\u2019in ya\u015fam ve toplum g\u00f6r\u00fc\u015f\u00fcn\u00fcn \u0130kinci D\u00fcnya Sava\u015f\u0131\u2019n\u0131n getirdi\u011fi y\u0131k\u0131mla olumsuz bir havaya b\u00fcr\u00fcnd\u00fc\u011f\u00fc d\u00f6nemde yaz\u0131lm\u0131\u015f, d\u00fcnyada mutlulu\u011fu bulman\u0131n imk\u00e2ns\u0131zl\u0131\u011f\u0131n\u0131n ele al\u0131nd\u0131\u011f\u0131 yedi \u00f6yk\u00fcden olu\u015fuyor. Hid\u00e2yet, i\u00e7ine at\u0131ld\u0131\u011f\u0131 duyars\u0131z toplumdan ka\u00e7\u0131\u015f yollar\u0131 arayan bireyi, bir sokak k\u00f6pe\u011finin, ge\u00e7mi\u015fte kalm\u0131\u015f a\u015fklar\u0131na s\u0131\u011f\u0131nan yaln\u0131zlar\u0131n, kendine mahrem bir mek\u00e2n yaratma d\u00fc\u015f\u00fc kuran m\u00fcnzevilerin \u00f6yk\u00fcleri arac\u0131l\u0131\u011f\u0131yla irdeliyor. B\u00fct\u00fcn yazd\u0131klar\u0131nda yapt\u0131\u011f\u0131 gibi, bir bak\u0131ma kendini anlat\u0131yor. \u0130nsan\u0131n yaln\u0131zl\u0131k ve umutsuzlu\u011funa fabl\u0131n, alegorinin, tarihin, do\u011fa\u00fcst\u00fcn\u00fcn ve a\u015fk hik\u00e2yelerinin imk\u00e2nlar\u0131yla yakla\u015fan \u00f6yk\u00fclerin yer ald\u0131\u011f\u0131 Aylak K\u00f6pek, S\u00e2d\u0131k Hid\u00e2yet\u2019in gizemli d\u00fcnyas\u0131na bir halka daha ekliyor. \u201cAtalar\u0131m\u0131n yorgunlu\u011fu bana ge\u00e7mi\u015fti ve ge\u00e7mi\u015fin nostaljisini i\u00e7imde hissediyordum ben. K\u0131\u015f\u0131n uyuyan canl\u0131lar gibi inime \u00e7ekilmek, kendi karanl\u0131\u011f\u0131ma dalmak ve kendi i\u00e7imde olgunla\u015fmak istiyordum. Karanl\u0131k odada resmin belirmesi gibi insan\u0131n i\u00e7inde gizli olan \u015feyler de hayat ko\u015fturmacas\u0131 ve kavgas\u0131 i\u00e7inde, o ayd\u0131nl\u0131kta bo\u011fulup \u00f6l\u00fcyor. Sadece karanl\u0131kta ve sessizlikte g\u00f6r\u00fcn\u00fcyor insana. Bu karanl\u0131k benim i\u00e7imdeydi, onu yok etmek i\u00e7in bo\u015funa u\u011fra\u015ft\u0131m. (\u2026) \u015eimdi oldu\u011fum gibi kendi i\u00e7imde uyan\u0131k kalmak istiyorum. D\u00fc\u015f\u00fcnceleri ayd\u0131nlatan parlak ve kof c\u00fcmlelerden i\u011freniyorum. H\u0131rs\u0131zlar\u0131n, ka\u00e7ak\u00e7\u0131lar\u0131n, para d\u00fc\u015fk\u00fcn\u00fc ahmak yarat\u0131klar\u0131n arzular\u0131na g\u00f6re d\u00fczenlenip y\u00f6netilen bu ya\u015fam\u0131n kirli ihtiya\u00e7lar\u0131 u\u011fruna ki\u015fili\u011fimi yitirmek istemiyorum.\u201d (\u201cKaranl\u0131k Oda\u201d adl\u0131 \u00f6yk\u00fcden) <\/p>\n","protected":false},"excerpt":{"rendered":"<p>Aylak K\u00f6pek, Hid\u00e2yet\u2019in ya\u015fam ve toplum g\u00f6r\u00fc\u015f\u00fcn\u00fcn \u0130kinci D\u00fcnya Sava\u015f\u0131\u2019n\u0131n getirdi\u011fi y\u0131k\u0131mla olumsuz bir havaya b\u00fcr\u00fcnd\u00fc\u011f\u00fc d\u00f6nemde yaz\u0131lm\u0131\u015f, d\u00fcnyada mutlulu\u011fu bulman\u0131n imk\u00e2ns\u0131zl\u0131\u011f\u0131n\u0131n ele al\u0131nd\u0131\u011f\u0131 yedi \u00f6yk\u00fcden<span class=\"excerpt-hellip\"> [\u2026]<\/span><\/p>\n","protected":false},"featured_media":0,"template":"","meta":{"_monsterinsights_skip_tracking":false,"_monsterinsights_sitenote_active":false,"_monsterinsights_sitenote_note":"","_monsterinsights_sitenote_category":0},"product_brand":[],"product_cat":[13661,12291],"product_tag":[],"class_list":{"0":"post-698755","1":"product","2":"type-product","3":"status-publish","5":"product_cat-diger-ulke-edebiyatlari","6":"product_cat-edebiyat","7":"pa_cilt-ciltsiz","8":"pa_tur-kitap","9":"pa_yayinevi-yapi-kredi-yayinlari","10":"pa_yazar-sadik-hidayet","12":"first","13":"instock","14":"sale","15":"shipping-taxable","16":"purchasable","17":"product-type-simple"},"_links":{"self":[{"href":"https:\/\/roveyayinevi.com.tr\/index.php\/wp-json\/wp\/v2\/product\/698755","targetHints":{"allow":["GET"]}}],"collection":[{"href":"https:\/\/roveyayinevi.com.tr\/index.php\/wp-json\/wp\/v2\/product"}],"about":[{"href":"https:\/\/roveyayinevi.com.tr\/index.php\/wp-json\/wp\/v2\/types\/product"}],"wp:attachment":[{"href":"https:\/\/roveyayinevi.com.tr\/index.php\/wp-json\/wp\/v2\/media?parent=698755"}],"wp:term":[{"taxonomy":"product_brand","embeddable":true,"href":"https:\/\/roveyayinevi.com.tr\/index.php\/wp-json\/wp\/v2\/product_brand?post=698755"},{"taxonomy":"product_cat","embeddable":true,"href":"https:\/\/roveyayinevi.com.tr\/index.php\/wp-json\/wp\/v2\/product_cat?post=698755"},{"taxonomy":"product_tag","embeddable":true,"href":"https:\/\/roveyayinevi.com.tr\/index.php\/wp-json\/wp\/v2\/product_tag?post=698755"}],"curies":[{"name":"wp","href":"https:\/\/api.w.org\/{rel}","templated":true}]}}