{"id":698729,"date":"2025-08-27T14:47:00","date_gmt":"2025-08-27T11:47:00","guid":{"rendered":"https:\/\/roveyayinevi.com.tr\/index.php\/urun\/bagbozumu-sarkilari\/"},"modified":"2026-04-03T02:12:27","modified_gmt":"2026-04-02T23:12:27","slug":"bagbozumu-sarkilari","status":"publish","type":"product","link":"https:\/\/roveyayinevi.com.tr\/index.php\/urun\/bagbozumu-sarkilari\/","title":{"rendered":"Ba\u011fbozumu \u015eark\u0131lar\u0131"},"content":{"rendered":"<p>Tanr\u0131lar aras\u0131nda insan yaln\u0131zl\u0131\u011f\u0131 m\u0131\u0130nsanlar aras\u0131nda insan yaln\u0131zl\u0131\u011f\u0131 m\u0131?Korkusu k\u00fc\u00e7\u00fck d\u00fc\u015f\u00fcr\u00fcyor hayat\u0131m\u0131z\u0131.Ne diyordu ince \u015feylerin annesi\u201c\u00d6tekini oku, derinde dipte duran\u0131.\u201dKilisenin bah\u00e7esinde mumdan bir haritaB\u00fct\u00fcn g\u00f6\u00e7 yollar\u0131n\u0131n iki ucuna tutunmu\u015f \u201cGeride kalman\u0131n cezas\u0131y\u0131m \u2013diyor-Biliyor musun, hoyratl\u0131k de\u011fil de\u0130ncelik yak\u0131yor can\u0131m\u0131&#8230;\u201dBu kalabal\u0131kta bu tenhal\u0131k&#8211;Sevgilim, b\u00fct\u00fcn s\u00f6zlerimiMazlumlar\u0131n r\u00fcyas\u0131ndan se\u00e7tim ben.Budur, d\u00fc\u015f\u00fcnmeden bildi\u011fimBudur, ayaklar\u0131na serdi\u011fim has bah\u00e7e&#8230; <\/p>\n","protected":false},"excerpt":{"rendered":"<p>Tanr\u0131lar aras\u0131nda insan yaln\u0131zl\u0131\u011f\u0131 m\u0131\u0130nsanlar aras\u0131nda insan yaln\u0131zl\u0131\u011f\u0131 m\u0131?Korkusu k\u00fc\u00e7\u00fck d\u00fc\u015f\u00fcr\u00fcyor hayat\u0131m\u0131z\u0131.Ne diyordu ince \u015feylerin annesi\u201c\u00d6tekini oku, derinde dipte duran\u0131.\u201dKilisenin bah\u00e7esinde mumdan bir haritaB\u00fct\u00fcn g\u00f6\u00e7 yollar\u0131n\u0131n<span class=\"excerpt-hellip\"> [\u2026]<\/span><\/p>\n","protected":false},"featured_media":0,"template":"","meta":{"_monsterinsights_skip_tracking":false,"_monsterinsights_sitenote_active":false,"_monsterinsights_sitenote_note":"","_monsterinsights_sitenote_category":0},"product_brand":[],"product_cat":[12291,12509],"product_tag":[],"class_list":{"0":"post-698729","1":"product","2":"type-product","3":"status-publish","5":"product_cat-edebiyat","6":"product_cat-siir","7":"pa_cilt-ciltsiz","8":"pa_tur-kitap","9":"pa_yayinevi-kirmizi-kedi-yayinevi","10":"pa_yazar-sukru-erbas","12":"first","13":"instock","14":"sale","15":"shipping-taxable","16":"purchasable","17":"product-type-simple"},"_links":{"self":[{"href":"https:\/\/roveyayinevi.com.tr\/index.php\/wp-json\/wp\/v2\/product\/698729","targetHints":{"allow":["GET"]}}],"collection":[{"href":"https:\/\/roveyayinevi.com.tr\/index.php\/wp-json\/wp\/v2\/product"}],"about":[{"href":"https:\/\/roveyayinevi.com.tr\/index.php\/wp-json\/wp\/v2\/types\/product"}],"wp:attachment":[{"href":"https:\/\/roveyayinevi.com.tr\/index.php\/wp-json\/wp\/v2\/media?parent=698729"}],"wp:term":[{"taxonomy":"product_brand","embeddable":true,"href":"https:\/\/roveyayinevi.com.tr\/index.php\/wp-json\/wp\/v2\/product_brand?post=698729"},{"taxonomy":"product_cat","embeddable":true,"href":"https:\/\/roveyayinevi.com.tr\/index.php\/wp-json\/wp\/v2\/product_cat?post=698729"},{"taxonomy":"product_tag","embeddable":true,"href":"https:\/\/roveyayinevi.com.tr\/index.php\/wp-json\/wp\/v2\/product_tag?post=698729"}],"curies":[{"name":"wp","href":"https:\/\/api.w.org\/{rel}","templated":true}]}}