{"id":698701,"date":"2025-08-27T14:46:52","date_gmt":"2025-08-27T11:46:52","guid":{"rendered":"https:\/\/roveyayinevi.com.tr\/index.php\/urun\/her-boydan-dunya-siirinden-secmeler\/"},"modified":"2026-04-16T02:08:16","modified_gmt":"2026-04-15T23:08:16","slug":"her-boydan-dunya-siirinden-secmeler","status":"publish","type":"product","link":"https:\/\/roveyayinevi.com.tr\/index.php\/urun\/her-boydan-dunya-siirinden-secmeler\/","title":{"rendered":"Her Boydan &#8211; D\u00fcnya \u015eiirinden Se\u00e7meler"},"content":{"rendered":"<p>\u201cCan Y\u00fccel, kendi \u015fiirini s\u00f6yler gibi \u00e7evirmi\u015f bu Her Boydan \u015fiirleri. C\u00f6mert\u00e7e can\u0131n\u0131 komu\u015f ba\u015fkalar\u0131n\u0131n s\u00f6ylediklerine. Ha sen s\u00f6ylemi\u015fin ha ben der gibi. \u0130nsan\u0131n insanla kayna\u015fmas\u0131 her zaman g\u00fczeldir, \u015fairin \u015fairle kayna\u015fmas\u0131nda bir ba\u015fka s\u0131cakl\u0131k, bir ba\u015fka ayd\u0131nl\u0131k oluyor: bir dille iki dilin tad\u0131n\u0131 almak, bir canla iki can\u0131n sevincini duymak gibi bir \u015fey.\u201d                                                                                               Sabahattin Ey\u00fcbo\u011flu <\/p>\n","protected":false},"excerpt":{"rendered":"<p>\u201cCan Y\u00fccel, kendi \u015fiirini s\u00f6yler gibi \u00e7evirmi\u015f bu Her Boydan \u015fiirleri. C\u00f6mert\u00e7e can\u0131n\u0131 komu\u015f ba\u015fkalar\u0131n\u0131n s\u00f6ylediklerine. Ha sen s\u00f6ylemi\u015fin ha ben der gibi. \u0130nsan\u0131n insanla kayna\u015fmas\u0131<span class=\"excerpt-hellip\"> [\u2026]<\/span><\/p>\n","protected":false},"featured_media":0,"template":"","meta":{"_monsterinsights_skip_tracking":false,"_monsterinsights_sitenote_active":false,"_monsterinsights_sitenote_note":"","_monsterinsights_sitenote_category":0},"product_brand":[],"product_cat":[12291,12509],"product_tag":[],"class_list":{"0":"post-698701","1":"product","2":"type-product","3":"status-publish","5":"product_cat-edebiyat","6":"product_cat-siir","7":"pa_cilt-ciltsiz","8":"pa_tur-kitap","9":"pa_yayinevi-is-bankasi-kultur-yayinlari","10":"pa_yazar-can-yucel","12":"first","13":"instock","14":"sale","15":"shipping-taxable","16":"purchasable","17":"product-type-simple"},"_links":{"self":[{"href":"https:\/\/roveyayinevi.com.tr\/index.php\/wp-json\/wp\/v2\/product\/698701","targetHints":{"allow":["GET"]}}],"collection":[{"href":"https:\/\/roveyayinevi.com.tr\/index.php\/wp-json\/wp\/v2\/product"}],"about":[{"href":"https:\/\/roveyayinevi.com.tr\/index.php\/wp-json\/wp\/v2\/types\/product"}],"wp:attachment":[{"href":"https:\/\/roveyayinevi.com.tr\/index.php\/wp-json\/wp\/v2\/media?parent=698701"}],"wp:term":[{"taxonomy":"product_brand","embeddable":true,"href":"https:\/\/roveyayinevi.com.tr\/index.php\/wp-json\/wp\/v2\/product_brand?post=698701"},{"taxonomy":"product_cat","embeddable":true,"href":"https:\/\/roveyayinevi.com.tr\/index.php\/wp-json\/wp\/v2\/product_cat?post=698701"},{"taxonomy":"product_tag","embeddable":true,"href":"https:\/\/roveyayinevi.com.tr\/index.php\/wp-json\/wp\/v2\/product_tag?post=698701"}],"curies":[{"name":"wp","href":"https:\/\/api.w.org\/{rel}","templated":true}]}}