{"id":698681,"date":"2025-08-27T14:46:46","date_gmt":"2025-08-27T11:46:46","guid":{"rendered":"https:\/\/roveyayinevi.com.tr\/index.php\/urun\/zamane\/"},"modified":"2026-04-16T02:08:15","modified_gmt":"2026-04-15T23:08:15","slug":"zamane","status":"publish","type":"product","link":"https:\/\/roveyayinevi.com.tr\/index.php\/urun\/zamane\/","title":{"rendered":"Zamane"},"content":{"rendered":"<p>&#8220;Askeri darbenin ard\u0131ndan otorite fig\u00fcrlerine ve kurumlar\u0131na kar\u015f\u0131 tepkiler sindirilmi\u015fti, ama daha uzun vadede bunun yerini farkl\u0131 ve \u00e7oklu dinamikler ald\u0131. Art\u0131k siyasi ya da toplumsal bir kutupla\u015fma oldu\u011funda, \u015fa\u015f\u0131rt\u0131c\u0131 bir h\u0131zla kar\u015f\u0131t bir kutup oda\u011f\u0131 olu\u015fmakta. Bu bir bak\u0131ma yo\u011fun bir dinamizmin de ifadesi, tabii beraberinde bir soruyla birlikte. Bu dinamikler bizi ileriye do\u011fru mu ta\u015f\u0131yor, yoksa k\u0131s\u0131rd\u00f6ng\u00fcye kap\u0131l\u0131p s\u00fcr\u00fcklenmemize mi neden oluyor? Y\u00f6netilen \u00fclkeden neredeyse ba\u011f\u0131ms\u0131z, kendi kendini ileriye ta\u015f\u0131yan bir ba\u015fka \u00fclke de var gibi. Psikoterapide de zaman zaman mehteran y\u00fcr\u00fcy\u00fc\u015f\u00fcne benzer bir s\u00fcre\u00e7 ya\u015fand\u0131\u011f\u0131ndan benim i\u00e7in olduk\u00e7a bildik. Askeri darbe olmasayd\u0131 neler ya\u015fard\u0131k sorusunun cevab\u0131n\u0131 ise hi\u00e7bir zaman bilemeyece\u011fiz.&#8221; Engin Ge\u00e7tan geni\u015f bir zaman aral\u0131\u011f\u0131nda, T\u00fcrkiye&#8217;de ya\u015fanan s\u00fcre\u00e7lere uzmanl\u0131k alan\u0131 olan psikiyatri perspektifinden bak\u0131yor, toplumun ve bireylerin de\u011fi\u015fmesine dair de\u011ferlendirmeler ve yorumlarda bulunuyor. Otorite, \u00f6fke, s\u0131k\u0131\u015fm\u0131\u015f k\u0131zg\u0131nl\u0131klar, persona ve g\u00f6lge, \u00f6zerklik, kimlik sorunlar\u0131, \u00e7ocuk yaln\u0131zl\u0131\u011f\u0131 gibi konularda s\u00f6z al\u0131rken ayn\u0131 zamanda klinik deneyimlerinden g\u00f6zlemler de aktaran Ge\u00e7tan&#8217;dan zamane hallerine y\u0131llar\u0131n birikiminden bir bak\u0131\u015f. <\/p>\n","protected":false},"excerpt":{"rendered":"<p>&#8220;Askeri darbenin ard\u0131ndan otorite fig\u00fcrlerine ve kurumlar\u0131na kar\u015f\u0131 tepkiler sindirilmi\u015fti, ama daha uzun vadede bunun yerini farkl\u0131 ve \u00e7oklu dinamikler ald\u0131. Art\u0131k siyasi ya da toplumsal<span class=\"excerpt-hellip\"> [\u2026]<\/span><\/p>\n","protected":false},"featured_media":0,"template":"","meta":{"_monsterinsights_skip_tracking":false,"_monsterinsights_sitenote_active":false,"_monsterinsights_sitenote_note":"","_monsterinsights_sitenote_category":0},"product_brand":[],"product_cat":[13633,12324],"product_tag":[],"class_list":{"0":"post-698681","1":"product","2":"type-product","3":"status-publish","5":"product_cat-kultur-ve-bilim","6":"product_cat-sosyoloji","7":"pa_cilt-ciltsiz","8":"pa_tur-kitap","9":"pa_yayinevi-metis-yayinlari","10":"pa_yazar-engin-gectan","12":"first","13":"instock","14":"sale","15":"shipping-taxable","16":"purchasable","17":"product-type-simple"},"_links":{"self":[{"href":"https:\/\/roveyayinevi.com.tr\/index.php\/wp-json\/wp\/v2\/product\/698681","targetHints":{"allow":["GET"]}}],"collection":[{"href":"https:\/\/roveyayinevi.com.tr\/index.php\/wp-json\/wp\/v2\/product"}],"about":[{"href":"https:\/\/roveyayinevi.com.tr\/index.php\/wp-json\/wp\/v2\/types\/product"}],"wp:attachment":[{"href":"https:\/\/roveyayinevi.com.tr\/index.php\/wp-json\/wp\/v2\/media?parent=698681"}],"wp:term":[{"taxonomy":"product_brand","embeddable":true,"href":"https:\/\/roveyayinevi.com.tr\/index.php\/wp-json\/wp\/v2\/product_brand?post=698681"},{"taxonomy":"product_cat","embeddable":true,"href":"https:\/\/roveyayinevi.com.tr\/index.php\/wp-json\/wp\/v2\/product_cat?post=698681"},{"taxonomy":"product_tag","embeddable":true,"href":"https:\/\/roveyayinevi.com.tr\/index.php\/wp-json\/wp\/v2\/product_tag?post=698681"}],"curies":[{"name":"wp","href":"https:\/\/api.w.org\/{rel}","templated":true}]}}