{"id":698677,"date":"2025-08-27T14:46:45","date_gmt":"2025-08-27T11:46:45","guid":{"rendered":"https:\/\/roveyayinevi.com.tr\/index.php\/urun\/kirik-zeytin-dali\/"},"modified":"2026-04-16T02:08:15","modified_gmt":"2026-04-15T23:08:15","slug":"kirik-zeytin-dali","status":"publish","type":"product","link":"https:\/\/roveyayinevi.com.tr\/index.php\/urun\/kirik-zeytin-dali\/","title":{"rendered":"K\u0131r\u0131k Zeytin Dal\u0131"},"content":{"rendered":"<p>Milliyet\u00e7ilik a\u011f\u0131rl\u0131kl\u0131 olarak K\u0131br\u0131s sorununun tarihi k\u00f6kenlerine ve diren\u00e7li\/de\u011fi\u015fmez yap\u0131s\u0131na dayansa da, asla K\u0131br\u0131s\u2019a \u00f6zg\u00fc bir olgu de\u011fildir ve bu \u015fekilde ele al\u0131nmas\u0131 uzak g\u00f6r\u00fc\u015fl\u00fcl\u00fckten yoksun, s\u0131\u011f bir yakla\u015f\u0131m olur. Milliyet\u00e7ili\u011fi, on dokuzuncu y\u00fczy\u0131ldan ba\u015flay\u0131p en az 2. D\u00fcnya Sava\u015f\u0131\u2019n\u0131n sonuna kadar Avrupa\u2019n\u0131n sosyopolitik tarihini \u015fekillendiren ilgin\u00e7 bir Avrupa olgusu olarak ele almadan K\u0131br\u0131s sorununu tam anlam\u0131yla tahlil etmek m\u00fcmk\u00fcn de\u011fildir. Milliyet\u00e7ili\u011fin, K\u0131br\u0131s \u00fczerindeki etkisini anlamak i\u00e7in \u00f6ncelikle milliyet\u00e7i zihniyeti anlamak gerekir. Bu zihniyet K\u0131br\u0131s adas\u0131n\u0131n k\u0131y\u0131lar\u0131n\u0131n \u00f6tesinde geli\u015fip belirginle\u015fmi\u015ftir. Dolay\u0131s\u0131yla K\u0131br\u0131s sorununu tahlil ederken, milliyet\u00e7ili\u011fin kendi i\u00e7indeki mant\u0131\u011f\u0131n\u0131 te\u015fhis ederek, grup kimli\u011fine, topluma, tarihe, siyasete ve kolektif insan davran\u0131\u015f\u0131n\u0131n temel belirleyici etkeni olarak devlete olan bak\u0131\u015f\u0131n\u0131 a\u00e7\u0131klayarak ilerlemek ka\u00e7\u0131n\u0131lmazd\u0131r. <\/p>\n","protected":false},"excerpt":{"rendered":"<p>Milliyet\u00e7ilik a\u011f\u0131rl\u0131kl\u0131 olarak K\u0131br\u0131s sorununun tarihi k\u00f6kenlerine ve diren\u00e7li\/de\u011fi\u015fmez yap\u0131s\u0131na dayansa da, asla K\u0131br\u0131s\u2019a \u00f6zg\u00fc bir olgu de\u011fildir ve bu \u015fekilde ele al\u0131nmas\u0131 uzak g\u00f6r\u00fc\u015fl\u00fcl\u00fckten yoksun,<span class=\"excerpt-hellip\"> [\u2026]<\/span><\/p>\n","protected":false},"featured_media":0,"template":"","meta":{"_monsterinsights_skip_tracking":false,"_monsterinsights_sitenote_active":false,"_monsterinsights_sitenote_note":"","_monsterinsights_sitenote_category":0},"product_brand":[],"product_cat":[16098,12337],"product_tag":[],"class_list":{"0":"post-698677","1":"product","2":"type-product","3":"status-publish","5":"product_cat-politik-akimlar-hareketler","6":"product_cat-politika-siyaset","7":"pa_tur-kitap","8":"pa_yayinevi-kalkedon-yayincilik","9":"pa_yazar-harry-anastasiou","11":"first","12":"instock","13":"sale","14":"shipping-taxable","15":"purchasable","16":"product-type-simple"},"_links":{"self":[{"href":"https:\/\/roveyayinevi.com.tr\/index.php\/wp-json\/wp\/v2\/product\/698677","targetHints":{"allow":["GET"]}}],"collection":[{"href":"https:\/\/roveyayinevi.com.tr\/index.php\/wp-json\/wp\/v2\/product"}],"about":[{"href":"https:\/\/roveyayinevi.com.tr\/index.php\/wp-json\/wp\/v2\/types\/product"}],"wp:attachment":[{"href":"https:\/\/roveyayinevi.com.tr\/index.php\/wp-json\/wp\/v2\/media?parent=698677"}],"wp:term":[{"taxonomy":"product_brand","embeddable":true,"href":"https:\/\/roveyayinevi.com.tr\/index.php\/wp-json\/wp\/v2\/product_brand?post=698677"},{"taxonomy":"product_cat","embeddable":true,"href":"https:\/\/roveyayinevi.com.tr\/index.php\/wp-json\/wp\/v2\/product_cat?post=698677"},{"taxonomy":"product_tag","embeddable":true,"href":"https:\/\/roveyayinevi.com.tr\/index.php\/wp-json\/wp\/v2\/product_tag?post=698677"}],"curies":[{"name":"wp","href":"https:\/\/api.w.org\/{rel}","templated":true}]}}