{"id":698664,"date":"2025-08-27T14:46:41","date_gmt":"2025-08-27T11:46:41","guid":{"rendered":"https:\/\/roveyayinevi.com.tr\/index.php\/urun\/pedagojik-oykuler-19-ekrana-yapisan-cocuk\/"},"modified":"2026-04-16T02:08:15","modified_gmt":"2026-04-15T23:08:15","slug":"pedagojik-oykuler-19-ekrana-yapisan-cocuk","status":"publish","type":"product","link":"https:\/\/roveyayinevi.com.tr\/index.php\/urun\/pedagojik-oykuler-19-ekrana-yapisan-cocuk\/","title":{"rendered":"Pedagojik \u00d6yk\u00fcler: 19 &#8211; Ekrana Yap\u0131\u015fan \u00c7ocuk"},"content":{"rendered":"<p>Geli\u015fen teknoloji sayesinde g\u00fcn\u00fcm\u00fczde her eve giren tablet bilgisayarlar, cep telefonlr\u0131 ve televizyonlar hayatlar\u0131m\u0131z\u0131dan \u00f6nemli derecede vakit \u00e7al\u0131yor. Ayn\u0131 \u015fey \u00e7ocuklar\u0131m\u0131z\u0131n hayatlar\u0131 i\u00e7in de ge\u00e7erli. Ekran kar\u015f\u0131s\u0131na kilitlenen \u00e7ocuklar, art\u0131k sanal d\u00fcnyalardaki kahramanlarla sosyalle\u015fmekte. Ger\u00e7ek d\u00fcnyan\u0131n sosyal ili\u015fkilerinde ve aktivitelerinde yer almayan \u00e7ocuklar\u0131n ilerleyen y\u0131llarda farkl\u0131 rahats\u0131zl\u0131klara sahip oldu\u011fu bilimsel olarak kan\u0131tlanm\u0131\u015f bir ger\u00e7ektir. Bu k\u0131sa \u00f6yk\u00fcyle hem kendinizi hem de \u00e7ocu\u011funuzu ekranlar\u0131n kar\u015f\u0131s\u0131ndan \u00e7ekip farkl\u0131 \u015fekilde vakit ge\u00e7irmeye te\u015fvik edeceksiniz. \ufffcTan\u0131t\u0131m Metni<\/p>\n","protected":false},"excerpt":{"rendered":"<p>Geli\u015fen teknoloji sayesinde g\u00fcn\u00fcm\u00fczde her eve giren tablet bilgisayarlar, cep telefonlr\u0131 ve televizyonlar hayatlar\u0131m\u0131z\u0131dan \u00f6nemli derecede vakit \u00e7al\u0131yor. Ayn\u0131 \u015fey \u00e7ocuklar\u0131m\u0131z\u0131n hayatlar\u0131 i\u00e7in de ge\u00e7erli. Ekran<span class=\"excerpt-hellip\"> [\u2026]<\/span><\/p>\n","protected":false},"featured_media":0,"template":"","meta":{"_monsterinsights_skip_tracking":false,"_monsterinsights_sitenote_active":false,"_monsterinsights_sitenote_note":"","_monsterinsights_sitenote_category":0},"product_brand":[],"product_cat":[12312,12304],"product_tag":[],"class_list":{"0":"post-698664","1":"product","2":"type-product","3":"status-publish","5":"product_cat-diger","6":"product_cat-tarih","7":"pa_cilt-ciltsiz","8":"pa_tur-kitap","9":"pa_yayinevi-mandolin-yayinlari","10":"pa_yazar-aysen-oy","12":"first","13":"instock","14":"sale","15":"shipping-taxable","16":"purchasable","17":"product-type-simple"},"_links":{"self":[{"href":"https:\/\/roveyayinevi.com.tr\/index.php\/wp-json\/wp\/v2\/product\/698664","targetHints":{"allow":["GET"]}}],"collection":[{"href":"https:\/\/roveyayinevi.com.tr\/index.php\/wp-json\/wp\/v2\/product"}],"about":[{"href":"https:\/\/roveyayinevi.com.tr\/index.php\/wp-json\/wp\/v2\/types\/product"}],"wp:attachment":[{"href":"https:\/\/roveyayinevi.com.tr\/index.php\/wp-json\/wp\/v2\/media?parent=698664"}],"wp:term":[{"taxonomy":"product_brand","embeddable":true,"href":"https:\/\/roveyayinevi.com.tr\/index.php\/wp-json\/wp\/v2\/product_brand?post=698664"},{"taxonomy":"product_cat","embeddable":true,"href":"https:\/\/roveyayinevi.com.tr\/index.php\/wp-json\/wp\/v2\/product_cat?post=698664"},{"taxonomy":"product_tag","embeddable":true,"href":"https:\/\/roveyayinevi.com.tr\/index.php\/wp-json\/wp\/v2\/product_tag?post=698664"}],"curies":[{"name":"wp","href":"https:\/\/api.w.org\/{rel}","templated":true}]}}