{"id":698627,"date":"2025-08-27T14:46:24","date_gmt":"2025-08-27T11:46:24","guid":{"rendered":"https:\/\/roveyayinevi.com.tr\/index.php\/urun\/yeni-turkce-sozluk-ilkokul-ve-ortaokullar-icin\/"},"modified":"2026-04-16T02:08:14","modified_gmt":"2026-04-15T23:08:14","slug":"yeni-turkce-sozluk-ilkokul-ve-ortaokullar-icin","status":"publish","type":"product","link":"https:\/\/roveyayinevi.com.tr\/index.php\/urun\/yeni-turkce-sozluk-ilkokul-ve-ortaokullar-icin\/","title":{"rendered":"Yeni T\u00fcrk\u00e7e S\u00f6zl\u00fck -\u0130lkokul ve Ortaokullar \u0130\u00e7in-"},"content":{"rendered":"<p>D\u00fcnyada en \u00e7ok konu\u015fulan dillerden biri olan T\u00fcrk\u00e7emiz k\u00fclt\u00fcr\u00fcm\u00fcz\u00fcn en de\u011ferli hazinesidir. Ya\u015fayan bir dil olarak d\u00fcnya dilleri aras\u0131nda \u00e7ok \u00f6nemli bir konuma sahip olan T\u00fcrk\u00e7eyi en do\u011fru, en g\u00fczel \u015fekilde \u00f6\u011frenmek ve kullanmak i\u00e7in s\u00f6zl\u00fckler b\u00fcy\u00fck \u00f6nem ta\u015f\u0131maktad\u0131r.S\u00f6zl\u00fckte ilk planda ilk\u00f6\u011fretim \u00f6\u011frencilerinin kar\u015f\u0131la\u015fabilecekleri kelimelere yer verdik. Lise \u00f6\u011frencilerinin ve hatta s\u00f6zl\u00fc\u011fe bakma gere\u011fi duyan herkesin yararlanabilmesi i\u00e7in kelime say\u0131s\u0131n\u0131 fazla tuttuk.Dilin inceliklerini \u00f6\u011frenmek ve o dilin zevkine varabilmek i\u00e7in s\u00f6zl\u00fc\u011fe bakman\u0131n gerekli oldu\u011funu herkes kabul etmektedir. Ancak \u00f6\u011fretmenlerin \u00f6nemli bir k\u0131sm\u0131 \u00f6\u011frencilerin s\u00f6zl\u00fc\u011fe gereken ilgiyi g\u00f6stermedi\u011finden s\u00f6z etmektedir. Onlara her an yan\u0131nda bulundurabilecekleri boyutta s\u00f6zl\u00fck sunarak bu problemi a\u015fma y\u00f6n\u00fcnde bir katk\u0131da bulunmay\u0131 d\u00fc\u015f\u00fcnd\u00fck.Uzun y\u0131llar kullanma imk\u00e2n\u0131 bulabilecekleri bu s\u00f6zl\u00fc\u011f\u00fcn T\u00fcrk e\u011fitimine ve k\u00fclt\u00fcr\u00fcne katk\u0131da bulunmas\u0131n\u0131 temenni ediyoruz.<\/p>\n","protected":false},"excerpt":{"rendered":"<p>D\u00fcnyada en \u00e7ok konu\u015fulan dillerden biri olan T\u00fcrk\u00e7emiz k\u00fclt\u00fcr\u00fcm\u00fcz\u00fcn en de\u011ferli hazinesidir. Ya\u015fayan bir dil olarak d\u00fcnya dilleri aras\u0131nda \u00e7ok \u00f6nemli bir konuma sahip olan T\u00fcrk\u00e7eyi<span class=\"excerpt-hellip\"> [\u2026]<\/span><\/p>\n","protected":false},"featured_media":0,"template":"","meta":{"_monsterinsights_skip_tracking":false,"_monsterinsights_sitenote_active":false,"_monsterinsights_sitenote_note":"","_monsterinsights_sitenote_category":0},"product_brand":[],"product_cat":[12566,13611,19496],"product_tag":[],"class_list":{"0":"post-698627","1":"product","2":"type-product","3":"status-publish","5":"product_cat-egitim","6":"product_cat-sozlukler-ve-konusma-kilavuzlari","7":"product_cat-turkce-sozlukler","8":"pa_cilt-ciltsiz","9":"pa_tur-kitap","10":"pa_yayinevi-bilge-kultur-sanat","11":"pa_yazar-alper-yildirim","13":"first","14":"instock","15":"sale","16":"shipping-taxable","17":"purchasable","18":"product-type-simple"},"_links":{"self":[{"href":"https:\/\/roveyayinevi.com.tr\/index.php\/wp-json\/wp\/v2\/product\/698627","targetHints":{"allow":["GET"]}}],"collection":[{"href":"https:\/\/roveyayinevi.com.tr\/index.php\/wp-json\/wp\/v2\/product"}],"about":[{"href":"https:\/\/roveyayinevi.com.tr\/index.php\/wp-json\/wp\/v2\/types\/product"}],"wp:attachment":[{"href":"https:\/\/roveyayinevi.com.tr\/index.php\/wp-json\/wp\/v2\/media?parent=698627"}],"wp:term":[{"taxonomy":"product_brand","embeddable":true,"href":"https:\/\/roveyayinevi.com.tr\/index.php\/wp-json\/wp\/v2\/product_brand?post=698627"},{"taxonomy":"product_cat","embeddable":true,"href":"https:\/\/roveyayinevi.com.tr\/index.php\/wp-json\/wp\/v2\/product_cat?post=698627"},{"taxonomy":"product_tag","embeddable":true,"href":"https:\/\/roveyayinevi.com.tr\/index.php\/wp-json\/wp\/v2\/product_tag?post=698627"}],"curies":[{"name":"wp","href":"https:\/\/api.w.org\/{rel}","templated":true}]}}