{"id":698622,"date":"2025-08-27T14:46:23","date_gmt":"2025-08-27T11:46:23","guid":{"rendered":"https:\/\/roveyayinevi.com.tr\/index.php\/urun\/amerikan-dis-politikasi\/"},"modified":"2026-04-16T02:08:14","modified_gmt":"2026-04-15T23:08:14","slug":"amerikan-dis-politikasi","status":"publish","type":"product","link":"https:\/\/roveyayinevi.com.tr\/index.php\/urun\/amerikan-dis-politikasi\/","title":{"rendered":"Amerikan D\u0131\u015f Politikas\u0131"},"content":{"rendered":"<p>So\u011fuk Sava\u015f d\u00f6neminden itibaren s\u00fcper g\u00fc\u00e7 olarak varl\u0131\u011f\u0131n\u0131 s\u00fcrd\u00fcren Amerika Birle\u015fik Devletleri&#8217;nin II. D\u00fcnya Sava\u015f\u0131&#8217;ndan g\u00fcn\u00fcm\u00fcze \u015fekillendirdi\u011fi d\u0131\u015f politikalar\u0131na ili\u015fkin tarihsel ve teorik analizlerden olu\u015fan bu kitap, sadece Amerikan d\u0131\u015f politikas\u0131n\u0131n olu\u015fumunu de\u011fil, bir s\u00fcper g\u00fcc\u00fcn d\u00fcnya politikalar\u0131na y\u00f6n verme \u015feklini de irdeliyor. \ufffcTan\u0131t\u0131m Metni<\/p>\n","protected":false},"excerpt":{"rendered":"<p>So\u011fuk Sava\u015f d\u00f6neminden itibaren s\u00fcper g\u00fc\u00e7 olarak varl\u0131\u011f\u0131n\u0131 s\u00fcrd\u00fcren Amerika Birle\u015fik Devletleri&#8217;nin II. D\u00fcnya Sava\u015f\u0131&#8217;ndan g\u00fcn\u00fcm\u00fcze \u015fekillendirdi\u011fi d\u0131\u015f politikalar\u0131na ili\u015fkin tarihsel ve teorik analizlerden olu\u015fan bu<span class=\"excerpt-hellip\"> [\u2026]<\/span><\/p>\n","protected":false},"featured_media":0,"template":"","meta":{"_monsterinsights_skip_tracking":false,"_monsterinsights_sitenote_active":false,"_monsterinsights_sitenote_note":"","_monsterinsights_sitenote_category":0},"product_brand":[],"product_cat":[16098,12337],"product_tag":[],"class_list":{"0":"post-698622","1":"product","2":"type-product","3":"status-publish","5":"product_cat-politik-akimlar-hareketler","6":"product_cat-politika-siyaset","7":"pa_cilt-ciltsiz","8":"pa_tur-kitap","9":"pa_yayinevi-inkilap-kitabevi","10":"pa_yazar-steven-w-hook","12":"first","13":"instock","14":"sale","15":"shipping-taxable","16":"purchasable","17":"product-type-simple"},"_links":{"self":[{"href":"https:\/\/roveyayinevi.com.tr\/index.php\/wp-json\/wp\/v2\/product\/698622","targetHints":{"allow":["GET"]}}],"collection":[{"href":"https:\/\/roveyayinevi.com.tr\/index.php\/wp-json\/wp\/v2\/product"}],"about":[{"href":"https:\/\/roveyayinevi.com.tr\/index.php\/wp-json\/wp\/v2\/types\/product"}],"wp:attachment":[{"href":"https:\/\/roveyayinevi.com.tr\/index.php\/wp-json\/wp\/v2\/media?parent=698622"}],"wp:term":[{"taxonomy":"product_brand","embeddable":true,"href":"https:\/\/roveyayinevi.com.tr\/index.php\/wp-json\/wp\/v2\/product_brand?post=698622"},{"taxonomy":"product_cat","embeddable":true,"href":"https:\/\/roveyayinevi.com.tr\/index.php\/wp-json\/wp\/v2\/product_cat?post=698622"},{"taxonomy":"product_tag","embeddable":true,"href":"https:\/\/roveyayinevi.com.tr\/index.php\/wp-json\/wp\/v2\/product_tag?post=698622"}],"curies":[{"name":"wp","href":"https:\/\/api.w.org\/{rel}","templated":true}]}}