{"id":698604,"date":"2025-08-27T14:46:17","date_gmt":"2025-08-27T11:46:17","guid":{"rendered":"https:\/\/roveyayinevi.com.tr\/index.php\/urun\/bayat-ve-afyonkarahisar-cevresi-soylenceleri\/"},"modified":"2026-04-11T02:09:40","modified_gmt":"2026-04-10T23:09:40","slug":"bayat-ve-afyonkarahisar-cevresi-soylenceleri","status":"publish","type":"product","link":"https:\/\/roveyayinevi.com.tr\/index.php\/urun\/bayat-ve-afyonkarahisar-cevresi-soylenceleri\/","title":{"rendered":"Bayat ve Afyonkarahisar \u00c7evresi S\u00f6ylenceleri"},"content":{"rendered":"<p>Edebiyat\u0131m\u0131zda s\u00f6ylence (efsane) eski \u00e7a\u011flardan beri s\u00f6ylenegelen, ola\u011fan\u00fcst\u00fc varl\u0131klar\u0131, olaylar\u0131 konu edinen hayali hikayelerdir. Halk\u0131n toplumsal ve anonim yarat\u0131lar\u0131 olan s\u00f6ylencelerin i\u00e7inde; tarih, \u015fiir, dram, duygu zenginli\u011fi ve ya\u015fam felsefesi gibi \u00f6\u011feler sakl\u0131d\u0131r.S\u00f6ylencelerin b\u00fct\u00fcn\u00fc onu yaratan halk\u0131n k\u00fclt\u00fcr birikimini yans\u0131t\u0131r. Deneyimli ve usta edebiyat\u00e7\u0131 Mehmet Ayd\u0131n, Bayat ve Afyonkarahisar \u00e7evresinden derledi\u011fi kimi s\u00f6ylence, \u00e7ocuk masal\u0131 ve Nasrettin Hoca f\u0131kralar\u0131n\u0131 bu kitapta bir araya getirdi. <\/p>\n","protected":false},"excerpt":{"rendered":"<p>Edebiyat\u0131m\u0131zda s\u00f6ylence (efsane) eski \u00e7a\u011flardan beri s\u00f6ylenegelen, ola\u011fan\u00fcst\u00fc varl\u0131klar\u0131, olaylar\u0131 konu edinen hayali hikayelerdir. Halk\u0131n toplumsal ve anonim yarat\u0131lar\u0131 olan s\u00f6ylencelerin i\u00e7inde; tarih, \u015fiir, dram, duygu<span class=\"excerpt-hellip\"> [\u2026]<\/span><\/p>\n","protected":false},"featured_media":0,"template":"","meta":{"_monsterinsights_skip_tracking":false,"_monsterinsights_sitenote_active":false,"_monsterinsights_sitenote_note":"","_monsterinsights_sitenote_category":0},"product_brand":[],"product_cat":[12777,12291],"product_tag":[],"class_list":{"0":"post-698604","1":"product","2":"type-product","3":"status-publish","5":"product_cat-deneme","6":"product_cat-edebiyat","7":"pa_cilt-ciltsiz","8":"pa_tur-kitap","9":"pa_yayinevi-kultur-ajans-yayinlari","10":"pa_yazar-mehmet-aydin","12":"first","13":"instock","14":"sale","15":"shipping-taxable","16":"purchasable","17":"product-type-simple"},"_links":{"self":[{"href":"https:\/\/roveyayinevi.com.tr\/index.php\/wp-json\/wp\/v2\/product\/698604","targetHints":{"allow":["GET"]}}],"collection":[{"href":"https:\/\/roveyayinevi.com.tr\/index.php\/wp-json\/wp\/v2\/product"}],"about":[{"href":"https:\/\/roveyayinevi.com.tr\/index.php\/wp-json\/wp\/v2\/types\/product"}],"wp:attachment":[{"href":"https:\/\/roveyayinevi.com.tr\/index.php\/wp-json\/wp\/v2\/media?parent=698604"}],"wp:term":[{"taxonomy":"product_brand","embeddable":true,"href":"https:\/\/roveyayinevi.com.tr\/index.php\/wp-json\/wp\/v2\/product_brand?post=698604"},{"taxonomy":"product_cat","embeddable":true,"href":"https:\/\/roveyayinevi.com.tr\/index.php\/wp-json\/wp\/v2\/product_cat?post=698604"},{"taxonomy":"product_tag","embeddable":true,"href":"https:\/\/roveyayinevi.com.tr\/index.php\/wp-json\/wp\/v2\/product_tag?post=698604"}],"curies":[{"name":"wp","href":"https:\/\/api.w.org\/{rel}","templated":true}]}}