{"id":698600,"date":"2025-08-27T14:46:16","date_gmt":"2025-08-27T11:46:16","guid":{"rendered":"https:\/\/roveyayinevi.com.tr\/index.php\/urun\/fizik\/"},"modified":"2026-04-16T02:07:59","modified_gmt":"2026-04-15T23:07:59","slug":"fizik","status":"publish","type":"product","link":"https:\/\/roveyayinevi.com.tr\/index.php\/urun\/fizik\/","title":{"rendered":"Fizik"},"content":{"rendered":"<p>Madem do\u011fa bir devinim, de\u011fi\u015fme ilkesi ve madem ara\u015ft\u0131rmam\u0131nz do\u011fa \u00fczerine; devimin ne, bunu g\u00f6zden ka\u00e7\u0131rmaman\u0131z gerekiyor, \u00e7\u00fcnk\u00fc devimin bilinmedi\u011finde do\u011fa da bilinmez. Devinimin s\u00fcrekli olan \u015feylerden oldu\u011fu d\u00fc\u015f\u00fcn\u00fcl\u00fcyor, &#8216;s\u00fcrekli&#8217; kavram\u0131nda ilk g\u00f6ze \u00e7arpan \u015fey ise &#8216;sonsuzluk&#8217; &#8230; Ayr\u0131ca &#8216;yer&#8217;den, &#8216;bo\u015fluk&#8217;tan, &#8216;zaman&#8217;dan ba\u011f\u0131ms\u0131z bir devinim olanaks\u0131z. \u0130mdi \u015fu a\u00e7\u0131k: bunlar\u0131n herbirini tek tek ele al\u0131p incelemek gerekiyor. Aristoteles&#8217;in Fizik&#8217;i, Yunanca asl\u0131yla birlikte, ilk kez T\u00fcrk\u00e7ede. Saffet Bab\u00fcr&#8217;\u00fcn \u00e7evirisiyle. \ufffcTan\u0131t\u0131m Metni<\/p>\n","protected":false},"excerpt":{"rendered":"<p>Madem do\u011fa bir devinim, de\u011fi\u015fme ilkesi ve madem ara\u015ft\u0131rmam\u0131nz do\u011fa \u00fczerine; devimin ne, bunu g\u00f6zden ka\u00e7\u0131rmaman\u0131z gerekiyor, \u00e7\u00fcnk\u00fc devimin bilinmedi\u011finde do\u011fa da bilinmez. Devinimin s\u00fcrekli olan<span class=\"excerpt-hellip\"> [\u2026]<\/span><\/p>\n","protected":false},"featured_media":0,"template":"","meta":{"_monsterinsights_skip_tracking":false,"_monsterinsights_sitenote_active":false,"_monsterinsights_sitenote_note":"","_monsterinsights_sitenote_category":0},"product_brand":[],"product_cat":[12389,12388],"product_tag":[],"class_list":{"0":"post-698600","1":"product","2":"type-product","3":"status-publish","5":"product_cat-diger-felsefe","6":"product_cat-felsefe","7":"pa_cilt-ciltsiz","8":"pa_tur-kitap","9":"pa_yayinevi-yapi-kredi-yayinlari","10":"pa_yazar-aristoteles","12":"first","13":"instock","14":"sale","15":"shipping-taxable","16":"purchasable","17":"product-type-simple"},"_links":{"self":[{"href":"https:\/\/roveyayinevi.com.tr\/index.php\/wp-json\/wp\/v2\/product\/698600","targetHints":{"allow":["GET"]}}],"collection":[{"href":"https:\/\/roveyayinevi.com.tr\/index.php\/wp-json\/wp\/v2\/product"}],"about":[{"href":"https:\/\/roveyayinevi.com.tr\/index.php\/wp-json\/wp\/v2\/types\/product"}],"wp:attachment":[{"href":"https:\/\/roveyayinevi.com.tr\/index.php\/wp-json\/wp\/v2\/media?parent=698600"}],"wp:term":[{"taxonomy":"product_brand","embeddable":true,"href":"https:\/\/roveyayinevi.com.tr\/index.php\/wp-json\/wp\/v2\/product_brand?post=698600"},{"taxonomy":"product_cat","embeddable":true,"href":"https:\/\/roveyayinevi.com.tr\/index.php\/wp-json\/wp\/v2\/product_cat?post=698600"},{"taxonomy":"product_tag","embeddable":true,"href":"https:\/\/roveyayinevi.com.tr\/index.php\/wp-json\/wp\/v2\/product_tag?post=698600"}],"curies":[{"name":"wp","href":"https:\/\/api.w.org\/{rel}","templated":true}]}}