{"id":698575,"date":"2025-08-27T14:46:08","date_gmt":"2025-08-27T11:46:08","guid":{"rendered":"https:\/\/roveyayinevi.com.tr\/index.php\/urun\/insanin-acisini-insan-alir\/"},"modified":"2026-04-16T02:07:58","modified_gmt":"2026-04-15T23:07:58","slug":"insanin-acisini-insan-alir","status":"publish","type":"product","link":"https:\/\/roveyayinevi.com.tr\/index.php\/urun\/insanin-acisini-insan-alir\/","title":{"rendered":"\u0130nsan\u0131n Ac\u0131s\u0131n\u0131 \u0130nsan Al\u0131r"},"content":{"rendered":"<p>Ayr\u0131l\u0131k ne biliyor musun? Ne araya yollar\u0131n girmesi, ne kapanan kap\u0131lar, ne y\u0131ld\u0131z kaymas\u0131 gecede, ne g\u00fcz, ne ceplerde tren tarifesi, ne de turna katar\u0131 g\u00f6kte&#8230; \u0130nsan\u0131n i\u00e7ini d\u00f6kmekten vazge\u00e7mesi ayr\u0131l\u0131k. \u0130pi kopmu\u015f boncuklar gibi yollara d\u00f6kt\u00fc\u011f\u00fc g\u00f6zlerini, birer damla d\u00fc\u015f k\u0131r\u0131kl\u0131\u011f\u0131 olarak toplamas\u0131 i\u00e7ine. Ard\u0131nda d\u00fcnyalar \u0131\u015f\u0131yan camlar dururken duvarlara dal\u0131p dal\u0131p gitmesi. T\u00fcrk\u00fcs\u00fcn\u00fc s\u00f6yleyecek kimsesi kalmamak ayr\u0131l\u0131k. \u00d6d\u00fcn\u00e7 sesle konu\u015fan bir kalabal\u0131k i\u00e7inde kendi sesiyle silinmek. Birdenbire b\u00fcy\u00fcmesi, g\u00fcl\u00fc\u015f\u00fc art\u0131k yaprak k\u0131p\u0131rdatmayan bir \u00e7ocu\u011fun. \u0130nsan\u0131n ya\u015fland\u0131k\u00e7a kendi kuyusuna d\u00fc\u015fmesi. Bir kad\u0131n\u0131n yata\u011f\u0131na uzanan k\u00fcl ba\u011flam\u0131\u015f bir g\u00f6vde. Sa\u00e7\u0131na r\u00fczgar, sesine \u0131\u015f\u0131k d\u00fc\u015f\u00fcrememek kimsenin. Parmaklar\u0131n\u0131 s\u00f6z\u00fcne p\u0131nar edememek. Uzaklarda bir adam\u0131n \u00fc\u015f\u00fcmesi, bir kad\u0131n da\u011flara dald\u0131k\u00e7a. I\u015f\u0131kl\u0131 vitrinlere bakmadan ge\u00e7mek \u00e7ar\u015f\u0131lardan. \u00c7i\u00e7ek\u00e7ilerden uza\u011fa d\u00fc\u015fmesi insan\u0131n yolunun. Evlerle sokaklar aras\u0131nda bir ayr\u0131m kalmamas\u0131&#8230; Ayr\u0131l\u0131k o k\u00fc\u00e7\u00fck \u00f6l\u00fcm, usta dokunu\u015flarla bizi b\u00fcy\u00fck \u00f6l\u00fcme haz\u0131rlayan. \ufffc <\/p>\n","protected":false},"excerpt":{"rendered":"<p>Ayr\u0131l\u0131k ne biliyor musun? Ne araya yollar\u0131n girmesi, ne kapanan kap\u0131lar, ne y\u0131ld\u0131z kaymas\u0131 gecede, ne g\u00fcz, ne ceplerde tren tarifesi, ne de turna katar\u0131 g\u00f6kte&#8230;<span class=\"excerpt-hellip\"> [\u2026]<\/span><\/p>\n","protected":false},"featured_media":0,"template":"","meta":{"_monsterinsights_skip_tracking":false,"_monsterinsights_sitenote_active":false,"_monsterinsights_sitenote_note":"","_monsterinsights_sitenote_category":0},"product_brand":[],"product_cat":[12777,12291],"product_tag":[],"class_list":{"0":"post-698575","1":"product","2":"type-product","3":"status-publish","5":"product_cat-deneme","6":"product_cat-edebiyat","7":"pa_cilt-ciltsiz","8":"pa_tur-kitap","9":"pa_yayinevi-kirmizi-kedi-yayinevi","10":"pa_yazar-sukru-erbas","12":"first","13":"instock","14":"sale","15":"shipping-taxable","16":"purchasable","17":"product-type-simple"},"_links":{"self":[{"href":"https:\/\/roveyayinevi.com.tr\/index.php\/wp-json\/wp\/v2\/product\/698575","targetHints":{"allow":["GET"]}}],"collection":[{"href":"https:\/\/roveyayinevi.com.tr\/index.php\/wp-json\/wp\/v2\/product"}],"about":[{"href":"https:\/\/roveyayinevi.com.tr\/index.php\/wp-json\/wp\/v2\/types\/product"}],"wp:attachment":[{"href":"https:\/\/roveyayinevi.com.tr\/index.php\/wp-json\/wp\/v2\/media?parent=698575"}],"wp:term":[{"taxonomy":"product_brand","embeddable":true,"href":"https:\/\/roveyayinevi.com.tr\/index.php\/wp-json\/wp\/v2\/product_brand?post=698575"},{"taxonomy":"product_cat","embeddable":true,"href":"https:\/\/roveyayinevi.com.tr\/index.php\/wp-json\/wp\/v2\/product_cat?post=698575"},{"taxonomy":"product_tag","embeddable":true,"href":"https:\/\/roveyayinevi.com.tr\/index.php\/wp-json\/wp\/v2\/product_tag?post=698575"}],"curies":[{"name":"wp","href":"https:\/\/api.w.org\/{rel}","templated":true}]}}