{"id":698572,"date":"2025-08-27T14:46:07","date_gmt":"2025-08-27T11:46:07","guid":{"rendered":"https:\/\/roveyayinevi.com.tr\/index.php\/urun\/cocuklarimiz-icin-sarkilar-ve-siirler\/"},"modified":"2026-01-29T02:14:45","modified_gmt":"2026-01-28T23:14:45","slug":"cocuklarimiz-icin-sarkilar-ve-siirler","status":"publish","type":"product","link":"https:\/\/roveyayinevi.com.tr\/index.php\/urun\/cocuklarimiz-icin-sarkilar-ve-siirler\/","title":{"rendered":"\u00c7ocuklar\u0131m\u0131z \u0130\u00e7in \u015fark\u0131lar ve \u015eiirler"},"content":{"rendered":"<p>\u00c7ocuklar\u0131n ilgiyle y\u00f6neldi\u011fi m\u00fczik e\u011fitimi alan\u0131nda s\u00f6z ve ezgi b\u00fct\u00fcnl\u00fc\u011f\u00fc ve yeterlili\u011fi a\u00e7\u0131s\u0131ndan bir eksiklik s\u00f6zkonusudur. \u00c7\u00fcnk\u00fc nitelik ve nicelik bak\u0131m\u0131ndan yeni \u015fark\u0131 ya da \u015fiir \u00fcretimi yetersiz ve melodilerin \u00e7o\u011fu d\u0131\u015f kaynakl\u0131 olabilmektedir. \u00c7o\u011funlukla bu melodilere, ses ve s\u00f6z uyumu y\u00f6n\u00fcnden \u00e7ocuklar taraf\u0131ndan \u00f6\u011frenilmesi ve anla\u015f\u0131lmas\u0131, dolay\u0131s\u0131yla sevilmesi zor \u015fiirler yaz\u0131labilmektedir.\u00c7ocuklar\u0131m\u0131z \u0130\u00e7in \u015eark\u0131lar ve \u015eiirler&#8217;in, bu alandaki eksikli\u011fi giderece\u011fine ve \u00e7ocuklar, \u00f6\u011fretmenler, veliler ve ara\u015ft\u0131rmac\u0131lar i\u00e7in vazge\u00e7ilmez bir kaynak kitap niteli\u011fi ta\u015f\u0131yaca\u011f\u0131na inan\u0131yoruz. <\/p>\n","protected":false},"excerpt":{"rendered":"<p>\u00c7ocuklar\u0131n ilgiyle y\u00f6neldi\u011fi m\u00fczik e\u011fitimi alan\u0131nda s\u00f6z ve ezgi b\u00fct\u00fcnl\u00fc\u011f\u00fc ve yeterlili\u011fi a\u00e7\u0131s\u0131ndan bir eksiklik s\u00f6zkonusudur. \u00c7\u00fcnk\u00fc nitelik ve nicelik bak\u0131m\u0131ndan yeni \u015fark\u0131 ya da \u015fiir<span class=\"excerpt-hellip\"> [\u2026]<\/span><\/p>\n","protected":false},"featured_media":0,"template":"","meta":{"_monsterinsights_skip_tracking":false,"_monsterinsights_sitenote_active":false,"_monsterinsights_sitenote_note":"","_monsterinsights_sitenote_category":0},"product_brand":[],"product_cat":[12913,12274],"product_tag":[],"class_list":{"0":"post-698572","1":"product","2":"type-product","3":"status-publish","5":"product_cat-3-6-yas-kitaplari","6":"product_cat-cocuk-ve-genclik-kitaplari","7":"pa_cilt-ciltsiz","8":"pa_tur-kitap","9":"pa_yayinevi-utopya-yayinevi","10":"pa_yazar-ilyas-kara","12":"first","13":"instock","14":"sale","15":"shipping-taxable","16":"purchasable","17":"product-type-simple"},"_links":{"self":[{"href":"https:\/\/roveyayinevi.com.tr\/index.php\/wp-json\/wp\/v2\/product\/698572","targetHints":{"allow":["GET"]}}],"collection":[{"href":"https:\/\/roveyayinevi.com.tr\/index.php\/wp-json\/wp\/v2\/product"}],"about":[{"href":"https:\/\/roveyayinevi.com.tr\/index.php\/wp-json\/wp\/v2\/types\/product"}],"wp:attachment":[{"href":"https:\/\/roveyayinevi.com.tr\/index.php\/wp-json\/wp\/v2\/media?parent=698572"}],"wp:term":[{"taxonomy":"product_brand","embeddable":true,"href":"https:\/\/roveyayinevi.com.tr\/index.php\/wp-json\/wp\/v2\/product_brand?post=698572"},{"taxonomy":"product_cat","embeddable":true,"href":"https:\/\/roveyayinevi.com.tr\/index.php\/wp-json\/wp\/v2\/product_cat?post=698572"},{"taxonomy":"product_tag","embeddable":true,"href":"https:\/\/roveyayinevi.com.tr\/index.php\/wp-json\/wp\/v2\/product_tag?post=698572"}],"curies":[{"name":"wp","href":"https:\/\/api.w.org\/{rel}","templated":true}]}}