{"id":698553,"date":"2025-08-27T14:46:02","date_gmt":"2025-08-27T11:46:02","guid":{"rendered":"https:\/\/roveyayinevi.com.tr\/index.php\/urun\/1-kadin-2-sala-k\/"},"modified":"2026-04-16T02:07:58","modified_gmt":"2026-04-15T23:07:58","slug":"1-kadin-2-sala-k","status":"publish","type":"product","link":"https:\/\/roveyayinevi.com.tr\/index.php\/urun\/1-kadin-2-sala-k\/","title":{"rendered":"1 Kad\u0131n 2 Sala k"},"content":{"rendered":"<p>Fatih Aker &amp; Livio Jr. Angelisanti\u201cA\u015fk\u0131 hesaba katmam\u0131\u015flard\u0131\u2026\u201dG\u00fczel ve ak\u0131ll\u0131 1 Kad\u0131n\u2019\u0131n ve tehlikeli 2 Salak\u2019\u0131n ba\u015frollerinde oldu\u011fu romantik bir gerilim.Ayn\u0131 anda, ayn\u0131 kad\u0131na a\u015f\u0131k olan iki arkada\u015f\u0131n, a\u015fkla, rekabetle, ihanetle, gururla imtihan\u0131. Kaliteli mizah anlay\u0131\u015f\u0131yla s\u00fcslenmi\u015f m\u00fckemmel bir kurgu.Okurun yine elinden b\u0131rakamayaca\u011f\u0131 bir Diz\u00fcst\u00fc Edebiyat roman\u0131nda bu kez bir ilki denedik. Kitap okuma deneyimine yepyeni boyutlar katan bir uygulamay\u0131 hayata ge\u00e7irdik:T\u00fcrkiye\u2019nin ilk mobil etkile\u015fimli kitab\u0131Okur, Fatih ve Livio\u2019nun maceras\u0131na tat katan ayr\u0131nt\u0131lara m\u00fczik, foto\u011fraf, video ve konum bilgisi olarak ula\u015fabilecek. Bigumigu deste\u011fi ile ger\u00e7ekle\u015ftirdi\u011fimiz bu uygulamay\u0131 bundan sonra devam ettirmek ve geli\u015ftirmek hayalimiz. K\u0131saca \u00f6zetlemek gerekirse, kitab\u0131n sayfalar\u0131 aras\u0131na yerle\u015ftirdi\u011fimiz barkodlar\u0131, cep telefonlar\u0131n\u0131z\u0131n kameras\u0131yla okutarak, internet \u00fczerinden s\u00fcrpriz i\u00e7eriklere ula\u015fabileceksiniz. Ayr\u0131nt\u0131l\u0131 a\u00e7\u0131klama kitab\u0131n i\u00e7erisinde.<\/p>\n","protected":false},"excerpt":{"rendered":"<p>Fatih Aker &amp; Livio Jr. Angelisanti\u201cA\u015fk\u0131 hesaba katmam\u0131\u015flard\u0131\u2026\u201dG\u00fczel ve ak\u0131ll\u0131 1 Kad\u0131n\u2019\u0131n ve tehlikeli 2 Salak\u2019\u0131n ba\u015frollerinde oldu\u011fu romantik bir gerilim.Ayn\u0131 anda, ayn\u0131 kad\u0131na a\u015f\u0131k olan<span class=\"excerpt-hellip\"> [\u2026]<\/span><\/p>\n","protected":false},"featured_media":0,"template":"","meta":{"_monsterinsights_skip_tracking":false,"_monsterinsights_sitenote_active":false,"_monsterinsights_sitenote_note":"","_monsterinsights_sitenote_category":0},"product_brand":[],"product_cat":[12291,12292],"product_tag":[],"class_list":{"0":"post-698553","1":"product","2":"type-product","3":"status-publish","5":"product_cat-edebiyat","6":"product_cat-turk-edebiyati","7":"pa_tur-kitap","8":"pa_yayinevi-okuyan-us-yayin","9":"pa_yazar-fatih-aker","11":"first","12":"instock","13":"sale","14":"shipping-taxable","15":"purchasable","16":"product-type-simple"},"_links":{"self":[{"href":"https:\/\/roveyayinevi.com.tr\/index.php\/wp-json\/wp\/v2\/product\/698553","targetHints":{"allow":["GET"]}}],"collection":[{"href":"https:\/\/roveyayinevi.com.tr\/index.php\/wp-json\/wp\/v2\/product"}],"about":[{"href":"https:\/\/roveyayinevi.com.tr\/index.php\/wp-json\/wp\/v2\/types\/product"}],"wp:attachment":[{"href":"https:\/\/roveyayinevi.com.tr\/index.php\/wp-json\/wp\/v2\/media?parent=698553"}],"wp:term":[{"taxonomy":"product_brand","embeddable":true,"href":"https:\/\/roveyayinevi.com.tr\/index.php\/wp-json\/wp\/v2\/product_brand?post=698553"},{"taxonomy":"product_cat","embeddable":true,"href":"https:\/\/roveyayinevi.com.tr\/index.php\/wp-json\/wp\/v2\/product_cat?post=698553"},{"taxonomy":"product_tag","embeddable":true,"href":"https:\/\/roveyayinevi.com.tr\/index.php\/wp-json\/wp\/v2\/product_tag?post=698553"}],"curies":[{"name":"wp","href":"https:\/\/api.w.org\/{rel}","templated":true}]}}