{"id":698522,"date":"2025-08-27T14:45:53","date_gmt":"2025-08-27T11:45:53","guid":{"rendered":"https:\/\/roveyayinevi.com.tr\/index.php\/urun\/turkiyenin-kurtleri\/"},"modified":"2026-04-16T02:07:56","modified_gmt":"2026-04-15T23:07:56","slug":"turkiyenin-kurtleri","status":"publish","type":"product","link":"https:\/\/roveyayinevi.com.tr\/index.php\/urun\/turkiyenin-kurtleri\/","title":{"rendered":"T\u00fcrkiye&#8217;nin K\u00fcrtleri"},"content":{"rendered":"<p>T\u00fcrkiye k\u00fcrtleri ile ilgili literat\u00fcr tarih al\u0131\u015fmalar\u0131 alan\u0131 ile b\u00f6lgesel\/k\u00fcresel siyasetin g\u00fc\u00e7 ili\u015fkeliri aras\u0131nda hapsolmu\u015ftur. K\u00fcrtler ezici bir \u00e7o\u011funlukla ve   \u00fclke i\u00e7indeki boyutlar\u0131yla &#8216;K\u00fcrt Problemi&#8217; olarak ve uluslararas\u0131 ba\u011flamda da &#8216;K\u00fcrt Sorunu&#8217; olarak   akademik \u00e7al\u0131\u015fmalara konu edilmektedir. Bug\u00fcne kadar \u00f6zellikle T\u00fcrkiye K\u00fcrtleri \u00fczerine, yap\u0131lan \u00e7al\u0131\u015fmalar s\u00f6z konusu n\u00fcfusu kendi i\u00e7inde bir entitenin toplumsal dinami\u011fi olarak tanimaya\/anlamaya giri\u015fmemektedirler. <\/p>\n","protected":false},"excerpt":{"rendered":"<p>T\u00fcrkiye k\u00fcrtleri ile ilgili literat\u00fcr tarih al\u0131\u015fmalar\u0131 alan\u0131 ile b\u00f6lgesel\/k\u00fcresel siyasetin g\u00fc\u00e7 ili\u015fkeliri aras\u0131nda hapsolmu\u015ftur. K\u00fcrtler ezici bir \u00e7o\u011funlukla ve \u00fclke i\u00e7indeki boyutlar\u0131yla &#8216;K\u00fcrt Problemi&#8217; olarak<span class=\"excerpt-hellip\"> [\u2026]<\/span><\/p>\n","protected":false},"featured_media":0,"template":"","meta":{"_monsterinsights_skip_tracking":false,"_monsterinsights_sitenote_active":false,"_monsterinsights_sitenote_note":"","_monsterinsights_sitenote_category":0},"product_brand":[],"product_cat":[12351,12324],"product_tag":[],"class_list":{"0":"post-698522","1":"product","2":"type-product","3":"status-publish","5":"product_cat-siyaset-sosyolojisi","6":"product_cat-sosyoloji","7":"pa_tur-kitap","8":"pa_yayinevi-profil-kitap","9":"pa_yazar-ali-kemal-ozcan","11":"first","12":"instock","13":"sale","14":"shipping-taxable","15":"purchasable","16":"product-type-simple"},"_links":{"self":[{"href":"https:\/\/roveyayinevi.com.tr\/index.php\/wp-json\/wp\/v2\/product\/698522","targetHints":{"allow":["GET"]}}],"collection":[{"href":"https:\/\/roveyayinevi.com.tr\/index.php\/wp-json\/wp\/v2\/product"}],"about":[{"href":"https:\/\/roveyayinevi.com.tr\/index.php\/wp-json\/wp\/v2\/types\/product"}],"wp:attachment":[{"href":"https:\/\/roveyayinevi.com.tr\/index.php\/wp-json\/wp\/v2\/media?parent=698522"}],"wp:term":[{"taxonomy":"product_brand","embeddable":true,"href":"https:\/\/roveyayinevi.com.tr\/index.php\/wp-json\/wp\/v2\/product_brand?post=698522"},{"taxonomy":"product_cat","embeddable":true,"href":"https:\/\/roveyayinevi.com.tr\/index.php\/wp-json\/wp\/v2\/product_cat?post=698522"},{"taxonomy":"product_tag","embeddable":true,"href":"https:\/\/roveyayinevi.com.tr\/index.php\/wp-json\/wp\/v2\/product_tag?post=698522"}],"curies":[{"name":"wp","href":"https:\/\/api.w.org\/{rel}","templated":true}]}}

Türkiye&#8217;nin Kürtleri

<p>Türkiye kürtleri ile ilgili literatür tarih alışmaları alanı ile bölgesel/küresel siyasetin güç ilişkeliri arasında hapsolmuştur. Kürtler ezici bir çoğunlukla ve   ülke içindeki boyutlarıyla &#8216;Kürt Problemi&#8217; olarak ve uluslararası bağlamda da &#8216;Kürt Sorunu&#8217; olarak   akademik çalışmalara konu edilmektedir. Bugüne kadar özellikle Türkiye Kürtleri üzerine, yapılan çalışmalar söz konusu nüfusu kendi içinde bir entitenin toplumsal dinamiği olarak tanimaya/anlamaya girişmemektedirler. </p>

<p>Türkiye kürtleri ile ilgili literatür tarih alışmaları alanı ile bölgesel/küresel siyasetin güç ilişkeliri arasında hapsolmuştur. Kürtler ezici bir çoğunlukla ve ülke içindeki boyutlarıyla &#8216;Kürt Problemi&#8217; olarak<span class="excerpt-hellip"> […]</span></p>
