{"id":698516,"date":"2025-08-27T14:45:51","date_gmt":"2025-08-27T11:45:51","guid":{"rendered":"https:\/\/roveyayinevi.com.tr\/index.php\/urun\/aristoteles-felsefesi-temel-kavramlar-ve-gorusler\/"},"modified":"2026-04-16T02:07:56","modified_gmt":"2026-04-15T23:07:56","slug":"aristoteles-felsefesi-temel-kavramlar-ve-gorusler","status":"publish","type":"product","link":"https:\/\/roveyayinevi.com.tr\/index.php\/urun\/aristoteles-felsefesi-temel-kavramlar-ve-gorusler\/","title":{"rendered":"Aristoteles Felsefesi: Temel Kavramlar ve G\u00f6r\u00fc\u015fler"},"content":{"rendered":"<p>Bu kitap Aristoteles felsefesinin temel kavramlar\u0131ndan baz\u0131lar\u0131n\u0131 a\u00e7\u0131klamay\u0131, ayr\u0131ca onun birtak\u0131m temel problemleri ele alma bi\u00e7imini serimlemeyi ama\u00e7lamaktad\u0131r. Bu da iki temel nokta hesaba kat\u0131larak yap\u0131lm\u0131\u015ft\u0131r. Birincisi, Aristoteles\u2019in ayn\u0131 metninin farkl\u0131 yerlerinde ya da farkl\u0131 metinlerinde rastlanan, felsefenin temel problemlerine yakla\u015f\u0131m bi\u00e7imine ve\/veya Aristoteles felsefesinin temel kavramlar\u0131na ili\u015fkin ipu\u00e7lar\u0131, olabildi\u011fince, bir b\u00fct\u00fcnl\u00fck olu\u015fturacak bi\u00e7imde bir araya getirilmeye, yorumsuz aktar\u0131lmaya \u00e7al\u0131\u015f\u0131lm\u0131\u015ft\u0131r. \u0130kincisi, Aristoteles\u2019in kulland\u0131\u011f\u0131 bir kavram ya da onun bir g\u00f6r\u00fc\u015f\u00fc bir sonuca ba\u011flan\u0131rken Aristoteles felsefesinin b\u00fct\u00fcn\u00fc g\u00f6z\u00f6n\u00fcne al\u0131nm\u0131\u015ft\u0131r. <\/p>\n","protected":false},"excerpt":{"rendered":"<p>Bu kitap Aristoteles felsefesinin temel kavramlar\u0131ndan baz\u0131lar\u0131n\u0131 a\u00e7\u0131klamay\u0131, ayr\u0131ca onun birtak\u0131m temel problemleri ele alma bi\u00e7imini serimlemeyi ama\u00e7lamaktad\u0131r. Bu da iki temel nokta hesaba kat\u0131larak yap\u0131lm\u0131\u015ft\u0131r.<span class=\"excerpt-hellip\"> [\u2026]<\/span><\/p>\n","protected":false},"featured_media":0,"template":"","meta":{"_monsterinsights_skip_tracking":false,"_monsterinsights_sitenote_active":false,"_monsterinsights_sitenote_note":"","_monsterinsights_sitenote_category":0},"product_brand":[],"product_cat":[12388,14717],"product_tag":[],"class_list":{"0":"post-698516","1":"product","2":"type-product","3":"status-publish","5":"product_cat-felsefe","6":"product_cat-felsefe-tarihi","7":"pa_cilt-ciltsiz","8":"pa_tur-kitap","9":"pa_yayinevi-bilgesu-yayincilik","10":"pa_yazar-muttalip-ozcan","12":"first","13":"instock","14":"sale","15":"shipping-taxable","16":"purchasable","17":"product-type-simple"},"_links":{"self":[{"href":"https:\/\/roveyayinevi.com.tr\/index.php\/wp-json\/wp\/v2\/product\/698516","targetHints":{"allow":["GET"]}}],"collection":[{"href":"https:\/\/roveyayinevi.com.tr\/index.php\/wp-json\/wp\/v2\/product"}],"about":[{"href":"https:\/\/roveyayinevi.com.tr\/index.php\/wp-json\/wp\/v2\/types\/product"}],"wp:attachment":[{"href":"https:\/\/roveyayinevi.com.tr\/index.php\/wp-json\/wp\/v2\/media?parent=698516"}],"wp:term":[{"taxonomy":"product_brand","embeddable":true,"href":"https:\/\/roveyayinevi.com.tr\/index.php\/wp-json\/wp\/v2\/product_brand?post=698516"},{"taxonomy":"product_cat","embeddable":true,"href":"https:\/\/roveyayinevi.com.tr\/index.php\/wp-json\/wp\/v2\/product_cat?post=698516"},{"taxonomy":"product_tag","embeddable":true,"href":"https:\/\/roveyayinevi.com.tr\/index.php\/wp-json\/wp\/v2\/product_tag?post=698516"}],"curies":[{"name":"wp","href":"https:\/\/api.w.org\/{rel}","templated":true}]}}