{"id":698496,"date":"2025-08-27T14:45:46","date_gmt":"2025-08-27T11:45:46","guid":{"rendered":"https:\/\/roveyayinevi.com.tr\/index.php\/urun\/afacanlar-okulda-nil-hanimin-mumya-dersleri\/"},"modified":"2026-04-16T02:07:55","modified_gmt":"2026-04-15T23:07:55","slug":"afacanlar-okulda-nil-hanimin-mumya-dersleri","status":"publish","type":"product","link":"https:\/\/roveyayinevi.com.tr\/index.php\/urun\/afacanlar-okulda-nil-hanimin-mumya-dersleri\/","title":{"rendered":"Afacanlar Okulda &#8211; Nil Han\u0131m\u2019\u0131n Mumya Dersleri"},"content":{"rendered":"<p>Nil Han\u0131m, bize &#8220;Neyi bekliyorsunuz?&#8221; diye seslendi. Teker teker bilgisayar masas\u0131n\u0131n alt\u0131ndan ge\u00e7erek bir mumyan\u0131n mezar\u0131na girdik! Bizim okulumuz di\u011fer okullardan \u00e7ok farkl\u0131d\u0131r. \u00d6ncelikle, \u00f6\u011fretmenlerimizi ele alal\u0131m. Nil Han\u0131m, biraz \u00fcrk\u00fct\u00fcc\u00fc olabilir ama dersleri, ger\u00e7ekten de sihirli! \u015eunlar\u0131 \u00f6\u011frendik: &#8211; Firavunlar: Bir firavun, arabas\u0131yla s\u0131n\u0131f\u0131m\u0131za girdi! &#8211; Mumya yap\u0131m\u0131: Eski M\u0131s\u0131r\u2019daki bir mumyac\u0131 bize ders verdi! &#8211; Mezarlar: Afacanlar \u00c7etesi olarak, Krallar Vadisi\u2019nde yatan Tutankamon\u2019un mezar\u0131n\u0131 inceledik! Buras\u0131 harika. Gelin de kendi g\u00f6zlerinizle g\u00f6r\u00fcn!..\ufffc<\/p>\n","protected":false},"excerpt":{"rendered":"<p>Nil Han\u0131m, bize &#8220;Neyi bekliyorsunuz?&#8221; diye seslendi. Teker teker bilgisayar masas\u0131n\u0131n alt\u0131ndan ge\u00e7erek bir mumyan\u0131n mezar\u0131na girdik! Bizim okulumuz di\u011fer okullardan \u00e7ok farkl\u0131d\u0131r. \u00d6ncelikle, \u00f6\u011fretmenlerimizi ele<span class=\"excerpt-hellip\"> [\u2026]<\/span><\/p>\n","protected":false},"featured_media":0,"template":"","meta":{"_monsterinsights_skip_tracking":false,"_monsterinsights_sitenote_active":false,"_monsterinsights_sitenote_note":"","_monsterinsights_sitenote_category":0},"product_brand":[],"product_cat":[12477,12364],"product_tag":[],"class_list":{"0":"post-698496","1":"product","2":"type-product","3":"status-publish","5":"product_cat-eglence-mizah","6":"product_cat-genel-konular","7":"pa_cilt-ciltsiz","8":"pa_tur-kitap","9":"pa_yayinevi-beyaz-balina-yayinlari","10":"pa_yazar-alan-macdonald","12":"first","13":"instock","14":"sale","15":"shipping-taxable","16":"purchasable","17":"product-type-simple"},"_links":{"self":[{"href":"https:\/\/roveyayinevi.com.tr\/index.php\/wp-json\/wp\/v2\/product\/698496","targetHints":{"allow":["GET"]}}],"collection":[{"href":"https:\/\/roveyayinevi.com.tr\/index.php\/wp-json\/wp\/v2\/product"}],"about":[{"href":"https:\/\/roveyayinevi.com.tr\/index.php\/wp-json\/wp\/v2\/types\/product"}],"wp:attachment":[{"href":"https:\/\/roveyayinevi.com.tr\/index.php\/wp-json\/wp\/v2\/media?parent=698496"}],"wp:term":[{"taxonomy":"product_brand","embeddable":true,"href":"https:\/\/roveyayinevi.com.tr\/index.php\/wp-json\/wp\/v2\/product_brand?post=698496"},{"taxonomy":"product_cat","embeddable":true,"href":"https:\/\/roveyayinevi.com.tr\/index.php\/wp-json\/wp\/v2\/product_cat?post=698496"},{"taxonomy":"product_tag","embeddable":true,"href":"https:\/\/roveyayinevi.com.tr\/index.php\/wp-json\/wp\/v2\/product_tag?post=698496"}],"curies":[{"name":"wp","href":"https:\/\/api.w.org\/{rel}","templated":true}]}}