{"id":698462,"date":"2025-08-27T14:45:36","date_gmt":"2025-08-27T11:45:36","guid":{"rendered":"https:\/\/roveyayinevi.com.tr\/index.php\/urun\/gramatoloji\/"},"modified":"2026-04-16T02:07:55","modified_gmt":"2026-04-15T23:07:55","slug":"gramatoloji","status":"publish","type":"product","link":"https:\/\/roveyayinevi.com.tr\/index.php\/urun\/gramatoloji\/","title":{"rendered":"Gramatoloji"},"content":{"rendered":"<p>Bu incelemenin Birinci B\u00f6l\u00fcm\u00fc, \u201cYaz\u0131 Yaz\u0131 Olmadan \u00d6nce\u201d, ana \u00e7izgileriyle kuramsal bir matris \u00e7iziyor. Baz\u0131 tarihsel nirengi noktalar\u0131na i\u015faret ediyor ve birka\u00e7 ele\u015ftirel kavram \u00f6neriyor. Bunlar \u0130kinci B\u00f6l\u00fcmde, \u201cDo\u011fa, K\u00fclt\u00fcr, Yaz\u0131\u201dda, s\u0131nan\u0131yor: bu b\u00f6l\u00fcm bir bak\u0131ma \u00f6rneklendirme a\u015famas\u0131. Bunu da Rousseau\u2019nun Dillerin K\u00f6keni \u00dczerine Deneme adl\u0131 kitab\u0131 \u00fczerinden yap\u0131yor. Rousseau\u2019nun metninin yorumlanma bi\u00e7imi, Birinci B\u00f6l\u00fcmde ileri s\u00fcr\u00fclen \u00f6nermelere s\u0131k\u0131 s\u0131k\u0131ya ba\u011fl\u0131. Bunlar bu okuman\u0131n, hi\u00e7 olmazsa ekseni itibar\u0131yla, tarihin kategorilerinin d\u0131\u015f\u0131na \u00e7\u0131kmas\u0131n\u0131 gerekli k\u0131l\u0131yor: elbette d\u00fc\u015f\u00fcnce tarihinin ve de edebiyat tarihinin ama belki her \u015feyden \u00f6nce felsefe tarihinin d\u0131\u015f\u0131na. <\/p>\n","protected":false},"excerpt":{"rendered":"<p>Bu incelemenin Birinci B\u00f6l\u00fcm\u00fc, \u201cYaz\u0131 Yaz\u0131 Olmadan \u00d6nce\u201d, ana \u00e7izgileriyle kuramsal bir matris \u00e7iziyor. Baz\u0131 tarihsel nirengi noktalar\u0131na i\u015faret ediyor ve birka\u00e7 ele\u015ftirel kavram \u00f6neriyor. Bunlar<span class=\"excerpt-hellip\"> [\u2026]<\/span><\/p>\n","protected":false},"featured_media":0,"template":"","meta":{"_monsterinsights_skip_tracking":false,"_monsterinsights_sitenote_active":false,"_monsterinsights_sitenote_note":"","_monsterinsights_sitenote_category":0},"product_brand":[],"product_cat":[12388],"product_tag":[],"class_list":{"0":"post-698462","1":"product","2":"type-product","3":"status-publish","5":"product_cat-felsefe","6":"pa_cilt-ciltsiz","7":"pa_tur-kitap","8":"pa_yayinevi-bilgesu-yayincilik","9":"pa_yazar-jacques-derrida","11":"first","12":"instock","13":"sale","14":"shipping-taxable","15":"purchasable","16":"product-type-simple"},"_links":{"self":[{"href":"https:\/\/roveyayinevi.com.tr\/index.php\/wp-json\/wp\/v2\/product\/698462","targetHints":{"allow":["GET"]}}],"collection":[{"href":"https:\/\/roveyayinevi.com.tr\/index.php\/wp-json\/wp\/v2\/product"}],"about":[{"href":"https:\/\/roveyayinevi.com.tr\/index.php\/wp-json\/wp\/v2\/types\/product"}],"wp:attachment":[{"href":"https:\/\/roveyayinevi.com.tr\/index.php\/wp-json\/wp\/v2\/media?parent=698462"}],"wp:term":[{"taxonomy":"product_brand","embeddable":true,"href":"https:\/\/roveyayinevi.com.tr\/index.php\/wp-json\/wp\/v2\/product_brand?post=698462"},{"taxonomy":"product_cat","embeddable":true,"href":"https:\/\/roveyayinevi.com.tr\/index.php\/wp-json\/wp\/v2\/product_cat?post=698462"},{"taxonomy":"product_tag","embeddable":true,"href":"https:\/\/roveyayinevi.com.tr\/index.php\/wp-json\/wp\/v2\/product_tag?post=698462"}],"curies":[{"name":"wp","href":"https:\/\/api.w.org\/{rel}","templated":true}]}}