{"id":698456,"date":"2025-08-27T14:45:34","date_gmt":"2025-08-27T11:45:34","guid":{"rendered":"https:\/\/roveyayinevi.com.tr\/index.php\/urun\/aydinlanma-uzerine-bir-derkenar\/"},"modified":"2026-04-16T02:07:54","modified_gmt":"2026-04-15T23:07:54","slug":"aydinlanma-uzerine-bir-derkenar","status":"publish","type":"product","link":"https:\/\/roveyayinevi.com.tr\/index.php\/urun\/aydinlanma-uzerine-bir-derkenar\/","title":{"rendered":"Ayd\u0131nlanma \u00dczerine Bir Derkenar"},"content":{"rendered":"<p>Bir piyes yazar\u0131 oturup bir komedi yazsa; piyesin kahraman\u0131 da Moli\u00e8revari bir tip olsa&#8230; Piyesin ad\u0131, piyesin kahraman\u0131na izafeten, &#8220;Ayd\u0131nlanm\u0131\u015f Ayd\u0131n&#8221; olsa. Bu tip hem rasyonalizmi hem de ayn\u0131 anda emprisizmi savunsa; hem H\u0131ristiyan oldu\u011funu s\u00f6ylese hem de d\u00f6n\u00fcp ateist olsa, ayn\u0131 zamanda da deist oldu\u011funu s\u00f6ylese, hem materyalizmi savunsa hem de monadlar\u0131n mevcudiyetine inansa, v.ilah&#8230; B\u00f6yle ka\u00e7\u0131k bir tipe g\u00fclerdiniz de\u011fil mi? \u0130\u015fte ger\u00e7ek bir &#8220;Ayd\u0131nlanmac\u0131&#8221; tam budur!Ne &#8220;ayd\u0131nlanma&#8221; diye bir \u015fey oldu, ne de &#8220;ayd\u0131nlanmac\u0131&#8221; olabilir. &#8220;Ayd\u0131nlanma&#8221; entelekt\u00fcellerin bir hurafesidir. <\/p>\n","protected":false},"excerpt":{"rendered":"<p>Bir piyes yazar\u0131 oturup bir komedi yazsa; piyesin kahraman\u0131 da Moli\u00e8revari bir tip olsa&#8230; Piyesin ad\u0131, piyesin kahraman\u0131na izafeten, &#8220;Ayd\u0131nlanm\u0131\u015f Ayd\u0131n&#8221; olsa. Bu tip hem rasyonalizmi<span class=\"excerpt-hellip\"> [\u2026]<\/span><\/p>\n","protected":false},"featured_media":0,"template":"","meta":{"_monsterinsights_skip_tracking":false,"_monsterinsights_sitenote_active":false,"_monsterinsights_sitenote_note":"","_monsterinsights_sitenote_category":0},"product_brand":[],"product_cat":[19460,13527],"product_tag":[],"class_list":{"0":"post-698456","1":"product","2":"type-product","3":"status-publish","5":"product_cat-felsefe-sureli-yayinlar","6":"product_cat-sureli-yayinlar","7":"pa_cilt-ciltsiz","8":"pa_tur-kitap","9":"pa_yayinevi-bilgesu-yayincilik","10":"pa_yazar-fehmi-baykan","12":"first","13":"instock","14":"sale","15":"shipping-taxable","16":"purchasable","17":"product-type-simple"},"_links":{"self":[{"href":"https:\/\/roveyayinevi.com.tr\/index.php\/wp-json\/wp\/v2\/product\/698456","targetHints":{"allow":["GET"]}}],"collection":[{"href":"https:\/\/roveyayinevi.com.tr\/index.php\/wp-json\/wp\/v2\/product"}],"about":[{"href":"https:\/\/roveyayinevi.com.tr\/index.php\/wp-json\/wp\/v2\/types\/product"}],"wp:attachment":[{"href":"https:\/\/roveyayinevi.com.tr\/index.php\/wp-json\/wp\/v2\/media?parent=698456"}],"wp:term":[{"taxonomy":"product_brand","embeddable":true,"href":"https:\/\/roveyayinevi.com.tr\/index.php\/wp-json\/wp\/v2\/product_brand?post=698456"},{"taxonomy":"product_cat","embeddable":true,"href":"https:\/\/roveyayinevi.com.tr\/index.php\/wp-json\/wp\/v2\/product_cat?post=698456"},{"taxonomy":"product_tag","embeddable":true,"href":"https:\/\/roveyayinevi.com.tr\/index.php\/wp-json\/wp\/v2\/product_tag?post=698456"}],"curies":[{"name":"wp","href":"https:\/\/api.w.org\/{rel}","templated":true}]}}

Aydınlanma Üzerine Bir Derkenar

<p>Bir piyes yazarı oturup bir komedi yazsa; piyesin kahramanı da Molièrevari bir tip olsa&#8230; Piyesin adı, piyesin kahramanına izafeten, &#8220;Aydınlanmış Aydın&#8221; olsa. Bu tip hem rasyonalizmi hem de aynı anda emprisizmi savunsa; hem Hıristiyan olduğunu söylese hem de dönüp ateist olsa, aynı zamanda da deist olduğunu söylese, hem materyalizmi savunsa hem de monadların mevcudiyetine inansa, v.ilah&#8230; Böyle kaçık bir tipe gülerdiniz değil mi? İşte gerçek bir &#8220;Aydınlanmacı&#8221; tam budur!Ne &#8220;aydınlanma&#8221; diye bir şey oldu, ne de &#8220;aydınlanmacı&#8221; olabilir. &#8220;Aydınlanma&#8221; entelektüellerin bir hurafesidir. </p>

<p>Bir piyes yazarı oturup bir komedi yazsa; piyesin kahramanı da Molièrevari bir tip olsa&#8230; Piyesin adı, piyesin kahramanına izafeten, &#8220;Aydınlanmış Aydın&#8221; olsa. Bu tip hem rasyonalizmi<span class="excerpt-hellip"> […]</span></p>
