{"id":698444,"date":"2025-08-27T14:45:31","date_gmt":"2025-08-27T11:45:31","guid":{"rendered":"https:\/\/roveyayinevi.com.tr\/index.php\/urun\/sevgili-mutfak\/"},"modified":"2026-04-16T02:07:54","modified_gmt":"2026-04-15T23:07:54","slug":"sevgili-mutfak","status":"publish","type":"product","link":"https:\/\/roveyayinevi.com.tr\/index.php\/urun\/sevgili-mutfak\/","title":{"rendered":"Sevgili Mutfak"},"content":{"rendered":"<p>Yemek yapmay\u0131 \u00f6\u011frenmek isteyenler, Sevgili Mutfak sizin i\u00e7in yaz\u0131ld\u0131!Mutfakta kendinize g\u00fcven duyman\u0131z i\u00e7in \u00f6nce pi\u015firme teknikleri g\u00f6steriliyor. Pilavlar\u0131n, dolmalar\u0131n, \u00e7orbalar\u0131n nas\u0131l yap\u0131laca\u011f\u0131 ak\u0131lda kalacak \u00e7izimlerle anlat\u0131l\u0131yor. Arkas\u0131ndan karn\u0131yar\u0131k, s\u00fczme mercimek \u00e7orbas\u0131, humus gibi \u00f6rnek tarifler geliyor. Tarifler detayl\u0131, bolca a\u00e7\u0131klamal\u0131. Yan\u0131n\u0131zda biri pi\u015firiyormu\u015f gibi a\u015fama a\u015fama foto\u011frafl\u0131. Hepsi \u201chakiki\u201d yemek tarifi, anneannelerimizin zaman\u0131ndaki gibi\u2026Anneden k\u0131za aktar\u0131lacak t\u00fcrden k\u0131ymetli bilgiler de unutulmad\u0131. Al\u0131\u015fveri\u015f t\u00fcyolar\u0131, erzak dolab\u0131nda bulundurulacaklar, bayat ekme\u011fi de\u011ferlendirmek i\u00e7in yap\u0131lan s\u00fctl\u00fc paparalar, kabak dolmas\u0131ndan \u00e7\u0131kan i\u00e7le haz\u0131rlanan m\u00fccverler\u2026Sevgili Mutfak sadece yemek tariflerinden, lezzet aray\u0131\u015f\u0131ndan ibaret de\u011fil. Beslenme, geleneksel tar\u0131m, nesli t\u00fckenmekte olan bal\u0131klar, yumurtay\u0131 yumurtlayan tavu\u011fun hayat\u0131 gibi konularda sars\u0131c\u0131 bilgiler veren; hepimizi daha insafl\u0131, daha vicdanl\u0131, daha insan olmaya davet eden bir kitap\u2026Arzu Aygen tariflerinin \u201ctutmas\u0131yla\u201d biliniyor. Bir okuyucusunun tabiriyle tariflerinde \u201c\u00d6l\u00e7\u00fcler \u015fa\u015fm\u0131yor, denedik\u00e7e co\u015fuyorsunuz\u201d!Siz de \u00e7ok g\u00fczel yemekler yapabilir, sevdiklerinizi en iyi \u015fekilde besleyebilirsiniz! \u0130htiyac\u0131n\u0131z olan t\u00fcm bilgiler bu kitapta. Arzu Aygen\u2019in sa\u011fl\u0131k ve lezzet g\u00fcvencesiyle! <\/p>\n","protected":false},"excerpt":{"rendered":"<p>Yemek yapmay\u0131 \u00f6\u011frenmek isteyenler, Sevgili Mutfak sizin i\u00e7in yaz\u0131ld\u0131!Mutfakta kendinize g\u00fcven duyman\u0131z i\u00e7in \u00f6nce pi\u015firme teknikleri g\u00f6steriliyor. Pilavlar\u0131n, dolmalar\u0131n, \u00e7orbalar\u0131n nas\u0131l yap\u0131laca\u011f\u0131 ak\u0131lda kalacak \u00e7izimlerle anlat\u0131l\u0131yor.<span class=\"excerpt-hellip\"> [\u2026]<\/span><\/p>\n","protected":false},"featured_media":0,"template":"","meta":{"_monsterinsights_skip_tracking":false,"_monsterinsights_sitenote_active":false,"_monsterinsights_sitenote_note":"","_monsterinsights_sitenote_category":0},"product_brand":[],"product_cat":[12458,12457],"product_tag":[],"class_list":{"0":"post-698444","1":"product","2":"type-product","3":"status-publish","5":"product_cat-turk-mutfagi","6":"product_cat-yemek-kitaplari","7":"pa_cilt-ciltsiz","8":"pa_tur-kitap","9":"pa_yayinevi-hayykitap","10":"pa_yazar-arzu-aygen","12":"first","13":"instock","14":"sale","15":"shipping-taxable","16":"purchasable","17":"product-type-simple"},"_links":{"self":[{"href":"https:\/\/roveyayinevi.com.tr\/index.php\/wp-json\/wp\/v2\/product\/698444","targetHints":{"allow":["GET"]}}],"collection":[{"href":"https:\/\/roveyayinevi.com.tr\/index.php\/wp-json\/wp\/v2\/product"}],"about":[{"href":"https:\/\/roveyayinevi.com.tr\/index.php\/wp-json\/wp\/v2\/types\/product"}],"wp:attachment":[{"href":"https:\/\/roveyayinevi.com.tr\/index.php\/wp-json\/wp\/v2\/media?parent=698444"}],"wp:term":[{"taxonomy":"product_brand","embeddable":true,"href":"https:\/\/roveyayinevi.com.tr\/index.php\/wp-json\/wp\/v2\/product_brand?post=698444"},{"taxonomy":"product_cat","embeddable":true,"href":"https:\/\/roveyayinevi.com.tr\/index.php\/wp-json\/wp\/v2\/product_cat?post=698444"},{"taxonomy":"product_tag","embeddable":true,"href":"https:\/\/roveyayinevi.com.tr\/index.php\/wp-json\/wp\/v2\/product_tag?post=698444"}],"curies":[{"name":"wp","href":"https:\/\/api.w.org\/{rel}","templated":true}]}}