{"id":698439,"date":"2025-08-27T14:45:29","date_gmt":"2025-08-27T11:45:29","guid":{"rendered":"https:\/\/roveyayinevi.com.tr\/index.php\/urun\/siir-sokakta\/"},"modified":"2026-04-16T02:07:54","modified_gmt":"2026-04-15T23:07:54","slug":"siir-sokakta","status":"publish","type":"product","link":"https:\/\/roveyayinevi.com.tr\/index.php\/urun\/siir-sokakta\/","title":{"rendered":"\u015eiir Sokakta"},"content":{"rendered":"<p>Achim Wagner 1967 y\u0131l\u0131nda, Almanya\u2019n\u0131n g\u00fcneydo\u011fusundaki Coburg kentinde do\u011fdu. 2009\u2019da Kunstsiftung Nordrhein-Westfalen\u2019den ald\u0131\u011f\u0131 alt\u0131 ayl\u0131k bursla \u0130stanbul\u2019a geldi. Wagner&#8217;in T\u00fcrkiye maceras\u0131 b\u00f6yle ba\u015flad\u0131. Achim Wagner, edebiyat \u00e7al\u0131\u015fmalar\u0131n\u0131n yan\u0131 s\u0131ra foto\u011fraf\u00e7\u0131l\u0131kla da ilgileniyor. Wagner&#8217;in ilk ki\u015fisel foto\u011fraf sergisi, 21012 y\u0131l\u0131nda ODT\u00dc&#8217;de d\u00fczenlendi. \u015eiir Sokakta foto\u011fraf alb\u00fcm\u00fcnde yer alan foto\u011fraflar, \u015eiir Sokakta dalgas\u0131 olarak ba\u015flayan ve pek \u00e7ok yeri kaplayan dalga i\u00e7erisinde, Wagner\u2019in \u00e7ekti\u011fi renkli karelerden olu\u015fuyor. <\/p>\n","protected":false},"excerpt":{"rendered":"<p>Achim Wagner 1967 y\u0131l\u0131nda, Almanya\u2019n\u0131n g\u00fcneydo\u011fusundaki Coburg kentinde do\u011fdu. 2009\u2019da Kunstsiftung Nordrhein-Westfalen\u2019den ald\u0131\u011f\u0131 alt\u0131 ayl\u0131k bursla \u0130stanbul\u2019a geldi. Wagner&#8217;in T\u00fcrkiye maceras\u0131 b\u00f6yle ba\u015flad\u0131. Achim Wagner, edebiyat<span class=\"excerpt-hellip\"> [\u2026]<\/span><\/p>\n","protected":false},"featured_media":0,"template":"","meta":{"_monsterinsights_skip_tracking":false,"_monsterinsights_sitenote_active":false,"_monsterinsights_sitenote_note":"","_monsterinsights_sitenote_category":0},"product_brand":[],"product_cat":[12409,12408],"product_tag":[],"class_list":{"0":"post-698439","1":"product","2":"type-product","3":"status-publish","5":"product_cat-fotograf-sinema-tiyatro","6":"product_cat-sanat","7":"pa_cilt-ciltli","8":"pa_tur-kitap","9":"pa_yayinevi-nika-yayinevi","10":"pa_yazar-achim-wagner","12":"first","13":"instock","14":"sale","15":"shipping-taxable","16":"purchasable","17":"product-type-simple"},"_links":{"self":[{"href":"https:\/\/roveyayinevi.com.tr\/index.php\/wp-json\/wp\/v2\/product\/698439","targetHints":{"allow":["GET"]}}],"collection":[{"href":"https:\/\/roveyayinevi.com.tr\/index.php\/wp-json\/wp\/v2\/product"}],"about":[{"href":"https:\/\/roveyayinevi.com.tr\/index.php\/wp-json\/wp\/v2\/types\/product"}],"wp:attachment":[{"href":"https:\/\/roveyayinevi.com.tr\/index.php\/wp-json\/wp\/v2\/media?parent=698439"}],"wp:term":[{"taxonomy":"product_brand","embeddable":true,"href":"https:\/\/roveyayinevi.com.tr\/index.php\/wp-json\/wp\/v2\/product_brand?post=698439"},{"taxonomy":"product_cat","embeddable":true,"href":"https:\/\/roveyayinevi.com.tr\/index.php\/wp-json\/wp\/v2\/product_cat?post=698439"},{"taxonomy":"product_tag","embeddable":true,"href":"https:\/\/roveyayinevi.com.tr\/index.php\/wp-json\/wp\/v2\/product_tag?post=698439"}],"curies":[{"name":"wp","href":"https:\/\/api.w.org\/{rel}","templated":true}]}}

Şiir Sokakta

<p>Achim Wagner 1967 yılında, Almanya’nın güneydoğusundaki Coburg kentinde doğdu. 2009’da Kunstsiftung Nordrhein-Westfalen’den aldığı altı aylık bursla İstanbul’a geldi. Wagner&#8217;in Türkiye macerası böyle başladı. Achim Wagner, edebiyat çalışmalarının yanı sıra fotoğrafçılıkla da ilgileniyor. Wagner&#8217;in ilk kişisel fotoğraf sergisi, 21012 yılında ODTÜ&#8217;de düzenlendi. Şiir Sokakta fotoğraf albümünde yer alan fotoğraflar, Şiir Sokakta dalgası olarak başlayan ve pek çok yeri kaplayan dalga içerisinde, Wagner’in çektiği renkli karelerden oluşuyor. </p>

<p>Achim Wagner 1967 yılında, Almanya’nın güneydoğusundaki Coburg kentinde doğdu. 2009’da Kunstsiftung Nordrhein-Westfalen’den aldığı altı aylık bursla İstanbul’a geldi. Wagner&#8217;in Türkiye macerası böyle başladı. Achim Wagner, edebiyat<span class="excerpt-hellip"> […]</span></p>
