{"id":698424,"date":"2025-08-27T14:45:19","date_gmt":"2025-08-27T11:45:19","guid":{"rendered":"https:\/\/roveyayinevi.com.tr\/index.php\/urun\/koyrenin-bilimsel-dusunce-tarihi-uzerine-denemeleri\/"},"modified":"2026-04-16T02:07:54","modified_gmt":"2026-04-15T23:07:54","slug":"koyrenin-bilimsel-dusunce-tarihi-uzerine-denemeleri","status":"publish","type":"product","link":"https:\/\/roveyayinevi.com.tr\/index.php\/urun\/koyrenin-bilimsel-dusunce-tarihi-uzerine-denemeleri\/","title":{"rendered":"Koyre\u2019nin Bilimsel D\u00fc\u015f\u00fcnce Tarihi \u00dczerine Denemeleri"},"content":{"rendered":"<p>Bilim tarihinin alaca karanl\u0131kta u\u00e7an bayku\u015fu Alexandre Koyre ba\u015fka ba\u015fka tarihsel d\u00f6nemlerdeki uslamlama bi\u00e7imlerindeki farkl\u0131l\u0131klara odaklanarak insan d\u00fc\u015f\u00fcncesini kendine \u00f6zg\u00fc tarihi ve k\u00fclt\u00fcrel ba\u011flam\u0131nda ele almak gerekti\u011fini vurgular. Bu ba\u011flamda \u00f6yle anla\u015f\u0131l\u0131yor ki Kuhn Feyerabend Bernal Ziman Laudan gibi \u00fcnl\u00fc bilim tarih\u00e7i ve felsefecilerinin bilimin do\u011fas\u0131na ili\u015fkin g\u00f6r\u00fc\u015fleri Koyre&#8217;ye d\u00fc\u015f\u00fclen dipnotlar dizisinden ba\u015fka bir \u015fey de\u011fildir. <\/p>\n","protected":false},"excerpt":{"rendered":"<p>Bilim tarihinin alaca karanl\u0131kta u\u00e7an bayku\u015fu Alexandre Koyre ba\u015fka ba\u015fka tarihsel d\u00f6nemlerdeki uslamlama bi\u00e7imlerindeki farkl\u0131l\u0131klara odaklanarak insan d\u00fc\u015f\u00fcncesini kendine \u00f6zg\u00fc tarihi ve k\u00fclt\u00fcrel ba\u011flam\u0131nda ele almak<span class=\"excerpt-hellip\"> [\u2026]<\/span><\/p>\n","protected":false},"featured_media":0,"template":"","meta":{"_monsterinsights_skip_tracking":false,"_monsterinsights_sitenote_active":false,"_monsterinsights_sitenote_note":"","_monsterinsights_sitenote_category":0},"product_brand":[],"product_cat":[12312,12304],"product_tag":[],"class_list":{"0":"post-698424","1":"product","2":"type-product","3":"status-publish","5":"product_cat-diger","6":"product_cat-tarih","7":"pa_cilt-ciltsiz","8":"pa_tur-kitap","9":"pa_yayinevi-bilgesu-yayincilik","10":"pa_yazar-derleme","12":"first","13":"instock","14":"sale","15":"shipping-taxable","16":"purchasable","17":"product-type-simple"},"_links":{"self":[{"href":"https:\/\/roveyayinevi.com.tr\/index.php\/wp-json\/wp\/v2\/product\/698424","targetHints":{"allow":["GET"]}}],"collection":[{"href":"https:\/\/roveyayinevi.com.tr\/index.php\/wp-json\/wp\/v2\/product"}],"about":[{"href":"https:\/\/roveyayinevi.com.tr\/index.php\/wp-json\/wp\/v2\/types\/product"}],"wp:attachment":[{"href":"https:\/\/roveyayinevi.com.tr\/index.php\/wp-json\/wp\/v2\/media?parent=698424"}],"wp:term":[{"taxonomy":"product_brand","embeddable":true,"href":"https:\/\/roveyayinevi.com.tr\/index.php\/wp-json\/wp\/v2\/product_brand?post=698424"},{"taxonomy":"product_cat","embeddable":true,"href":"https:\/\/roveyayinevi.com.tr\/index.php\/wp-json\/wp\/v2\/product_cat?post=698424"},{"taxonomy":"product_tag","embeddable":true,"href":"https:\/\/roveyayinevi.com.tr\/index.php\/wp-json\/wp\/v2\/product_tag?post=698424"}],"curies":[{"name":"wp","href":"https:\/\/api.w.org\/{rel}","templated":true}]}}