{"id":698420,"date":"2025-08-27T14:45:18","date_gmt":"2025-08-27T11:45:18","guid":{"rendered":"https:\/\/roveyayinevi.com.tr\/index.php\/urun\/kilciksiz-bilim\/"},"modified":"2026-04-16T02:07:54","modified_gmt":"2026-04-15T23:07:54","slug":"kilciksiz-bilim","status":"publish","type":"product","link":"https:\/\/roveyayinevi.com.tr\/index.php\/urun\/kilciksiz-bilim\/","title":{"rendered":"K\u0131l\u00e7\u0131ks\u0131z Bilim"},"content":{"rendered":"<p>Bir bilim kitab\u0131n\u0131n e\u011flenceli olmas\u0131 fizik kurallar\u0131na ayk\u0131r\u0131 de\u011fildir.  Bu kitapta yazanlar fantezi de\u011fil, somut ger\u00e7eklerdir. Ger\u00e7ek: Stetoskop ke\u015ffini, 1816 y\u0131l\u0131nda, kula\u011f\u0131n\u0131 bir kad\u0131n\u0131n g\u00f6\u011fs\u00fcne koyamayacak kadar utanga\u00e7 olan bir doktora bor\u00e7lu.  Ger\u00e7ek: 1954 y\u0131l\u0131nda bir Sovyet doktor, bir k\u00f6pek yavrusunun ba\u015f\u0131n\u0131, Alman \u00e7oban k\u00f6pe\u011finin omuzuna &#8220;ba\u015far\u0131yla&#8221; nakletti.  Ger\u00e7ek: Sar\u0131 plastik \u00f6rdekler, 1992 y\u0131l\u0131nda bir gemiden d\u00f6k\u00fcld\u00fcklerinden beri, okyanus ak\u0131nt\u0131lar\u0131 hakk\u0131nda son derece de\u011ferli veriler sa\u011flam\u0131\u015ft\u0131r.  K\u0131l\u00e7\u0131ks\u0131z Bilim, Antik \u00c7a\u011f&#8217;dan g\u00fcn\u00fcm\u00fcze kadar bilim tarihindeki \u00f6nemli ke\u015fifleri, kimi tuhaf giri\u015fimleri, ba\u015far\u0131lar\u0131 ve trajik \u00e7uvallamalar\u0131 kronolojik olarak sunan bir bilimsel ge\u00e7it t\u00f6reni. Fizik: Elektrik ak\u0131m\u0131n\u0131n h\u0131z\u0131n\u0131 anlamak i\u00e7in 200 ke\u015fi\u015fi s\u0131raya dizip elektrik veren Frans\u0131zdan, b\u00fct\u00fcn bir orkestray\u0131 tren vagonuna yerle\u015ftirerek Doppler etkisini test eden Hollandal\u0131ya&#8230;  Zooloji: \u00e7\u00fcr\u00fcyen bu\u011fdaydan kendili\u011finden yeti\u015fen farelerden, k\u0131rlang\u0131\u00e7lar\u0131n k\u0131\u015flar\u0131n\u0131 g\u00fcllerin dibinde ge\u00e7irdi\u011finin &#8220;ke\u015ffedilmesine&#8221;&#8230;  Botanik: insanlar\u0131 delirten orman g\u00fcl\u00fc bal\u0131ndan, zencefilin at fitili olarak kullan\u0131lmas\u0131na&#8230; Meteoroloji: Kurba\u011fa ve bal\u0131k ya\u011fmurlar\u0131ndan, yedi kere y\u0131ld\u0131r\u0131m \u00e7arpan adama&#8230;  Astronomi: g\u00fcne\u015fin alev alev yanan b\u00fcy\u00fck bir metal disk oldu\u011funa inanan Yunanl\u0131 filozoftan, Mars&#8217;ta sulama kanallar\u0131 g\u00f6ren Amerikal\u0131 astronoma&#8230; <\/p>\n","protected":false},"excerpt":{"rendered":"<p>Bir bilim kitab\u0131n\u0131n e\u011flenceli olmas\u0131 fizik kurallar\u0131na ayk\u0131r\u0131 de\u011fildir. Bu kitapta yazanlar fantezi de\u011fil, somut ger\u00e7eklerdir. Ger\u00e7ek: Stetoskop ke\u015ffini, 1816 y\u0131l\u0131nda, kula\u011f\u0131n\u0131 bir kad\u0131n\u0131n g\u00f6\u011fs\u00fcne koyamayacak<span class=\"excerpt-hellip\"> [\u2026]<\/span><\/p>\n","protected":false},"featured_media":0,"template":"","meta":{"_monsterinsights_skip_tracking":false,"_monsterinsights_sitenote_active":false,"_monsterinsights_sitenote_note":"","_monsterinsights_sitenote_category":0},"product_brand":[],"product_cat":[13005,13006],"product_tag":[],"class_list":{"0":"post-698420","1":"product","2":"type-product","3":"status-publish","5":"product_cat-bilim-muhendislik","6":"product_cat-populer-bilim","7":"pa_cilt-ciltsiz","8":"pa_tur-kitap","9":"pa_yayinevi-domingo-yayinevi","10":"pa_yazar-ian-crofton","12":"first","13":"instock","14":"sale","15":"shipping-taxable","16":"purchasable","17":"product-type-simple"},"_links":{"self":[{"href":"https:\/\/roveyayinevi.com.tr\/index.php\/wp-json\/wp\/v2\/product\/698420","targetHints":{"allow":["GET"]}}],"collection":[{"href":"https:\/\/roveyayinevi.com.tr\/index.php\/wp-json\/wp\/v2\/product"}],"about":[{"href":"https:\/\/roveyayinevi.com.tr\/index.php\/wp-json\/wp\/v2\/types\/product"}],"wp:attachment":[{"href":"https:\/\/roveyayinevi.com.tr\/index.php\/wp-json\/wp\/v2\/media?parent=698420"}],"wp:term":[{"taxonomy":"product_brand","embeddable":true,"href":"https:\/\/roveyayinevi.com.tr\/index.php\/wp-json\/wp\/v2\/product_brand?post=698420"},{"taxonomy":"product_cat","embeddable":true,"href":"https:\/\/roveyayinevi.com.tr\/index.php\/wp-json\/wp\/v2\/product_cat?post=698420"},{"taxonomy":"product_tag","embeddable":true,"href":"https:\/\/roveyayinevi.com.tr\/index.php\/wp-json\/wp\/v2\/product_tag?post=698420"}],"curies":[{"name":"wp","href":"https:\/\/api.w.org\/{rel}","templated":true}]}}