{"id":698381,"date":"2025-08-27T14:45:08","date_gmt":"2025-08-27T11:45:08","guid":{"rendered":"https:\/\/roveyayinevi.com.tr\/index.php\/urun\/benim-adim-jules-verne\/"},"modified":"2026-04-16T02:07:53","modified_gmt":"2026-04-15T23:07:53","slug":"benim-adim-jules-verne","status":"publish","type":"product","link":"https:\/\/roveyayinevi.com.tr\/index.php\/urun\/benim-adim-jules-verne\/","title":{"rendered":"Benim Ad\u0131m&#8230; Jules Verne"},"content":{"rendered":"<p>Ay&#8217;a seyahat etmeyi hangimiz istemeyiz ya da denizalt\u0131yla yolculuk yapmay\u0131? Hatta yerk\u00fcre \u00fczerinde uzun bir gezintiye \u00e7\u0131kmay\u0131? Ben, sen, biz, siz, hepimiz bunu isteriz. Ama \u00f6nemli bir fark var aram\u0131zda. Siz bunlar\u0131n hepsini \u015fimdi ger\u00e7ekten yapabiliyorsunuz, fakat ben o zamanlar ancak hayallerini kurabiliyordum.<\/p>\n","protected":false},"excerpt":{"rendered":"<p>Ay&#8217;a seyahat etmeyi hangimiz istemeyiz ya da denizalt\u0131yla yolculuk yapmay\u0131? Hatta yerk\u00fcre \u00fczerinde uzun bir gezintiye \u00e7\u0131kmay\u0131? Ben, sen, biz, siz, hepimiz bunu isteriz. Ama \u00f6nemli<span class=\"excerpt-hellip\"> [\u2026]<\/span><\/p>\n","protected":false},"featured_media":0,"template":"","meta":{"_monsterinsights_skip_tracking":false,"_monsterinsights_sitenote_active":false,"_monsterinsights_sitenote_note":"","_monsterinsights_sitenote_category":0},"product_brand":[],"product_cat":[12274,12284],"product_tag":[],"class_list":{"0":"post-698381","1":"product","2":"type-product","3":"status-publish","5":"product_cat-cocuk-ve-genclik-kitaplari","6":"product_cat-hikayeler","7":"pa_cilt-ciltsiz","8":"pa_tur-kitap","9":"pa_yayinevi-altin-kitaplar-cocuk-kitaplari","10":"pa_yazar-victor-escandell","12":"first","13":"instock","14":"sale","15":"shipping-taxable","16":"purchasable","17":"product-type-simple"},"_links":{"self":[{"href":"https:\/\/roveyayinevi.com.tr\/index.php\/wp-json\/wp\/v2\/product\/698381","targetHints":{"allow":["GET"]}}],"collection":[{"href":"https:\/\/roveyayinevi.com.tr\/index.php\/wp-json\/wp\/v2\/product"}],"about":[{"href":"https:\/\/roveyayinevi.com.tr\/index.php\/wp-json\/wp\/v2\/types\/product"}],"wp:attachment":[{"href":"https:\/\/roveyayinevi.com.tr\/index.php\/wp-json\/wp\/v2\/media?parent=698381"}],"wp:term":[{"taxonomy":"product_brand","embeddable":true,"href":"https:\/\/roveyayinevi.com.tr\/index.php\/wp-json\/wp\/v2\/product_brand?post=698381"},{"taxonomy":"product_cat","embeddable":true,"href":"https:\/\/roveyayinevi.com.tr\/index.php\/wp-json\/wp\/v2\/product_cat?post=698381"},{"taxonomy":"product_tag","embeddable":true,"href":"https:\/\/roveyayinevi.com.tr\/index.php\/wp-json\/wp\/v2\/product_tag?post=698381"}],"curies":[{"name":"wp","href":"https:\/\/api.w.org\/{rel}","templated":true}]}}