{"id":698312,"date":"2025-08-27T14:44:48","date_gmt":"2025-08-27T11:44:48","guid":{"rendered":"https:\/\/roveyayinevi.com.tr\/index.php\/urun\/buyuk-bir-devletin-dogusu-osmanlilar-1300-1481\/"},"modified":"2026-04-16T02:07:51","modified_gmt":"2026-04-15T23:07:51","slug":"buyuk-bir-devletin-dogusu-osmanlilar-1300-1481","status":"publish","type":"product","link":"https:\/\/roveyayinevi.com.tr\/index.php\/urun\/buyuk-bir-devletin-dogusu-osmanlilar-1300-1481\/","title":{"rendered":"B\u00fcy\u00fck Bir Devletin Do\u011fu\u015fu: Osmanl\u0131lar (1300-1481)"},"content":{"rendered":"<p>\u0130mparatorluklar\u0131n do\u011fu\u015fu tarih-yaz\u0131c\u0131l\u0131\u011f\u0131n\u0131n \u00e7ekici, fakat bir o kadar da gizemli ve zor konular\u0131ndan biri olagelmi\u015ftir. Bu zorluk, Bat\u0131\u2019da \u00f6nyarg\u0131larla dolu bir ara\u015ft\u0131rma alan\u0131 olan \u201cOsmanl\u0131 \u0130mparatorlu\u011fu\u201d s\u00f6z konusu olunca daha da artmaktad\u0131r. A\u015fa\u011f\u0131lay\u0131c\u0131, \u015foven d\u00fcrt\u00fcler tarih \u00e7al\u0131\u015fmalar\u0131n\u0131 nesnellikten uzakla\u015ft\u0131rmakta, \u201cbarbar, kanl\u0131, fanatik, cahil\u201d gibi nitelemeler tarih-yaz\u0131c\u0131l\u0131\u011f\u0131n\u0131 daha ba\u015ftan sakatlamaktad\u0131r. Tek yanl\u0131, y\u00fczeysel ve \u00f6vg\u00fcc\u00fc T\u00fcrk tarih-yaz\u0131c\u0131l\u0131\u011f\u0131 da ayn\u0131 \u015fekilde sakatlay\u0131c\u0131 bir etkiye sahiptir.Peki, Nam\u0131k Kemal\u2019in \u201cCih\u00e2ngir\u00e2ne bir devlet \u00e7\u0131kard\u0131k bir a\u015firetten\u201d diye \u00f6zetledi\u011fi Osmanl\u0131 \u0130mparatorlu\u011fu\u2019nun olu\u015fum s\u00fcreci nas\u0131l ele al\u0131nmal\u0131d\u0131r? \u201cOsmanl\u0131lar\u0131 tarihin b\u00fct\u00fcnl\u00fc\u011f\u00fc i\u00e7indeki yerine oturtmak\u201d hedefiyle yola \u00e7\u0131kan Werner\u2019in B\u00fcy\u00fck Bir Devletin Do\u011fu\u015fu eseri, olumlu bir \u00f6rnek olu\u015fturuyor. Yazar, k\u00fc\u00e7\u00fcmseyicili\u011fe veya \u00f6vg\u00fcc\u00fcl\u00fc\u011fe kap\u0131lar\u0131 kapatan nesnel bir anlay\u0131\u015fla, tarih\u00ee maddeci yakla\u015f\u0131mla Osmanl\u0131 Devleti\u2019nin ve T\u00fcrk feodalizminin ortay\u0131 \u00e7\u0131k\u0131\u015f\u0131 ve geli\u015fimini inceliyor. Werner, siyasi tarih\u00e7ili\u011fin \u00e7o\u011fu kez i\u00e7inde kayboldu\u011fu anlams\u0131z saray entrikalar\u0131n\u0131 bir yana b\u0131rakarak, Osmanl\u0131 Devleti\u2019nin kurulu\u015f sorununa bir \u201cs\u0131n\u0131fla\u015fma s\u00fcreci\u201d ve bu s\u00fcrecin yaratt\u0131\u011f\u0131 \u201c\u00fcretim bi\u00e7imi\u201d ba\u011flam\u0131nda yakla\u015f\u0131yor.Werner, kitab\u0131nda sadece Osmanl\u0131larda feodalle\u015fme s\u00fcrecini ortaya koymakla kalm\u0131yor; bu s\u00fcrecin yaratt\u0131\u011f\u0131 s\u00f6m\u00fcr\u00fcye kar\u015f\u0131 halk direncini ve k\u00f6yl\u00fc ayaklanmalar\u0131n\u0131 da anlat\u0131yor. Yazara g\u00f6re, \u201c\u015eeyh Bedreddin ve B\u00f6rkl\u00fcce Mustafa isyan\u0131 t\u00fcm T\u00fcrkiye tarihinin en \u00f6nemli olay\u0131\u201dd\u0131r.\u201cWerner\u2019in (g\u00fcn\u00fcm\u00fczde unutulmu\u015f g\u00f6r\u00fcnen) baz\u0131 ger\u00e7ekleri bizlere yeniden hat\u0131rlatan bu eseri ge\u00e7mi\u015fimize ilgi duyan herkesin kitapl\u0131\u011f\u0131nda yer almay\u0131 hak ediyor.\u201d Taner Timur <\/p>\n","protected":false},"excerpt":{"rendered":"<p>\u0130mparatorluklar\u0131n do\u011fu\u015fu tarih-yaz\u0131c\u0131l\u0131\u011f\u0131n\u0131n \u00e7ekici, fakat bir o kadar da gizemli ve zor konular\u0131ndan biri olagelmi\u015ftir. Bu zorluk, Bat\u0131\u2019da \u00f6nyarg\u0131larla dolu bir ara\u015ft\u0131rma alan\u0131 olan \u201cOsmanl\u0131 \u0130mparatorlu\u011fu\u201d<span class=\"excerpt-hellip\"> [\u2026]<\/span><\/p>\n","protected":false},"featured_media":0,"template":"","meta":{"_monsterinsights_skip_tracking":false,"_monsterinsights_sitenote_active":false,"_monsterinsights_sitenote_note":"","_monsterinsights_sitenote_category":0},"product_brand":[],"product_cat":[13517,12304],"product_tag":[],"class_list":{"0":"post-698312","1":"product","2":"type-product","3":"status-publish","5":"product_cat-osmanli-tarihi","6":"product_cat-tarih","7":"pa_cilt-ciltsiz","8":"pa_tur-kitap","9":"pa_yayinevi-yordam-kitap","10":"pa_yazar-ernst-werner","12":"first","13":"instock","14":"sale","15":"shipping-taxable","16":"purchasable","17":"product-type-simple"},"_links":{"self":[{"href":"https:\/\/roveyayinevi.com.tr\/index.php\/wp-json\/wp\/v2\/product\/698312","targetHints":{"allow":["GET"]}}],"collection":[{"href":"https:\/\/roveyayinevi.com.tr\/index.php\/wp-json\/wp\/v2\/product"}],"about":[{"href":"https:\/\/roveyayinevi.com.tr\/index.php\/wp-json\/wp\/v2\/types\/product"}],"wp:attachment":[{"href":"https:\/\/roveyayinevi.com.tr\/index.php\/wp-json\/wp\/v2\/media?parent=698312"}],"wp:term":[{"taxonomy":"product_brand","embeddable":true,"href":"https:\/\/roveyayinevi.com.tr\/index.php\/wp-json\/wp\/v2\/product_brand?post=698312"},{"taxonomy":"product_cat","embeddable":true,"href":"https:\/\/roveyayinevi.com.tr\/index.php\/wp-json\/wp\/v2\/product_cat?post=698312"},{"taxonomy":"product_tag","embeddable":true,"href":"https:\/\/roveyayinevi.com.tr\/index.php\/wp-json\/wp\/v2\/product_tag?post=698312"}],"curies":[{"name":"wp","href":"https:\/\/api.w.org\/{rel}","templated":true}]}}

Büyük Bir Devletin Doğuşu: Osmanlılar (1300-1481)

<p>İmparatorlukların doğuşu tarih-yazıcılığının çekici, fakat bir o kadar da gizemli ve zor konularından biri olagelmiştir. Bu zorluk, Batı’da önyargılarla dolu bir araştırma alanı olan “Osmanlı İmparatorluğu” söz konusu olunca daha da artmaktadır. Aşağılayıcı, şoven dürtüler tarih çalışmalarını nesnellikten uzaklaştırmakta, “barbar, kanlı, fanatik, cahil” gibi nitelemeler tarih-yazıcılığını daha baştan sakatlamaktadır. Tek yanlı, yüzeysel ve övgücü Türk tarih-yazıcılığı da aynı şekilde sakatlayıcı bir etkiye sahiptir.Peki, Namık Kemal’in “Cihângirâne bir devlet çıkardık bir aşiretten” diye özetlediği Osmanlı İmparatorluğu’nun oluşum süreci nasıl ele alınmalıdır? “Osmanlıları tarihin bütünlüğü içindeki yerine oturtmak” hedefiyle yola çıkan Werner’in Büyük Bir Devletin Doğuşu eseri, olumlu bir örnek oluşturuyor. Yazar, küçümseyiciliğe veya övgücülüğe kapıları kapatan nesnel bir anlayışla, tarihî maddeci yaklaşımla Osmanlı Devleti’nin ve Türk feodalizminin ortayı çıkışı ve gelişimini inceliyor. Werner, siyasi tarihçiliğin çoğu kez içinde kaybolduğu anlamsız saray entrikalarını bir yana bırakarak, Osmanlı Devleti’nin kuruluş sorununa bir “sınıflaşma süreci” ve bu sürecin yarattığı “üretim biçimi” bağlamında yaklaşıyor.Werner, kitabında sadece Osmanlılarda feodalleşme sürecini ortaya koymakla kalmıyor; bu sürecin yarattığı sömürüye karşı halk direncini ve köylü ayaklanmalarını da anlatıyor. Yazara göre, “Şeyh Bedreddin ve Börklüce Mustafa isyanı tüm Türkiye tarihinin en önemli olayı”dır.“Werner’in (günümüzde unutulmuş görünen) bazı gerçekleri bizlere yeniden hatırlatan bu eseri geçmişimize ilgi duyan herkesin kitaplığında yer almayı hak ediyor.” Taner Timur </p>

<p>İmparatorlukların doğuşu tarih-yazıcılığının çekici, fakat bir o kadar da gizemli ve zor konularından biri olagelmiştir. Bu zorluk, Batı’da önyargılarla dolu bir araştırma alanı olan “Osmanlı İmparatorluğu”<span class="excerpt-hellip"> […]</span></p>
