{"id":698289,"date":"2025-08-27T14:44:41","date_gmt":"2025-08-27T11:44:41","guid":{"rendered":"https:\/\/roveyayinevi.com.tr\/index.php\/urun\/socialist-register-2011-bu-defaki-kriz\/"},"modified":"2026-04-16T02:07:51","modified_gmt":"2026-04-15T23:07:51","slug":"socialist-register-2011-bu-defaki-kriz","status":"publish","type":"product","link":"https:\/\/roveyayinevi.com.tr\/index.php\/urun\/socialist-register-2011-bu-defaki-kriz\/","title":{"rendered":"Socialist Register 2011 &#8211; Bu Defaki Kriz"},"content":{"rendered":"<p>Sendikal kazan\u0131mlar\u0131n ve emek\u00e7ilerin sosyal haklar\u0131n\u0131n hedef al\u0131naca\u011f\u0131 yeni bir kemer s\u0131kma d\u00f6nemine mi giriyoruz? Bu soru, Socialist Register 2011&#8217;in \u00e7\u0131k\u0131\u015f noktas\u0131n\u0131 olu\u015fturuyor. Sol ayakta kalmak istiyorsa, kriz hakk\u0131nda siyasi ve ekonomik boyutlar\u0131 bir arada sunacak, ayaklar\u0131 yere basan de\u011ferlendirme ve \u00e7\u00f6z\u00fcmlemeler getirmek zorunda. Solun bu \u00e7abas\u0131na katk\u0131 olmas\u0131 amac\u0131yla haz\u0131rlanan bu say\u0131da ele al\u0131nan konu ba\u015fl\u0131klar\u0131ndan baz\u0131lar\u0131 \u015funlar:Tarihsel ve kuramsal \u00e7er\u00e7evede &#8220;bu defaki kriz&#8221;Bankalar ve t\u00fcrev \u00fcr\u00fcnlerin k\u00fcresel finansalla\u015fmadaki rol\u00fcABD, \u0130ngiltere, Avrupa, Japonya ve G\u00fcney Afrika&#8217;da krizin yans\u0131malar\u0131Krizin i\u015f\u00e7i aileleri \u00fczerinde yaratt\u0131\u011f\u0131 etkiler&#8221;Krizden \u00e7\u0131k\u0131\u015f stratejileri&#8221; ile neoliberalizmin ya\u015fama d\u00f6nd\u00fcr\u00fcl\u00fc\u015f\u00fc <\/p>\n","protected":false},"excerpt":{"rendered":"<p>Sendikal kazan\u0131mlar\u0131n ve emek\u00e7ilerin sosyal haklar\u0131n\u0131n hedef al\u0131naca\u011f\u0131 yeni bir kemer s\u0131kma d\u00f6nemine mi giriyoruz? Bu soru, Socialist Register 2011&#8217;in \u00e7\u0131k\u0131\u015f noktas\u0131n\u0131 olu\u015fturuyor. Sol ayakta kalmak<span class=\"excerpt-hellip\"> [\u2026]<\/span><\/p>\n","protected":false},"featured_media":0,"template":"","meta":{"_monsterinsights_skip_tracking":false,"_monsterinsights_sitenote_active":false,"_monsterinsights_sitenote_note":"","_monsterinsights_sitenote_category":0},"product_brand":[],"product_cat":[17574,13527],"product_tag":[],"class_list":{"0":"post-698289","1":"product","2":"type-product","3":"status-publish","5":"product_cat-politika","6":"product_cat-sureli-yayinlar","7":"pa_cilt-ciltsiz","8":"pa_tur-kitap","9":"pa_yayinevi-yordam-kitap","10":"pa_yazar-kolektif","12":"first","13":"instock","14":"sale","15":"shipping-taxable","16":"purchasable","17":"product-type-simple"},"_links":{"self":[{"href":"https:\/\/roveyayinevi.com.tr\/index.php\/wp-json\/wp\/v2\/product\/698289","targetHints":{"allow":["GET"]}}],"collection":[{"href":"https:\/\/roveyayinevi.com.tr\/index.php\/wp-json\/wp\/v2\/product"}],"about":[{"href":"https:\/\/roveyayinevi.com.tr\/index.php\/wp-json\/wp\/v2\/types\/product"}],"wp:attachment":[{"href":"https:\/\/roveyayinevi.com.tr\/index.php\/wp-json\/wp\/v2\/media?parent=698289"}],"wp:term":[{"taxonomy":"product_brand","embeddable":true,"href":"https:\/\/roveyayinevi.com.tr\/index.php\/wp-json\/wp\/v2\/product_brand?post=698289"},{"taxonomy":"product_cat","embeddable":true,"href":"https:\/\/roveyayinevi.com.tr\/index.php\/wp-json\/wp\/v2\/product_cat?post=698289"},{"taxonomy":"product_tag","embeddable":true,"href":"https:\/\/roveyayinevi.com.tr\/index.php\/wp-json\/wp\/v2\/product_tag?post=698289"}],"curies":[{"name":"wp","href":"https:\/\/api.w.org\/{rel}","templated":true}]}}