{"id":698288,"date":"2025-08-27T14:44:41","date_gmt":"2025-08-27T11:44:41","guid":{"rendered":"https:\/\/roveyayinevi.com.tr\/index.php\/urun\/filistin-komunist-partisi-1919-1948\/"},"modified":"2026-04-16T02:07:51","modified_gmt":"2026-04-15T23:07:51","slug":"filistin-komunist-partisi-1919-1948","status":"publish","type":"product","link":"https:\/\/roveyayinevi.com.tr\/index.php\/urun\/filistin-komunist-partisi-1919-1948\/","title":{"rendered":"Filistin Kom\u00fcnist Partisi 1919-1948"},"content":{"rendered":"<p>Filistin Kom\u00fcnist Partisi tarihi, Filistinli Araplar ile Yahudi g\u00f6\u00e7menlerin s\u0131n\u0131f dayan\u0131\u015fmas\u0131 temelinde ortaya koyduklar\u0131 politik \u00e7aban\u0131n tarihidir. Siyonizme alternatif olarak 1919 y\u0131l\u0131nda ba\u015flat\u0131lan bu ortak parti m\u00fccadelesi, \u00e7e\u015fitli nesnel ve \u00f6znel nedenlerle 1948&#8217;de ba\u015far\u0131s\u0131zl\u0131\u011fa u\u011fram\u0131\u015ft\u0131r. Filistin&#8217;deki yerle\u015fik Araplardan tamamen ayr\u0131 olarak siyonist hareketin i\u00e7inden do\u011fan kom\u00fcnist hareket; Komintern g\u00f6zetiminde, b\u00fct\u00fcn siyasi eksikliklerine ra\u011fmen s\u00f6m\u00fcrgecili\u011fe ve siyonizme kar\u015f\u0131 m\u00fccadele eder hale gelmi\u015ftir. Partinin siyasal hatt\u0131nda ya\u015fanan yalpalamalar, polis bask\u0131s\u0131, b\u00f6lgedeki isyanlar ve ayaklanmalar; Arap ve Yahudi kom\u00fcnistlerin, tarih\u00ee Filistin&#8217;de, adil bir toplum kurmak i\u00e7in m\u00fccadele etmesini engelleyememi\u015ftir. Bu kitap, bir parti tarihi olman\u0131n \u00f6tesinde; Arap ve Yahudi kom\u00fcnistlerin \u0130ngiliz Mandas\u0131 olan Filistin topraklar\u0131nda y\u00fcr\u00fctt\u00fc\u011f\u00fc enternasyonalizm m\u00fccadelesini, tarihe not d\u00fc\u015fmektedir. Filistin tarihinin ihmal edilen ya da unutulan bir d\u00f6nemi ayd\u0131nlat\u0131l\u0131rken, asl\u0131nda \u0130srail Devleti&#8217;nin nas\u0131l yarat\u0131ld\u0131\u011f\u0131 da anlat\u0131lmaktad\u0131r. \ufffcTan\u0131t\u0131m Metni<\/p>\n","protected":false},"excerpt":{"rendered":"<p>Filistin Kom\u00fcnist Partisi tarihi, Filistinli Araplar ile Yahudi g\u00f6\u00e7menlerin s\u0131n\u0131f dayan\u0131\u015fmas\u0131 temelinde ortaya koyduklar\u0131 politik \u00e7aban\u0131n tarihidir. Siyonizme alternatif olarak 1919 y\u0131l\u0131nda ba\u015flat\u0131lan bu ortak parti<span class=\"excerpt-hellip\"> [\u2026]<\/span><\/p>\n","protected":false},"featured_media":0,"template":"","meta":{"_monsterinsights_skip_tracking":false,"_monsterinsights_sitenote_active":false,"_monsterinsights_sitenote_note":"","_monsterinsights_sitenote_category":0},"product_brand":[],"product_cat":[12337,14543],"product_tag":[],"class_list":{"0":"post-698288","1":"product","2":"type-product","3":"status-publish","5":"product_cat-politika-siyaset","6":"product_cat-turkiye-siyaseti-ve-politikasi","7":"pa_cilt-ciltsiz","8":"pa_tur-kitap","9":"pa_yayinevi-yordam-kitap","10":"pa_yazar-musa-budeiri","12":"first","13":"instock","14":"sale","15":"shipping-taxable","16":"purchasable","17":"product-type-simple"},"_links":{"self":[{"href":"https:\/\/roveyayinevi.com.tr\/index.php\/wp-json\/wp\/v2\/product\/698288","targetHints":{"allow":["GET"]}}],"collection":[{"href":"https:\/\/roveyayinevi.com.tr\/index.php\/wp-json\/wp\/v2\/product"}],"about":[{"href":"https:\/\/roveyayinevi.com.tr\/index.php\/wp-json\/wp\/v2\/types\/product"}],"wp:attachment":[{"href":"https:\/\/roveyayinevi.com.tr\/index.php\/wp-json\/wp\/v2\/media?parent=698288"}],"wp:term":[{"taxonomy":"product_brand","embeddable":true,"href":"https:\/\/roveyayinevi.com.tr\/index.php\/wp-json\/wp\/v2\/product_brand?post=698288"},{"taxonomy":"product_cat","embeddable":true,"href":"https:\/\/roveyayinevi.com.tr\/index.php\/wp-json\/wp\/v2\/product_cat?post=698288"},{"taxonomy":"product_tag","embeddable":true,"href":"https:\/\/roveyayinevi.com.tr\/index.php\/wp-json\/wp\/v2\/product_tag?post=698288"}],"curies":[{"name":"wp","href":"https:\/\/api.w.org\/{rel}","templated":true}]}}