{"id":698271,"date":"2025-08-27T14:44:37","date_gmt":"2025-08-27T11:44:37","guid":{"rendered":"https:\/\/roveyayinevi.com.tr\/index.php\/urun\/gelecege-yon-veren-yonetim-gurulari\/"},"modified":"2026-04-16T02:07:50","modified_gmt":"2026-04-15T23:07:50","slug":"gelecege-yon-veren-yonetim-gurulari","status":"publish","type":"product","link":"https:\/\/roveyayinevi.com.tr\/index.php\/urun\/gelecege-yon-veren-yonetim-gurulari\/","title":{"rendered":"Gelece\u011fe Y\u00f6n Veren Y\u00f6netim Gurular\u0131"},"content":{"rendered":"<p>\u00c7al\u0131\u015fma 20 y\u00f6netim gurusunu i\u00e7erecek \u015fekilde 20 b\u00f6l\u00fcmden olu\u015fmaktad\u0131r. Her bir b\u00f6l\u00fcm\u00fcn ilk k\u0131sm\u0131nda ilgili y\u00f6netim gurusunun hayat hikayesi anlat\u0131lmakta, ikinci k\u0131s\u0131mda ise ki\u015finin y\u00f6netim bilimine katk\u0131s\u0131 ayr\u0131nt\u0131l\u0131 bir \u015fekilde sunulmaktad\u0131r. Bu kapsamda ki\u015fili\u011finden, eserlerine, olu\u015fturdu\u011fu teorilerden \u00f6rg\u00fcte, y\u00f6netime, verimlili\u011fe bak\u0131\u015f a\u00e7\u0131s\u0131na, liderlik anlay\u0131\u015f\u0131ndan gelecek \u00f6ng\u00f6r\u00fclerine kadar geni\u015f bir yelpazede bilgiler sunulmaktad\u0131r. \ufffcTan\u0131t\u0131m Metni<\/p>\n","protected":false},"excerpt":{"rendered":"<p>\u00c7al\u0131\u015fma 20 y\u00f6netim gurusunu i\u00e7erecek \u015fekilde 20 b\u00f6l\u00fcmden olu\u015fmaktad\u0131r. Her bir b\u00f6l\u00fcm\u00fcn ilk k\u0131sm\u0131nda ilgili y\u00f6netim gurusunun hayat hikayesi anlat\u0131lmakta, ikinci k\u0131s\u0131mda ise ki\u015finin y\u00f6netim bilimine<span class=\"excerpt-hellip\"> [\u2026]<\/span><\/p>\n","protected":false},"featured_media":0,"template":"","meta":{"_monsterinsights_skip_tracking":false,"_monsterinsights_sitenote_active":false,"_monsterinsights_sitenote_note":"","_monsterinsights_sitenote_category":0},"product_brand":[],"product_cat":[12573,12566],"product_tag":[],"class_list":{"0":"post-698271","1":"product","2":"type-product","3":"status-publish","5":"product_cat-akademik-kitaplar","6":"product_cat-egitim","7":"pa_cilt-ciltsiz","8":"pa_tur-kitap","9":"pa_yayinevi-gazi-kitabevi","10":"pa_yazar-mehmet-akif-ozer","12":"first","13":"instock","14":"sale","15":"shipping-taxable","16":"purchasable","17":"product-type-simple"},"_links":{"self":[{"href":"https:\/\/roveyayinevi.com.tr\/index.php\/wp-json\/wp\/v2\/product\/698271","targetHints":{"allow":["GET"]}}],"collection":[{"href":"https:\/\/roveyayinevi.com.tr\/index.php\/wp-json\/wp\/v2\/product"}],"about":[{"href":"https:\/\/roveyayinevi.com.tr\/index.php\/wp-json\/wp\/v2\/types\/product"}],"wp:attachment":[{"href":"https:\/\/roveyayinevi.com.tr\/index.php\/wp-json\/wp\/v2\/media?parent=698271"}],"wp:term":[{"taxonomy":"product_brand","embeddable":true,"href":"https:\/\/roveyayinevi.com.tr\/index.php\/wp-json\/wp\/v2\/product_brand?post=698271"},{"taxonomy":"product_cat","embeddable":true,"href":"https:\/\/roveyayinevi.com.tr\/index.php\/wp-json\/wp\/v2\/product_cat?post=698271"},{"taxonomy":"product_tag","embeddable":true,"href":"https:\/\/roveyayinevi.com.tr\/index.php\/wp-json\/wp\/v2\/product_tag?post=698271"}],"curies":[{"name":"wp","href":"https:\/\/api.w.org\/{rel}","templated":true}]}}