{"id":698261,"date":"2025-08-27T14:44:34","date_gmt":"2025-08-27T11:44:34","guid":{"rendered":"https:\/\/roveyayinevi.com.tr\/index.php\/urun\/ucretli-emek-ve-sermaye\/"},"modified":"2026-04-16T02:07:50","modified_gmt":"2026-04-15T23:07:50","slug":"ucretli-emek-ve-sermaye","status":"publish","type":"product","link":"https:\/\/roveyayinevi.com.tr\/index.php\/urun\/ucretli-emek-ve-sermaye\/","title":{"rendered":"\u00dccretli Emek ve Sermaye"},"content":{"rendered":"<p>Ba\u011f\u0131ms\u0131z Sosyal Bilimciler ayd\u0131nlatmaya devam ediyor&#8230; Korkut Boratav, Erin\u00e7 Yeldan, Oktar T\u00fcrel ve Galip Yalman\u2019\u0131n da aralar\u0131nda oldu\u011fu emekten yana sosyal bilimcilerden olu\u015fan Ba\u011f\u0131ms\u0131z Sosyal Bilimciler, \u00f6nceki \u00e7al\u0131\u015fmalar\u0131 gibi bu kitapta da ekonomik ve sosyal geli\u015fmeleri emek\u00e7iler a\u00e7\u0131s\u0131ndan yorumluyor. Ba\u011f\u0131ms\u0131z Sosyal Bilimciler\u2019in 17 yazar ve ara\u015ft\u0131rmac\u0131n\u0131n katk\u0131lar\u0131yla haz\u0131rlad\u0131\u011f\u0131 bu kolektif \u00fcr\u00fcn, 2000\u2019li y\u0131llardaki son ekonomik bunal\u0131ma gidi\u015f s\u00fcrecinde ve bunal\u0131m y\u0131llar\u0131nda T\u00fcrkiye\u2019de eme\u011fin durumu na odaklanmaktad\u0131r. Ekonomik ve siyasal olgular, bu durum de\u011ferlendirmesinin arka plan\u0131nda yer alm\u0131\u015ft\u0131r. On b\u00f6l\u00fcmden kurulu olan incelemenin birinci b\u00f6l\u00fcm\u00fc, 2000\u2019li y\u0131llar\u0131n b\u00fcy\u00fck durgunluk unu karakteristik \u00e7izgileriyle betimliyor. \u0130kinci b\u00f6l\u00fcmde k\u00fcresel kriz in giderek k\u00fcresel istihdam krizi ne d\u00f6n\u00fc\u015ft\u00fc\u011f\u00fc g\u00f6zleminden yola \u00e7\u0131k\u0131larak, istihdam yaratmayan b\u00fcy\u00fcme ile g\u00fcvencesiz\/enformal\/kay\u0131td\u0131\u015f\u0131 \u00e7al\u0131\u015fman\u0131n T\u00fcrkiye\u2019ye \u00f6zg\u00fc s\u00fcre\u00e7ler olmad\u0131\u011f\u0131na dikkat \u00e7ekiliyor. \u00dc\u00e7\u00fcnc\u00fc b\u00f6l\u00fcm, bunal\u0131m y\u0131llar\u0131nda T\u00fcrkiye\u2019de verimlilik ve b\u00f6l\u00fc\u015f\u00fcm ili\u015fkilerine ayr\u0131lm\u0131\u015f, bu b\u00f6l\u00fcmde Marksgil art\u0131k de\u011fer ve k\u00e2r oranlar\u0131n\u0131n 1988 sonras\u0131ndaki seyri irdelenmi\u015ftir. D\u00f6rd\u00fcnc\u00fc b\u00f6l\u00fcm, T\u00fcrkiye\u2019nin \u00e7al\u0131\u015fan kesimlerine ili\u015fkin bir durum saptamas\u0131d\u0131r. Be\u015finci b\u00f6l\u00fcmde eme\u011fin uluslararas\u0131 hukuktaki konumundan yola \u00e7\u0131k\u0131larak, T\u00fcrkiye\u2019de \u00e7al\u0131\u015fma hayat\u0131n\u0131 d\u00fczenleyen mevzuat, \u00e7al\u0131\u015fanlar\u0131n sendikal haklar\u0131 ve sendikala\u015fma d\u00fczeyine ili\u015fkin g\u00f6zlem ve de\u011ferlendirmeler sunulmaktad\u0131r. Alt\u0131nc\u0131 b\u00f6l\u00fcmde yer alan anlat\u0131, TEKEL i\u015f\u00e7ilerinin (T\u00fcrkiye\u2019de i\u015f\u00e7i s\u0131n\u0131f\u0131 hareketinin yeni bir y\u00fckseli\u015fini simgeleyen) 2009-10 direni\u015fi ve bunun \u00f6nc\u00fclleri \u00fczerine kurulmu\u015ftur. 2000\u2019li y\u0131llar\u0131n giderek tar\u0131mda k\u00fc\u00e7\u00fck \u00fcreticili\u011fin tasfiyesine ve tar\u0131m emek\u00e7ilerinin yoksulla\u015fmas\u0131na varaca\u011f\u0131 anla\u015f\u0131lan siyasal ve kurumsal d\u00fczenlemeleri Yedinci b\u00f6l\u00fcmde ele al\u0131nmaktad\u0131r. Sekizinci b\u00f6l\u00fcmde, 2000\u2019li y\u0131llarda uygulanmas\u0131na ge\u00e7ilen Sa\u011fl\u0131kta D\u00f6n\u00fc\u015f\u00fcm Program\u0131\u2019n\u0131n ele\u015ftirel bir de\u011ferlendirmesi yap\u0131lmaktad\u0131r. Dokuzuncu b\u00f6l\u00fcmde 2009-11 T\u00fcrkiye\u2019sindeki makroekonomik geli\u015fmeler, \u00f6demeler dengesi ve kamu maliyesi ba\u011flam\u0131nda g\u00f6zden ge\u00e7irilmi\u015f, 2008-9\u2019daki has\u0131la ve istihdam kay\u0131plar\u0131n\u0131n b\u00fcy\u00fckl\u00fc\u011f\u00fc ile 2010 toparlanma s\u0131n\u0131n k\u0131r\u0131lganl\u0131\u011f\u0131 ve s\u00fcrd\u00fcr\u00fclemezli\u011fi vurgulanm\u0131\u015ft\u0131r. \u0130ncelemeyi sonu\u00e7land\u0131r\u0131c\u0131 paragraflar, Onuncu b\u00f6l\u00fcm\u00fc olu\u015fturmaktad\u0131r. \ufffcTan\u0131t\u0131m Metni<\/p>\n","protected":false},"excerpt":{"rendered":"<p>Ba\u011f\u0131ms\u0131z Sosyal Bilimciler ayd\u0131nlatmaya devam ediyor&#8230; Korkut Boratav, Erin\u00e7 Yeldan, Oktar T\u00fcrel ve Galip Yalman\u2019\u0131n da aralar\u0131nda oldu\u011fu emekten yana sosyal bilimcilerden olu\u015fan Ba\u011f\u0131ms\u0131z Sosyal Bilimciler,<span class=\"excerpt-hellip\"> [\u2026]<\/span><\/p>\n","protected":false},"featured_media":0,"template":"","meta":{"_monsterinsights_skip_tracking":false,"_monsterinsights_sitenote_active":false,"_monsterinsights_sitenote_note":"","_monsterinsights_sitenote_category":0},"product_brand":[],"product_cat":[13590,12337],"product_tag":[],"class_list":{"0":"post-698261","1":"product","2":"type-product","3":"status-publish","5":"product_cat-arastirma-inceleme-politika-siyaset","6":"product_cat-politika-siyaset","7":"pa_cilt-ciltsiz","8":"pa_tur-kitap","9":"pa_yayinevi-yordam-kitap","10":"pa_yazar-kolektif","12":"first","13":"instock","14":"sale","15":"shipping-taxable","16":"purchasable","17":"product-type-simple"},"_links":{"self":[{"href":"https:\/\/roveyayinevi.com.tr\/index.php\/wp-json\/wp\/v2\/product\/698261","targetHints":{"allow":["GET"]}}],"collection":[{"href":"https:\/\/roveyayinevi.com.tr\/index.php\/wp-json\/wp\/v2\/product"}],"about":[{"href":"https:\/\/roveyayinevi.com.tr\/index.php\/wp-json\/wp\/v2\/types\/product"}],"wp:attachment":[{"href":"https:\/\/roveyayinevi.com.tr\/index.php\/wp-json\/wp\/v2\/media?parent=698261"}],"wp:term":[{"taxonomy":"product_brand","embeddable":true,"href":"https:\/\/roveyayinevi.com.tr\/index.php\/wp-json\/wp\/v2\/product_brand?post=698261"},{"taxonomy":"product_cat","embeddable":true,"href":"https:\/\/roveyayinevi.com.tr\/index.php\/wp-json\/wp\/v2\/product_cat?post=698261"},{"taxonomy":"product_tag","embeddable":true,"href":"https:\/\/roveyayinevi.com.tr\/index.php\/wp-json\/wp\/v2\/product_tag?post=698261"}],"curies":[{"name":"wp","href":"https:\/\/api.w.org\/{rel}","templated":true}]}}