{"id":698260,"date":"2025-08-27T14:44:33","date_gmt":"2025-08-27T11:44:33","guid":{"rendered":"https:\/\/roveyayinevi.com.tr\/index.php\/urun\/tarihin-yapilari\/"},"modified":"2026-04-16T02:07:50","modified_gmt":"2026-04-15T23:07:50","slug":"tarihin-yapilari","status":"publish","type":"product","link":"https:\/\/roveyayinevi.com.tr\/index.php\/urun\/tarihin-yapilari\/","title":{"rendered":"Tarihin Yap\u0131lar\u0131"},"content":{"rendered":"<p>D\u00fcnyam\u0131z\u0131 nas\u0131l bir gelecek bekliyor? \u0130nsanl\u0131k m\u0131 yok olacak, yoksa bu yok olu\u015f s\u00fcrecinin mi sonu gelecek? Bizimkini izleyecek d\u00fcnya \u00fczerine neler s\u00f6yleyebiliriz? D\u00f6n\u00fc\u015f\u00fcm olanaklar\u0131 nelerdir? Marx\u2019\u0131n tarihsel &#8211; mant\u0131ki y\u00f6nteminin yard\u0131m\u0131yla tarihte, b\u00fct\u00fcn tarihsel s\u00fcre\u00e7lerin temelinde yatan yap\u0131lar buluyoruz. Bu kitap tarihsel materyalizme yo\u011fun bir giri\u015ftir. Kitapta diyalektik y\u00f6ntem de ayr\u0131nt\u0131l\u0131 olarak ele al\u0131n\u0131yor ve Marx\u2019\u0131n kulland\u0131\u011f\u0131 tarih\u00ee materyalist kavramlar\u0131 t\u00fcretmeye, tarih s\u00fcrecinin ana hatlar\u0131n\u0131 \u00e7izmeye ve \u015fimdiye kadarki toplum d\u00fczenlerinin birbirine nas\u0131l d\u00f6n\u00fc\u015ft\u00fc\u011f\u00fcn\u00fc incelemeye uygulan\u0131yor. Devrim ile barbarl\u0131k aras\u0131ndaki yap\u0131sal ili\u015fkiye \u0131\u015f\u0131k tutuluyor. \u0130ncelenen geli\u015fmeler yaln\u0131z tarih\u00ee de\u011fil, yeni arkeolojik ara\u015ft\u0131rmalardan \u00e7\u0131kan tarih \u00f6ncesi olaylara da dayal\u0131 olarak sunuluyor. Ayr\u0131ca otuzu a\u015fk\u0131n grafik ve tablo, kitab\u0131 daha kolay anla\u015f\u0131l\u0131r h\u00e2le getiriyor. \ufffcTan\u0131t\u0131m Metni<\/p>\n","protected":false},"excerpt":{"rendered":"<p>D\u00fcnyam\u0131z\u0131 nas\u0131l bir gelecek bekliyor? \u0130nsanl\u0131k m\u0131 yok olacak, yoksa bu yok olu\u015f s\u00fcrecinin mi sonu gelecek? Bizimkini izleyecek d\u00fcnya \u00fczerine neler s\u00f6yleyebiliriz? D\u00f6n\u00fc\u015f\u00fcm olanaklar\u0131 nelerdir?<span class=\"excerpt-hellip\"> [\u2026]<\/span><\/p>\n","protected":false},"featured_media":0,"template":"","meta":{"_monsterinsights_skip_tracking":false,"_monsterinsights_sitenote_active":false,"_monsterinsights_sitenote_note":"","_monsterinsights_sitenote_category":0},"product_brand":[],"product_cat":[12337,16547],"product_tag":[],"class_list":{"0":"post-698260","1":"product","2":"type-product","3":"status-publish","5":"product_cat-politika-siyaset","6":"product_cat-sol-hareketler","7":"pa_cilt-ciltsiz","8":"pa_tur-kitap","9":"pa_yayinevi-yordam-kitap","10":"pa_yazar-bernhard-brosius","12":"first","13":"instock","14":"sale","15":"shipping-taxable","16":"purchasable","17":"product-type-simple"},"_links":{"self":[{"href":"https:\/\/roveyayinevi.com.tr\/index.php\/wp-json\/wp\/v2\/product\/698260","targetHints":{"allow":["GET"]}}],"collection":[{"href":"https:\/\/roveyayinevi.com.tr\/index.php\/wp-json\/wp\/v2\/product"}],"about":[{"href":"https:\/\/roveyayinevi.com.tr\/index.php\/wp-json\/wp\/v2\/types\/product"}],"wp:attachment":[{"href":"https:\/\/roveyayinevi.com.tr\/index.php\/wp-json\/wp\/v2\/media?parent=698260"}],"wp:term":[{"taxonomy":"product_brand","embeddable":true,"href":"https:\/\/roveyayinevi.com.tr\/index.php\/wp-json\/wp\/v2\/product_brand?post=698260"},{"taxonomy":"product_cat","embeddable":true,"href":"https:\/\/roveyayinevi.com.tr\/index.php\/wp-json\/wp\/v2\/product_cat?post=698260"},{"taxonomy":"product_tag","embeddable":true,"href":"https:\/\/roveyayinevi.com.tr\/index.php\/wp-json\/wp\/v2\/product_tag?post=698260"}],"curies":[{"name":"wp","href":"https:\/\/api.w.org\/{rel}","templated":true}]}}