{"id":698258,"date":"2025-08-27T14:44:33","date_gmt":"2025-08-27T11:44:33","guid":{"rendered":"https:\/\/roveyayinevi.com.tr\/index.php\/urun\/pazarlik\/"},"modified":"2026-04-16T02:07:50","modified_gmt":"2026-04-15T23:07:50","slug":"pazarlik","status":"publish","type":"product","link":"https:\/\/roveyayinevi.com.tr\/index.php\/urun\/pazarlik\/","title":{"rendered":"Pazarl\u0131k"},"content":{"rendered":"<p>1890\u2019l\u0131 y\u0131llarda Yahudiler, Rusya ba\u015fta olmak \u00fczere Romanya ve Yunanistan\u2019da u\u011frad\u0131klar\u0131 bask\u0131lar y\u00fcz\u00fcnden bu \u00fclkeleri terk etmek zorunda kald\u0131lar. S\u0131\u011f\u0131nd\u0131klar\u0131 ilk \u00fclke ise Osmanl\u0131 Devleti oldu. D\u00f6nemin Padi\u015fah\u0131 II. Abd\u00fclhamid, ba\u015flang\u0131\u00e7ta insani nedenlerle Yahudilerin Filistin d\u0131\u015f\u0131ndaki Osmanl\u0131 vilayetlerine yerle\u015fmelerine izin verdi. Fakat Yahudiler \u2018vaad edilmi\u015f topraklar\u2019 olarak kabul ettikleri Filistin\u2019e yerle\u015fmek istiyorlard\u0131. II. Abd\u00fclhamid\u2019in saltanat\u0131 s\u00fcresince bu konuda yo\u011fun \u00e7abalar harcad\u0131lar. B\u00fct\u00fcn bu ili\u015fkiler a\u011f\u0131n\u0131n ne \u015fekilde \u00f6r\u00fcl\u00fcp nas\u0131l sonu\u00e7land\u0131\u011f\u0131n\u0131 elinizdeki kitab\u0131 okudu\u011funuzda \u00f6\u011frenebileceksiniz.<\/p>\n","protected":false},"excerpt":{"rendered":"<p>1890\u2019l\u0131 y\u0131llarda Yahudiler, Rusya ba\u015fta olmak \u00fczere Romanya ve Yunanistan\u2019da u\u011frad\u0131klar\u0131 bask\u0131lar y\u00fcz\u00fcnden bu \u00fclkeleri terk etmek zorunda kald\u0131lar. S\u0131\u011f\u0131nd\u0131klar\u0131 ilk \u00fclke ise Osmanl\u0131 Devleti oldu.<span class=\"excerpt-hellip\"> [\u2026]<\/span><\/p>\n","protected":false},"featured_media":0,"template":"","meta":{"_monsterinsights_skip_tracking":false,"_monsterinsights_sitenote_active":false,"_monsterinsights_sitenote_note":"","_monsterinsights_sitenote_category":0},"product_brand":[],"product_cat":[12304,13493],"product_tag":[],"class_list":{"0":"post-698258","1":"product","2":"type-product","3":"status-publish","5":"product_cat-tarih","6":"product_cat-turkiye-ve-cumhuriyet-tarihi","7":"pa_cilt-ciltsiz","8":"pa_tur-kitap","9":"pa_yayinevi-yeditepe-yayinevi","10":"pa_yazar-vahdettin-engin","12":"first","13":"instock","14":"sale","15":"shipping-taxable","16":"purchasable","17":"product-type-simple"},"_links":{"self":[{"href":"https:\/\/roveyayinevi.com.tr\/index.php\/wp-json\/wp\/v2\/product\/698258","targetHints":{"allow":["GET"]}}],"collection":[{"href":"https:\/\/roveyayinevi.com.tr\/index.php\/wp-json\/wp\/v2\/product"}],"about":[{"href":"https:\/\/roveyayinevi.com.tr\/index.php\/wp-json\/wp\/v2\/types\/product"}],"wp:attachment":[{"href":"https:\/\/roveyayinevi.com.tr\/index.php\/wp-json\/wp\/v2\/media?parent=698258"}],"wp:term":[{"taxonomy":"product_brand","embeddable":true,"href":"https:\/\/roveyayinevi.com.tr\/index.php\/wp-json\/wp\/v2\/product_brand?post=698258"},{"taxonomy":"product_cat","embeddable":true,"href":"https:\/\/roveyayinevi.com.tr\/index.php\/wp-json\/wp\/v2\/product_cat?post=698258"},{"taxonomy":"product_tag","embeddable":true,"href":"https:\/\/roveyayinevi.com.tr\/index.php\/wp-json\/wp\/v2\/product_tag?post=698258"}],"curies":[{"name":"wp","href":"https:\/\/api.w.org\/{rel}","templated":true}]}}