{"id":698248,"date":"2025-08-27T14:44:30","date_gmt":"2025-08-27T11:44:30","guid":{"rendered":"https:\/\/roveyayinevi.com.tr\/index.php\/urun\/karsilastirmali-siyasal-sistemler\/"},"modified":"2026-04-16T02:07:50","modified_gmt":"2026-04-15T23:07:50","slug":"karsilastirmali-siyasal-sistemler","status":"publish","type":"product","link":"https:\/\/roveyayinevi.com.tr\/index.php\/urun\/karsilastirmali-siyasal-sistemler\/","title":{"rendered":"Kar\u015f\u0131la\u015ft\u0131rmal\u0131 Siyasal Sistemler"},"content":{"rendered":"<p>Kar\u015f\u0131la\u015ft\u0131rmal\u0131 Siyasal Sistemler, i\u00e7erikte ekonomik davranma kayg\u0131s\u0131yla temel unsurlar\u0131 vurgulayarak aktarma kayg\u0131s\u0131n\u0131n iyi bir sentezi olarak ortaya konmu\u015f bir eser. Devletler ve sistemleri \u00fczerine teorik giri\u015fi takip eden b\u00f6l\u00fcmlerde Amerika Birle\u015fik Devletleri, \u0130ngiltere (Birle\u015fik Krall\u0131k), Fransa, Almanya ve \u0130ran \u00f6rnekleri \u00fczerinden konunun pratik boyutu da \u00e7ok kolay anla\u015f\u0131l\u0131r bir dil ve \u00fcsl\u00fbpla anlat\u0131lmakta. Temel konular\u0131 vurgularken okuru bitmek bilmeyen bir deryada y\u00fczd\u00fcrmek yerine ona okyanusun manzaras\u0131n\u0131 resmeden; merakl\u0131 okura bir harita ve pusula sunan Yayla\u2019n\u0131n bu \u00e7al\u0131\u015fmas\u0131, Kar\u015f\u0131la\u015ft\u0131rmal\u0131 Siyasal Sistemler dersi alan \u00f6\u011frencilerin yan\u0131 s\u0131ra devlet sistemlerinin ne oldu\u011funu ve ba\u015fl\u0131ca \u00fclke \u00f6rneklerinde nas\u0131l i\u015fledi\u011fini merak eden okur i\u00e7in temel bir giri\u015f kitab\u0131 h\u00fcviyetindedir. <\/p>\n","protected":false},"excerpt":{"rendered":"<p>Kar\u015f\u0131la\u015ft\u0131rmal\u0131 Siyasal Sistemler, i\u00e7erikte ekonomik davranma kayg\u0131s\u0131yla temel unsurlar\u0131 vurgulayarak aktarma kayg\u0131s\u0131n\u0131n iyi bir sentezi olarak ortaya konmu\u015f bir eser. Devletler ve sistemleri \u00fczerine teorik giri\u015fi<span class=\"excerpt-hellip\"> [\u2026]<\/span><\/p>\n","protected":false},"featured_media":0,"template":"","meta":{"_monsterinsights_skip_tracking":false,"_monsterinsights_sitenote_active":false,"_monsterinsights_sitenote_note":"","_monsterinsights_sitenote_category":0},"product_brand":[],"product_cat":[13590,12337],"product_tag":[],"class_list":{"0":"post-698248","1":"product","2":"type-product","3":"status-publish","5":"product_cat-arastirma-inceleme-politika-siyaset","6":"product_cat-politika-siyaset","7":"pa_cilt-ciltsiz","8":"pa_tur-kitap","9":"pa_yayinevi-adres-yayinlari","10":"pa_yazar-atilla-yayla","12":"first","13":"instock","14":"sale","15":"shipping-taxable","16":"purchasable","17":"product-type-simple"},"_links":{"self":[{"href":"https:\/\/roveyayinevi.com.tr\/index.php\/wp-json\/wp\/v2\/product\/698248","targetHints":{"allow":["GET"]}}],"collection":[{"href":"https:\/\/roveyayinevi.com.tr\/index.php\/wp-json\/wp\/v2\/product"}],"about":[{"href":"https:\/\/roveyayinevi.com.tr\/index.php\/wp-json\/wp\/v2\/types\/product"}],"wp:attachment":[{"href":"https:\/\/roveyayinevi.com.tr\/index.php\/wp-json\/wp\/v2\/media?parent=698248"}],"wp:term":[{"taxonomy":"product_brand","embeddable":true,"href":"https:\/\/roveyayinevi.com.tr\/index.php\/wp-json\/wp\/v2\/product_brand?post=698248"},{"taxonomy":"product_cat","embeddable":true,"href":"https:\/\/roveyayinevi.com.tr\/index.php\/wp-json\/wp\/v2\/product_cat?post=698248"},{"taxonomy":"product_tag","embeddable":true,"href":"https:\/\/roveyayinevi.com.tr\/index.php\/wp-json\/wp\/v2\/product_tag?post=698248"}],"curies":[{"name":"wp","href":"https:\/\/api.w.org\/{rel}","templated":true}]}}